{"id":2939,"date":"2023-11-01T11:44:42","date_gmt":"2023-11-01T10:44:42","guid":{"rendered":"https:\/\/etev7e.pef.czu.cz\/zs2223\/?post_type=product&#038;p=2939"},"modified":"2023-11-08T11:32:28","modified_gmt":"2023-11-08T10:32:28","slug":"funko-pop-jujutsu-kaisen-yuji-itadori-1111","status":"publish","type":"product","link":"https:\/\/etev7e.pef.czu.cz\/zs2223\/produkt\/funko-pop-jujutsu-kaisen-yuji-itadori-1111\/","title":{"rendered":"Funko POP Jujutsu Kaisen Yuji Itadori 1111"},"content":{"rendered":"<p>Sb\u011bratelsk\u00e1 vinylov\u00e1 figurka Funko POP<\/p>\n","protected":false},"excerpt":{"rendered":"<p>Funko POP figurka Jujutsu Kaisen Yuji Itadori je sb\u011bratelsk\u00fd p\u0159edm\u011bt inspirovan\u00fd popul\u00e1rn\u00edm anime Jujutsu Kaisen. Tato figurka zobrazuje hlavn\u00ed postavu Yujiho Itadoriho ve stylizovan\u00e9m designu Funko POP, zachycuj\u00edc\u00ed jeho charakteristick\u00fd vzhled a od\u011bv podle s\u00e9rie. Yuji Itadori je zn\u00e1m svou odvahou a s\u00edlou v boji proti proklet\u00fdm bytostem. Tato sb\u011bratelsk\u00e1 figurka je obl\u00edben\u00e1 mezi fanou\u0161ky Jujutsu Kaisen pro svou autenticitu a schopnost zachytit kl\u00ed\u010dovou postavu z tohoto popul\u00e1rn\u00edho anime.<\/p>\n<p>&nbsp;<\/p>\n","protected":false},"featured_media":2940,"comment_status":"open","ping_status":"closed","template":"","meta":[],"product_brand":[],"product_cat":[731],"product_tag":[1150,376,1149,903],"class_list":{"0":"post-2939","1":"product","2":"type-product","3":"status-publish","4":"has-post-thumbnail","6":"product_cat-sberatelske-figurky-funko","7":"product_tag-akcni-figurky","8":"product_tag-hracky","9":"product_tag-sberatelske-figurky","10":"product_tag-zabava","12":"first","13":"instock","14":"taxable","15":"shipping-taxable","16":"purchasable","17":"product-type-simple"},"jetpack_sharing_enabled":true,"_links":{"self":[{"href":"https:\/\/etev7e.pef.czu.cz\/zs2223\/wp-json\/wp\/v2\/product\/2939","targetHints":{"allow":["GET"]}}],"collection":[{"href":"https:\/\/etev7e.pef.czu.cz\/zs2223\/wp-json\/wp\/v2\/product"}],"about":[{"href":"https:\/\/etev7e.pef.czu.cz\/zs2223\/wp-json\/wp\/v2\/types\/product"}],"replies":[{"embeddable":true,"href":"https:\/\/etev7e.pef.czu.cz\/zs2223\/wp-json\/wp\/v2\/comments?post=2939"}],"wp:featuredmedia":[{"embeddable":true,"href":"https:\/\/etev7e.pef.czu.cz\/zs2223\/wp-json\/wp\/v2\/media\/2940"}],"wp:attachment":[{"href":"https:\/\/etev7e.pef.czu.cz\/zs2223\/wp-json\/wp\/v2\/media?parent=2939"}],"wp:term":[{"taxonomy":"product_brand","embeddable":true,"href":"https:\/\/etev7e.pef.czu.cz\/zs2223\/wp-json\/wp\/v2\/product_brand?post=2939"},{"taxonomy":"product_cat","embeddable":true,"href":"https:\/\/etev7e.pef.czu.cz\/zs2223\/wp-json\/wp\/v2\/product_cat?post=2939"},{"taxonomy":"product_tag","embeddable":true,"href":"https:\/\/etev7e.pef.czu.cz\/zs2223\/wp-json\/wp\/v2\/product_tag?post=2939"}],"curies":[{"name":"wp","href":"https:\/\/api.w.org\/{rel}","templated":true}]}}