{"id":3000,"date":"2023-11-04T15:18:46","date_gmt":"2023-11-04T14:18:46","guid":{"rendered":"https:\/\/etev7e.pef.czu.cz\/zs2223\/?post_type=product&#038;p=3000"},"modified":"2023-11-04T15:18:46","modified_gmt":"2023-11-04T14:18:46","slug":"vonna-svicka-the-ritual-of-sakura","status":"publish","type":"product","link":"https:\/\/etev7e.pef.czu.cz\/zs2223\/produkt\/vonna-svicka-the-ritual-of-sakura\/","title":{"rendered":"Vonn\u00e1 sv\u00ed\u010dka The Ritual of Sakura"},"content":{"rendered":"<p>Vonn\u00e1 sv\u00ed\u010dka The Ritual of Sakura s\u00a0kr\u00e1snou jarn\u00ed kv\u011btinovou v\u016fn\u00ed a designov\u00fdm obalem provon\u00ed ka\u017ed\u00fd byt. Sv\u00ed\u010dka obsahuje \u0159epkov\u00fd vosk s jemnou a sladkou v\u016fn\u00ed r\u00fd\u017eov\u00e9ho ml\u00e9ka a t\u0159e\u0161\u0148ov\u00e9ho kv\u011btu.<\/p>\n","protected":false},"excerpt":{"rendered":"<p>Vonn\u00e1 sv\u00ed\u010dka The Ritual of Sakura s\u00a0kr\u00e1snou jarn\u00ed kv\u011btinovou v\u016fn\u00ed a designov\u00fdm obalem provon\u00ed ka\u017ed\u00fd byt. Sv\u00ed\u010dka obsahuje \u0159epkov\u00fd vosk s jemnou a sladkou v\u016fn\u00ed r\u00fd\u017eov\u00e9ho ml\u00e9ka a t\u0159e\u0161\u0148ov\u00e9ho kv\u011btu.<\/p>\n","protected":false},"featured_media":3001,"comment_status":"open","ping_status":"closed","template":"","meta":[],"product_brand":[],"product_cat":[753,754],"product_tag":[749,751,752,317],"class_list":{"0":"post-3000","1":"product","2":"type-product","3":"status-publish","4":"has-post-thumbnail","6":"product_cat-drogerie","7":"product_cat-svicky","8":"product_tag-dekorace-a-doplnky","9":"product_tag-svicky","10":"product_tag-vonne-svicky","11":"product_tag-vune","13":"first","14":"instock","15":"sale","16":"taxable","17":"shipping-taxable","18":"purchasable","19":"product-type-simple"},"jetpack_sharing_enabled":true,"_links":{"self":[{"href":"https:\/\/etev7e.pef.czu.cz\/zs2223\/wp-json\/wp\/v2\/product\/3000","targetHints":{"allow":["GET"]}}],"collection":[{"href":"https:\/\/etev7e.pef.czu.cz\/zs2223\/wp-json\/wp\/v2\/product"}],"about":[{"href":"https:\/\/etev7e.pef.czu.cz\/zs2223\/wp-json\/wp\/v2\/types\/product"}],"replies":[{"embeddable":true,"href":"https:\/\/etev7e.pef.czu.cz\/zs2223\/wp-json\/wp\/v2\/comments?post=3000"}],"wp:featuredmedia":[{"embeddable":true,"href":"https:\/\/etev7e.pef.czu.cz\/zs2223\/wp-json\/wp\/v2\/media\/3001"}],"wp:attachment":[{"href":"https:\/\/etev7e.pef.czu.cz\/zs2223\/wp-json\/wp\/v2\/media?parent=3000"}],"wp:term":[{"taxonomy":"product_brand","embeddable":true,"href":"https:\/\/etev7e.pef.czu.cz\/zs2223\/wp-json\/wp\/v2\/product_brand?post=3000"},{"taxonomy":"product_cat","embeddable":true,"href":"https:\/\/etev7e.pef.czu.cz\/zs2223\/wp-json\/wp\/v2\/product_cat?post=3000"},{"taxonomy":"product_tag","embeddable":true,"href":"https:\/\/etev7e.pef.czu.cz\/zs2223\/wp-json\/wp\/v2\/product_tag?post=3000"}],"curies":[{"name":"wp","href":"https:\/\/api.w.org\/{rel}","templated":true}]}}