{"id":3028,"date":"2023-11-04T17:15:56","date_gmt":"2023-11-04T16:15:56","guid":{"rendered":"https:\/\/etev7e.pef.czu.cz\/zs2223\/?post_type=product&#038;p=3028"},"modified":"2023-11-28T16:18:09","modified_gmt":"2023-11-28T15:18:09","slug":"vsude-kolem-cerny-les","status":"publish","type":"product","link":"https:\/\/etev7e.pef.czu.cz\/zs2223\/produkt\/vsude-kolem-cerny-les\/","title":{"rendered":"V\u0161ude kolem \u010dern\u00fd les"},"content":{"rendered":"<p>Lenora, hlavn\u00ed postava tohoto thrilleru, je \u00fasp\u011b\u0161n\u00e1 spisovatelka detektivek. Jednoho dne j\u00ed p\u0159ijde pozv\u00e1nka na rozlu\u010dku se svobodou \u2013 probl\u00e9m je, \u017ee se vd\u00e1v\u00e1 \u201eb\u00fdval\u00e1\u201c kamar\u00e1dka, s n\u00ed\u017e se Lenora u\u017e deset let nevid\u011bla, proto\u017ee se spolu neroze\u0161ly v dobr\u00e9m. P\u0159esto\u017ee na po\u010d\u00e1tku v\u00e1h\u00e1, nakonec se Nora rozhodne, \u017ee p\u0159ece jen pojede. Pak se ale stane n\u011bco, kv\u016fli \u010demu Nora skon\u010d\u00ed v nemocnici. Co se stalo? Pro\u010d jsou p\u0159ed jej\u00edm nemocni\u010dn\u00edm pokojem policist\u00e9 a pro\u010d mluv\u00ed o vra\u017ed\u011b? Kdo zem\u0159el? Kdo je vrahem? A jakou roli v tom hraje pr\u00e1v\u011b ona?<\/p>\n<ul id=\"yui_3_17_2_1_1699111671926_56\">\n<li>Autorka:\u00a0Ruth Ware<\/li>\n<li>Po\u010det stran:\u00a0352<\/li>\n<li>\u017d\u00e1nr: Sv\u011btov\u00e1 literatura, Thrillery<\/li>\n<li>Vyd\u00e1no:\u00a02016, Leda<\/li>\n<li>P\u0159eklad:\u00a0Vlasta Hesounov\u00e1<\/li>\n<li>Autor ob\u00e1lky:\u00a0Ond\u0159ej \u010cervenka<\/li>\n<li>EAN:\u00a09788073354244<\/li>\n<li>Vazba knihy:\u00a0pevn\u00e1 \/ v\u00e1zan\u00e1 s p\u0159ebalem<\/li>\n<li>ISBN:\u00a0978-80-7335-424-4<\/li>\n<li>Jazyk: \u010de\u0161tina<\/li>\n<\/ul>\n<p>&nbsp;<\/p>\n","protected":false},"excerpt":{"rendered":"<p>Detektivn\u00ed thriller V\u0161ude kolem \u010dern\u00fd les od Ruth Wareov\u00e9 ve v\u00e1zan\u00e9 vazb\u011b s p\u0159ebalem<\/p>\n","protected":false},"featured_media":3029,"comment_status":"open","ping_status":"closed","template":"","meta":[],"product_brand":[],"product_cat":[1148],"product_tag":[777,786,785,770,783,784],"class_list":{"0":"post-3028","1":"product","2":"type-product","3":"status-publish","4":"has-post-thumbnail","6":"product_cat-svetovaliteratura","7":"product_tag-britska-literatura","8":"product_tag-detektivka","9":"product_tag-minulost","10":"product_tag-thriller","11":"product_tag-vrazda","12":"product_tag-ztrata-pameti","14":"first","15":"instock","16":"sale","17":"taxable","18":"shipping-taxable","19":"purchasable","20":"product-type-simple"},"jetpack_sharing_enabled":true,"_links":{"self":[{"href":"https:\/\/etev7e.pef.czu.cz\/zs2223\/wp-json\/wp\/v2\/product\/3028","targetHints":{"allow":["GET"]}}],"collection":[{"href":"https:\/\/etev7e.pef.czu.cz\/zs2223\/wp-json\/wp\/v2\/product"}],"about":[{"href":"https:\/\/etev7e.pef.czu.cz\/zs2223\/wp-json\/wp\/v2\/types\/product"}],"replies":[{"embeddable":true,"href":"https:\/\/etev7e.pef.czu.cz\/zs2223\/wp-json\/wp\/v2\/comments?post=3028"}],"wp:featuredmedia":[{"embeddable":true,"href":"https:\/\/etev7e.pef.czu.cz\/zs2223\/wp-json\/wp\/v2\/media\/3029"}],"wp:attachment":[{"href":"https:\/\/etev7e.pef.czu.cz\/zs2223\/wp-json\/wp\/v2\/media?parent=3028"}],"wp:term":[{"taxonomy":"product_brand","embeddable":true,"href":"https:\/\/etev7e.pef.czu.cz\/zs2223\/wp-json\/wp\/v2\/product_brand?post=3028"},{"taxonomy":"product_cat","embeddable":true,"href":"https:\/\/etev7e.pef.czu.cz\/zs2223\/wp-json\/wp\/v2\/product_cat?post=3028"},{"taxonomy":"product_tag","embeddable":true,"href":"https:\/\/etev7e.pef.czu.cz\/zs2223\/wp-json\/wp\/v2\/product_tag?post=3028"}],"curies":[{"name":"wp","href":"https:\/\/api.w.org\/{rel}","templated":true}]}}