{"id":3039,"date":"2023-11-04T18:08:17","date_gmt":"2023-11-04T17:08:17","guid":{"rendered":"https:\/\/etev7e.pef.czu.cz\/zs2223\/?post_type=product&#038;p=3039"},"modified":"2023-11-04T18:08:17","modified_gmt":"2023-11-04T17:08:17","slug":"tlakovy-hrnec","status":"publish","type":"product","link":"https:\/\/etev7e.pef.czu.cz\/zs2223\/produkt\/tlakovy-hrnec\/","title":{"rendered":"Tlakov\u00fd hrnec"},"content":{"rendered":"<p>Va\u0159en\u00ed pod tlakem nikdy nebylo snadn\u011bj\u0161\u00ed, bezpe\u010dn\u011bj\u0161\u00ed a prakti\u010dt\u011bj\u0161\u00ed. Luxusn\u00ed tlakov\u00fd hrnec se \u010dty\u0159mi druhy pojistek v\u00e1m umo\u017en\u00ed va\u0159it r\u016fzn\u00e9 druhy potravin rychle a bez rizika rozva\u0159en\u00ed. Tlakov\u00fd hrnec snadno nastav\u00ed ide\u00e1ln\u00ed tlak pro p\u0159\u00edpravu j\u00eddla bez rizika rozva\u0159en\u00ed, ukazuje aktu\u00e1ln\u00ed tlak b\u011bhem va\u0159en\u00ed, m\u00e1 praktickou odm\u011b\u0159ovac\u00ed stupnici a umo\u017e\u0148uje otev\u0159en\u00ed v\u00edka jednou rukou bez pou\u017eit\u00ed s\u00edly.<\/p>\n","protected":false},"excerpt":{"rendered":"<p>Va\u0159\u00edc\u00ed hrnec funguj\u00edc\u00ed pod vysok\u00fdm tlakem k p\u0159\u00edprav\u011b r\u016fzn\u00fdch druh\u016f potravin.<\/p>\n","protected":false},"featured_media":3041,"comment_status":"open","ping_status":"closed","template":"","meta":[],"product_brand":[],"product_cat":[791],"product_tag":[800,799],"class_list":{"0":"post-3039","1":"product","2":"type-product","3":"status-publish","4":"has-post-thumbnail","6":"product_cat-kuchynske-potreby","7":"product_tag-papinak","8":"product_tag-varici-hrnec","10":"first","11":"instock","12":"sale","13":"taxable","14":"shipping-taxable","15":"purchasable","16":"product-type-simple"},"jetpack_sharing_enabled":true,"_links":{"self":[{"href":"https:\/\/etev7e.pef.czu.cz\/zs2223\/wp-json\/wp\/v2\/product\/3039","targetHints":{"allow":["GET"]}}],"collection":[{"href":"https:\/\/etev7e.pef.czu.cz\/zs2223\/wp-json\/wp\/v2\/product"}],"about":[{"href":"https:\/\/etev7e.pef.czu.cz\/zs2223\/wp-json\/wp\/v2\/types\/product"}],"replies":[{"embeddable":true,"href":"https:\/\/etev7e.pef.czu.cz\/zs2223\/wp-json\/wp\/v2\/comments?post=3039"}],"wp:featuredmedia":[{"embeddable":true,"href":"https:\/\/etev7e.pef.czu.cz\/zs2223\/wp-json\/wp\/v2\/media\/3041"}],"wp:attachment":[{"href":"https:\/\/etev7e.pef.czu.cz\/zs2223\/wp-json\/wp\/v2\/media?parent=3039"}],"wp:term":[{"taxonomy":"product_brand","embeddable":true,"href":"https:\/\/etev7e.pef.czu.cz\/zs2223\/wp-json\/wp\/v2\/product_brand?post=3039"},{"taxonomy":"product_cat","embeddable":true,"href":"https:\/\/etev7e.pef.czu.cz\/zs2223\/wp-json\/wp\/v2\/product_cat?post=3039"},{"taxonomy":"product_tag","embeddable":true,"href":"https:\/\/etev7e.pef.czu.cz\/zs2223\/wp-json\/wp\/v2\/product_tag?post=3039"}],"curies":[{"name":"wp","href":"https:\/\/api.w.org\/{rel}","templated":true}]}}