{"id":3146,"date":"2023-11-05T11:02:39","date_gmt":"2023-11-05T10:02:39","guid":{"rendered":"https:\/\/etev7e.pef.czu.cz\/zs2223\/?post_type=product&#038;p=3146"},"modified":"2023-11-13T16:19:21","modified_gmt":"2023-11-13T15:19:21","slug":"zahradni-nuzky-fiskars","status":"publish","type":"product","link":"https:\/\/etev7e.pef.czu.cz\/zs2223\/produkt\/zahradni-nuzky-fiskars\/","title":{"rendered":"Zahradn\u00ed n\u016f\u017eky Fiskars"},"content":{"rendered":"<p>Fiskars zahradn\u00ed n\u016f\u017eky dvou\u010depelov\u00e9 jsou lehk\u00e9 do ruky a snadno pou\u017eiteln\u00e9. Jsou ide\u00e1ln\u00ed k zast\u0159ihov\u00e1n\u00ed stonk\u016f a tenk\u00fdch v\u011btv\u00ed. Precizn\u011b brou\u0161en\u00e1 a pln\u011b tvrzen\u00e1 \u010depel z\u016fst\u00e1v\u00e1 ostr\u00e1, zat\u00edmco povrch \u010depele odol\u00e1v\u00e1 rzi.<\/p>\n","protected":false},"excerpt":{"rendered":"<p>Lehk\u00e9 n\u016f\u017eky, kter\u00e9 dok\u00e1\u017e\u00ed zast\u0159ihnout jak\u00fdkoli typ d\u0159eva.<\/p>\n","protected":false},"featured_media":3147,"comment_status":"open","ping_status":"closed","template":"","meta":[],"product_brand":[],"product_cat":[823],"product_tag":[825,824,570],"class_list":{"0":"post-3146","1":"product","2":"type-product","3":"status-publish","4":"has-post-thumbnail","6":"product_cat-zahradni-naradi","7":"product_tag-jaro","8":"product_tag-podzim","9":"product_tag-zahrada","11":"first","12":"instock","13":"sale","14":"taxable","15":"shipping-taxable","16":"purchasable","17":"product-type-simple"},"jetpack_sharing_enabled":true,"_links":{"self":[{"href":"https:\/\/etev7e.pef.czu.cz\/zs2223\/wp-json\/wp\/v2\/product\/3146","targetHints":{"allow":["GET"]}}],"collection":[{"href":"https:\/\/etev7e.pef.czu.cz\/zs2223\/wp-json\/wp\/v2\/product"}],"about":[{"href":"https:\/\/etev7e.pef.czu.cz\/zs2223\/wp-json\/wp\/v2\/types\/product"}],"replies":[{"embeddable":true,"href":"https:\/\/etev7e.pef.czu.cz\/zs2223\/wp-json\/wp\/v2\/comments?post=3146"}],"wp:featuredmedia":[{"embeddable":true,"href":"https:\/\/etev7e.pef.czu.cz\/zs2223\/wp-json\/wp\/v2\/media\/3147"}],"wp:attachment":[{"href":"https:\/\/etev7e.pef.czu.cz\/zs2223\/wp-json\/wp\/v2\/media?parent=3146"}],"wp:term":[{"taxonomy":"product_brand","embeddable":true,"href":"https:\/\/etev7e.pef.czu.cz\/zs2223\/wp-json\/wp\/v2\/product_brand?post=3146"},{"taxonomy":"product_cat","embeddable":true,"href":"https:\/\/etev7e.pef.czu.cz\/zs2223\/wp-json\/wp\/v2\/product_cat?post=3146"},{"taxonomy":"product_tag","embeddable":true,"href":"https:\/\/etev7e.pef.czu.cz\/zs2223\/wp-json\/wp\/v2\/product_tag?post=3146"}],"curies":[{"name":"wp","href":"https:\/\/api.w.org\/{rel}","templated":true}]}}