{"id":3154,"date":"2023-11-05T11:25:11","date_gmt":"2023-11-05T10:25:11","guid":{"rendered":"https:\/\/etev7e.pef.czu.cz\/zs2223\/?post_type=product&#038;p=3154"},"modified":"2023-11-05T11:35:23","modified_gmt":"2023-11-05T10:35:23","slug":"zahradni-konev-plastova","status":"publish","type":"product","link":"https:\/\/etev7e.pef.czu.cz\/zs2223\/produkt\/zahradni-konev-plastova\/","title":{"rendered":"Zahradn\u00ed konev plastov\u00e1"},"content":{"rendered":"<p>Zal\u00e9vac\u00ed konev s r\u016f\u017eic\u00ed z pevn\u00e9ho plastu v retro designu, kterou m\u016f\u017eete vyu\u017e\u00edt jak v interi\u00e9ru, tak exteri\u00e9ru.<\/p>\n","protected":false},"excerpt":{"rendered":"<p>Plastov\u00e1 konev na zal\u00e9v\u00e1n\u00ed rostlin, kter\u00e1 perfektn\u011b sedne do ruky.<\/p>\n","protected":false},"featured_media":3156,"comment_status":"open","ping_status":"closed","template":"","meta":[],"product_brand":[],"product_cat":[823],"product_tag":[825,842,824,796,570,843],"class_list":{"0":"post-3154","1":"product","2":"type-product","3":"status-publish","4":"has-post-thumbnail","6":"product_cat-zahradni-naradi","7":"product_tag-jaro","8":"product_tag-leto","9":"product_tag-podzim","10":"product_tag-vybaveni-domacnosti","11":"product_tag-zahrada","12":"product_tag-zima","14":"first","15":"instock","16":"sale","17":"taxable","18":"shipping-taxable","19":"purchasable","20":"product-type-variable"},"jetpack_sharing_enabled":true,"_links":{"self":[{"href":"https:\/\/etev7e.pef.czu.cz\/zs2223\/wp-json\/wp\/v2\/product\/3154","targetHints":{"allow":["GET"]}}],"collection":[{"href":"https:\/\/etev7e.pef.czu.cz\/zs2223\/wp-json\/wp\/v2\/product"}],"about":[{"href":"https:\/\/etev7e.pef.czu.cz\/zs2223\/wp-json\/wp\/v2\/types\/product"}],"replies":[{"embeddable":true,"href":"https:\/\/etev7e.pef.czu.cz\/zs2223\/wp-json\/wp\/v2\/comments?post=3154"}],"wp:featuredmedia":[{"embeddable":true,"href":"https:\/\/etev7e.pef.czu.cz\/zs2223\/wp-json\/wp\/v2\/media\/3156"}],"wp:attachment":[{"href":"https:\/\/etev7e.pef.czu.cz\/zs2223\/wp-json\/wp\/v2\/media?parent=3154"}],"wp:term":[{"taxonomy":"product_brand","embeddable":true,"href":"https:\/\/etev7e.pef.czu.cz\/zs2223\/wp-json\/wp\/v2\/product_brand?post=3154"},{"taxonomy":"product_cat","embeddable":true,"href":"https:\/\/etev7e.pef.czu.cz\/zs2223\/wp-json\/wp\/v2\/product_cat?post=3154"},{"taxonomy":"product_tag","embeddable":true,"href":"https:\/\/etev7e.pef.czu.cz\/zs2223\/wp-json\/wp\/v2\/product_tag?post=3154"}],"curies":[{"name":"wp","href":"https:\/\/api.w.org\/{rel}","templated":true}]}}