{"id":3164,"date":"2023-11-05T11:44:42","date_gmt":"2023-11-05T10:44:42","guid":{"rendered":"https:\/\/etev7e.pef.czu.cz\/zs2223\/?post_type=product&#038;p=3164"},"modified":"2023-11-06T20:40:37","modified_gmt":"2023-11-06T19:40:37","slug":"stolek","status":"publish","type":"product","link":"https:\/\/etev7e.pef.czu.cz\/zs2223\/produkt\/stolek\/","title":{"rendered":"Stolek"},"content":{"rendered":"<p>Hled\u00e1te st\u016fl, kter\u00fd zvl\u00e1dne stolov\u00e1n\u00ed v kempu, na pikniku nebo na pl\u00e1\u017ei? Jste tu spr\u00e1vn\u011b! Tento st\u016fl byl navr\u017een s ohledem na kvalitu a prakti\u010dnost, co\u017e z n\u011bj \u010din\u00ed nepostradateln\u00fd kousek pro v\u0161echny milovn\u00edky p\u0159\u00edrody. Je vyroben z odoln\u00fdch materi\u00e1l\u016f, kter\u00e9 zaji\u0161\u0165uj\u00ed stabilitu a trvanlivost, \u010d\u00edm\u017e je ide\u00e1ln\u00ed pro n\u00e1ro\u010dn\u00e9 venkovn\u00ed podm\u00ednky.<br \/>\nSkladateln\u00fd st\u016fl umo\u017e\u0148uje snadnou mont\u00e1\u017e a demont\u00e1\u017e, co\u017e usnad\u0148uje p\u0159en\u00e1\u0161en\u00ed a skladov\u00e1n\u00ed, co\u017e ho \u010din\u00ed ide\u00e1ln\u00ed volbou pro cestovatele. Tento st\u016fl je vhodn\u00fd pro r\u016fzn\u00e9 venkovn\u00ed aktivity, jako jsou kempov\u00e1n\u00ed, pikniky, ryba\u0159en\u00ed, pl\u00e1\u017ee, festivaly a mnoho dal\u0161\u00edch. Materi\u00e1ly odol\u00e1vaj\u00ed pov\u011btrnostn\u00edm vliv\u016fm a jsou snadno \u010distiteln\u00e9, co\u017e zaji\u0161\u0165uje dlouhou \u017eivotnost. S t\u00edmto stolkem m\u016f\u017eete snadno a pohodln\u011b u\u017e\u00edvat j\u00eddlo a relaxaci ve voln\u00e9 p\u0159\u00edrod\u011b, a\u0165 u\u017e jste na dobrodru\u017en\u00e9m v\u00fdletu nebo si u\u017e\u00edv\u00e1te pikniku na pl\u00e1\u017ei.<\/p>\n","protected":false},"excerpt":{"rendered":"<p>Velk\u00fd lamin\u00e1tov\u00fd stolek, ide\u00e1ln\u00ed pro kempov\u00e1n\u00ed na del\u0161\u00ed v\u00fdpravy a pro v\u011bt\u0161\u00ed skupinky nad\u0161enc\u016f. Pln\u011b nastaviteln\u00e9 nohy pro pou\u017eit\u00ed na nerovn\u00e9m ter\u00e9nu. Sklopn\u00fd ploch\u00fd tvar pro snadn\u00fd transport.<\/p>\n","protected":false},"featured_media":3152,"comment_status":"open","ping_status":"closed","template":"","meta":[],"product_brand":[],"product_cat":[829],"product_tag":[840,834,358,852],"class_list":{"0":"post-3164","1":"product","2":"type-product","3":"status-publish","4":"has-post-thumbnail","6":"product_cat-outdoor-vybaveni","7":"product_tag-kempingovy-nabytek","8":"product_tag-kempovani","9":"product_tag-stolovani","10":"product_tag-stoly","12":"first","13":"instock","14":"sale","15":"taxable","16":"shipping-taxable","17":"purchasable","18":"product-type-variable","19":"has-default-attributes"},"jetpack_sharing_enabled":true,"_links":{"self":[{"href":"https:\/\/etev7e.pef.czu.cz\/zs2223\/wp-json\/wp\/v2\/product\/3164","targetHints":{"allow":["GET"]}}],"collection":[{"href":"https:\/\/etev7e.pef.czu.cz\/zs2223\/wp-json\/wp\/v2\/product"}],"about":[{"href":"https:\/\/etev7e.pef.czu.cz\/zs2223\/wp-json\/wp\/v2\/types\/product"}],"replies":[{"embeddable":true,"href":"https:\/\/etev7e.pef.czu.cz\/zs2223\/wp-json\/wp\/v2\/comments?post=3164"}],"wp:featuredmedia":[{"embeddable":true,"href":"https:\/\/etev7e.pef.czu.cz\/zs2223\/wp-json\/wp\/v2\/media\/3152"}],"wp:attachment":[{"href":"https:\/\/etev7e.pef.czu.cz\/zs2223\/wp-json\/wp\/v2\/media?parent=3164"}],"wp:term":[{"taxonomy":"product_brand","embeddable":true,"href":"https:\/\/etev7e.pef.czu.cz\/zs2223\/wp-json\/wp\/v2\/product_brand?post=3164"},{"taxonomy":"product_cat","embeddable":true,"href":"https:\/\/etev7e.pef.czu.cz\/zs2223\/wp-json\/wp\/v2\/product_cat?post=3164"},{"taxonomy":"product_tag","embeddable":true,"href":"https:\/\/etev7e.pef.czu.cz\/zs2223\/wp-json\/wp\/v2\/product_tag?post=3164"}],"curies":[{"name":"wp","href":"https:\/\/api.w.org\/{rel}","templated":true}]}}