{"id":3206,"date":"2023-11-05T16:37:21","date_gmt":"2023-11-05T15:37:21","guid":{"rendered":"https:\/\/etev7e.pef.czu.cz\/zs2223\/?post_type=product&#038;p=3206"},"modified":"2023-11-05T17:04:03","modified_gmt":"2023-11-05T16:04:03","slug":"taska-batoh-na-notebook-15%e2%80%b3","status":"publish","type":"product","link":"https:\/\/etev7e.pef.czu.cz\/zs2223\/produkt\/taska-batoh-na-notebook-15%e2%80%b3\/","title":{"rendered":"Ta\u0161ka &#8211; batoh na notebook 15\u2033"},"content":{"rendered":"<p>Tato notebookov\u00e1 ta\u0161ka se vyzna\u010duje efektivn\u00edm designem a je vyrobena z odoln\u00e9ho polyesteru, kter\u00fd p\u0159e\u017eije n\u00e1ro\u010dn\u00e9 ka\u017edodenn\u00ed pou\u017e\u00edv\u00e1n\u00ed po mnoho let. Je vybavena prvky z vysoce kvalitn\u00edho kovu, co\u017e zaji\u0161\u0165uje dlouhou \u017eivotnost. P\u0159i pou\u017e\u00edv\u00e1n\u00ed ocen\u00edte polstrovanou rukoje\u0165 a snadno nastaviteln\u00fd ramenn\u00ed popruh, kter\u00fd p\u0159izp\u016fsob\u00edte podle sv\u00fdch pot\u0159eb. Tato bra\u0161na poskytuje maxim\u00e1ln\u00ed bezpe\u010dnost pro va\u0161i cennou elektroniku. Elegantn\u00ed design s nad\u010dasov\u00fdmi liniemi nab\u00edz\u00ed dostatek m\u00edsta pro uspo\u0159\u00e1d\u00e1n\u00ed osobn\u00edch v\u011bc\u00ed a psac\u00edch pot\u0159eb v p\u0159edn\u00ed kapse s \u0159adou \u00falo\u017en\u00fdch prostor\u016f.<\/p>\n","protected":false},"excerpt":{"rendered":"<p>Tato notebookov\u00e1 ta\u0161ka se vyzna\u010duje efektivn\u00edm designem a je vyrobena z odoln\u00e9ho polyesteru, kter\u00fd p\u0159e\u017eije n\u00e1ro\u010dn\u00e9 ka\u017edodenn\u00ed pou\u017e\u00edv\u00e1n\u00ed po mnoho let. Je vybavena prvky z vysoce kvalitn\u00edho kovu, co\u017e zaji\u0161\u0165uje dlouhou \u017eivotnost. P\u0159i pou\u017e\u00edv\u00e1n\u00ed ocen\u00edte polstrovanou rukoje\u0165 a snadno nastaviteln\u00fd ramenn\u00ed popruh, kter\u00fd p\u0159izp\u016fsob\u00edte podle sv\u00fdch pot\u0159eb. Tato bra\u0161na poskytuje maxim\u00e1ln\u00ed bezpe\u010dnost pro va\u0161i cennou [&hellip;]<\/p>\n","protected":false},"featured_media":3205,"comment_status":"open","ping_status":"closed","template":"","meta":[],"product_brand":[],"product_cat":[875],"product_tag":[881,885,884,883,880,882],"class_list":{"0":"post-3206","1":"product","2":"type-product","3":"status-publish","4":"has-post-thumbnail","6":"product_cat-obaly-na-mobilni-telefony-tablety-a-notebooky","7":"product_tag-batohy","8":"product_tag-obal","9":"product_tag-pouzdro","10":"product_tag-pouzdro-na-notebook","11":"product_tag-tasky","12":"product_tag-tasky-na-notebook","14":"first","15":"instock","16":"sale","17":"taxable","18":"shipping-taxable","19":"purchasable","20":"product-type-variable"},"jetpack_sharing_enabled":true,"_links":{"self":[{"href":"https:\/\/etev7e.pef.czu.cz\/zs2223\/wp-json\/wp\/v2\/product\/3206","targetHints":{"allow":["GET"]}}],"collection":[{"href":"https:\/\/etev7e.pef.czu.cz\/zs2223\/wp-json\/wp\/v2\/product"}],"about":[{"href":"https:\/\/etev7e.pef.czu.cz\/zs2223\/wp-json\/wp\/v2\/types\/product"}],"replies":[{"embeddable":true,"href":"https:\/\/etev7e.pef.czu.cz\/zs2223\/wp-json\/wp\/v2\/comments?post=3206"}],"wp:featuredmedia":[{"embeddable":true,"href":"https:\/\/etev7e.pef.czu.cz\/zs2223\/wp-json\/wp\/v2\/media\/3205"}],"wp:attachment":[{"href":"https:\/\/etev7e.pef.czu.cz\/zs2223\/wp-json\/wp\/v2\/media?parent=3206"}],"wp:term":[{"taxonomy":"product_brand","embeddable":true,"href":"https:\/\/etev7e.pef.czu.cz\/zs2223\/wp-json\/wp\/v2\/product_brand?post=3206"},{"taxonomy":"product_cat","embeddable":true,"href":"https:\/\/etev7e.pef.czu.cz\/zs2223\/wp-json\/wp\/v2\/product_cat?post=3206"},{"taxonomy":"product_tag","embeddable":true,"href":"https:\/\/etev7e.pef.czu.cz\/zs2223\/wp-json\/wp\/v2\/product_tag?post=3206"}],"curies":[{"name":"wp","href":"https:\/\/api.w.org\/{rel}","templated":true}]}}