{"id":3246,"date":"2023-11-05T17:08:18","date_gmt":"2023-11-05T16:08:18","guid":{"rendered":"https:\/\/etev7e.pef.czu.cz\/zs2223\/?post_type=product&#038;p=3246"},"modified":"2023-11-05T17:08:41","modified_gmt":"2023-11-05T16:08:41","slug":"cire-ochranne-sklo-na-iphone","status":"publish","type":"product","link":"https:\/\/etev7e.pef.czu.cz\/zs2223\/produkt\/cire-ochranne-sklo-na-iphone\/","title":{"rendered":"\u010cir\u00e9 ochrann\u00e9 sklo na iPhone"},"content":{"rendered":"<p>\u010cir\u00e9 ochrann\u00e9 sklo pro iPhone je vyrobeno z odoln\u00e9ho a pr\u016fhledn\u00e9ho materi\u00e1lu, kter\u00fd zaji\u0161\u0165uje ochranu displeje va\u0161eho za\u0159\u00edzen\u00ed p\u0159ed po\u0161kr\u00e1b\u00e1n\u00edm, prasknut\u00edm a ne\u010distotami. Sklo m\u00e1 speci\u00e1ln\u00ed povrchovou \u00fapravu, kter\u00e1 zabra\u0148uje otisk\u016fm prst\u016f a zlep\u0161uje citlivost na dotyk. D\u00edky precizn\u00edmu zpracov\u00e1n\u00ed je snadn\u00e9 nan\u00e1\u0161et a odstra\u0148ovat.<\/p>\n","protected":false},"excerpt":{"rendered":"<p>\u010cir\u00e9 ochrann\u00e9 sklo pro iPhone je vyrobeno z odoln\u00e9ho a pr\u016fhledn\u00e9ho materi\u00e1lu, kter\u00fd zaji\u0161\u0165uje ochranu displeje va\u0161eho za\u0159\u00edzen\u00ed p\u0159ed po\u0161kr\u00e1b\u00e1n\u00edm, prasknut\u00edm a ne\u010distotami. Sklo m\u00e1 speci\u00e1ln\u00ed povrchovou \u00fapravu, kter\u00e1 zabra\u0148uje otisk\u016fm prst\u016f a zlep\u0161uje citlivost na dotyk. D\u00edky precizn\u00edmu zpracov\u00e1n\u00ed je snadn\u00e9 nan\u00e1\u0161et a odstra\u0148ovat.<\/p>\n","protected":false},"featured_media":3250,"comment_status":"open","ping_status":"closed","template":"","meta":[],"product_brand":[],"product_cat":[875],"product_tag":[898,886,896,899,897],"class_list":{"0":"post-3246","1":"product","2":"type-product","3":"status-publish","4":"has-post-thumbnail","6":"product_cat-obaly-na-mobilni-telefony-tablety-a-notebooky","7":"product_tag-cire-sklo","8":"product_tag-iphone-prislusenstvi","9":"product_tag-ochrana-displeje","10":"product_tag-ochranne-sklo","11":"product_tag-pruhledne-sklo","13":"first","14":"instock","15":"sale","16":"taxable","17":"shipping-taxable","18":"purchasable","19":"product-type-variable"},"jetpack_sharing_enabled":true,"_links":{"self":[{"href":"https:\/\/etev7e.pef.czu.cz\/zs2223\/wp-json\/wp\/v2\/product\/3246","targetHints":{"allow":["GET"]}}],"collection":[{"href":"https:\/\/etev7e.pef.czu.cz\/zs2223\/wp-json\/wp\/v2\/product"}],"about":[{"href":"https:\/\/etev7e.pef.czu.cz\/zs2223\/wp-json\/wp\/v2\/types\/product"}],"replies":[{"embeddable":true,"href":"https:\/\/etev7e.pef.czu.cz\/zs2223\/wp-json\/wp\/v2\/comments?post=3246"}],"wp:featuredmedia":[{"embeddable":true,"href":"https:\/\/etev7e.pef.czu.cz\/zs2223\/wp-json\/wp\/v2\/media\/3250"}],"wp:attachment":[{"href":"https:\/\/etev7e.pef.czu.cz\/zs2223\/wp-json\/wp\/v2\/media?parent=3246"}],"wp:term":[{"taxonomy":"product_brand","embeddable":true,"href":"https:\/\/etev7e.pef.czu.cz\/zs2223\/wp-json\/wp\/v2\/product_brand?post=3246"},{"taxonomy":"product_cat","embeddable":true,"href":"https:\/\/etev7e.pef.czu.cz\/zs2223\/wp-json\/wp\/v2\/product_cat?post=3246"},{"taxonomy":"product_tag","embeddable":true,"href":"https:\/\/etev7e.pef.czu.cz\/zs2223\/wp-json\/wp\/v2\/product_tag?post=3246"}],"curies":[{"name":"wp","href":"https:\/\/api.w.org\/{rel}","templated":true}]}}