{"id":3305,"date":"2023-11-05T21:03:35","date_gmt":"2023-11-05T20:03:35","guid":{"rendered":"https:\/\/etev7e.pef.czu.cz\/zs2223\/?post_type=product&#038;p=3305"},"modified":"2023-11-05T21:03:36","modified_gmt":"2023-11-05T20:03:36","slug":"vanilkovy-rohlicek","status":"publish","type":"product","link":"https:\/\/etev7e.pef.czu.cz\/zs2223\/produkt\/vanilkovy-rohlicek\/","title":{"rendered":"Vanilkov\u00fd rohl\u00ed\u010dek"},"content":{"rendered":"<p>P\u0159\u00edrodn\u00ed sojov\u00e1 sv\u00ed\u010dka o objemu 100 ml se specifickou jemnou v\u016fn\u00ed vanilkov\u00e9ho rohl\u00ed\u010dku. Tato v\u016fn\u011b v\u00e1m zaru\u010den\u011b navod\u00ed pocity bl\u00ed\u017e\u00edc\u00edch se V\u00e1noc a p\u0159\u00edjemn\u00e9 atmosf\u00e9ry. Sv\u00ed\u010dka je tvo\u0159ena d\u0159ev\u011bn\u00fdm knotem, sojov\u00fdm voskem a to v\u0161e je ulo\u017eeno v designov\u011b stylov\u00e9m plech\u00e1\u010dku.<\/p>\n","protected":false},"excerpt":{"rendered":"<p>P\u0159\u00edrodn\u00ed sojov\u00e1 sv\u00ed\u010dka o objemu 100 ml se specifickou jemnou v\u016fn\u00ed vanilkov\u00e9ho rohl\u00ed\u010dku.<\/p>\n","protected":false},"featured_media":3307,"comment_status":"open","ping_status":"closed","template":"","meta":[],"product_brand":[],"product_cat":[921],"product_tag":[924,283,923,925,752],"class_list":{"0":"post-3305","1":"product","2":"type-product","3":"status-publish","4":"has-post-thumbnail","6":"product_cat-prirodni-sojove-svicky","7":"product_tag-home-decor","8":"product_tag-prirodni","9":"product_tag-sojove","10":"product_tag-vanoce","11":"product_tag-vonne-svicky","13":"first","14":"instock","15":"taxable","16":"shipping-taxable","17":"purchasable","18":"product-type-simple"},"jetpack_sharing_enabled":true,"_links":{"self":[{"href":"https:\/\/etev7e.pef.czu.cz\/zs2223\/wp-json\/wp\/v2\/product\/3305","targetHints":{"allow":["GET"]}}],"collection":[{"href":"https:\/\/etev7e.pef.czu.cz\/zs2223\/wp-json\/wp\/v2\/product"}],"about":[{"href":"https:\/\/etev7e.pef.czu.cz\/zs2223\/wp-json\/wp\/v2\/types\/product"}],"replies":[{"embeddable":true,"href":"https:\/\/etev7e.pef.czu.cz\/zs2223\/wp-json\/wp\/v2\/comments?post=3305"}],"wp:featuredmedia":[{"embeddable":true,"href":"https:\/\/etev7e.pef.czu.cz\/zs2223\/wp-json\/wp\/v2\/media\/3307"}],"wp:attachment":[{"href":"https:\/\/etev7e.pef.czu.cz\/zs2223\/wp-json\/wp\/v2\/media?parent=3305"}],"wp:term":[{"taxonomy":"product_brand","embeddable":true,"href":"https:\/\/etev7e.pef.czu.cz\/zs2223\/wp-json\/wp\/v2\/product_brand?post=3305"},{"taxonomy":"product_cat","embeddable":true,"href":"https:\/\/etev7e.pef.czu.cz\/zs2223\/wp-json\/wp\/v2\/product_cat?post=3305"},{"taxonomy":"product_tag","embeddable":true,"href":"https:\/\/etev7e.pef.czu.cz\/zs2223\/wp-json\/wp\/v2\/product_tag?post=3305"}],"curies":[{"name":"wp","href":"https:\/\/api.w.org\/{rel}","templated":true}]}}