{"id":3316,"date":"2023-11-05T21:18:02","date_gmt":"2023-11-05T20:18:02","guid":{"rendered":"https:\/\/etev7e.pef.czu.cz\/zs2223\/?post_type=product&#038;p=3316"},"modified":"2023-11-05T21:18:02","modified_gmt":"2023-11-05T20:18:02","slug":"konvalinka","status":"publish","type":"product","link":"https:\/\/etev7e.pef.czu.cz\/zs2223\/produkt\/konvalinka\/","title":{"rendered":"Konvalinka"},"content":{"rendered":"<p>Ru\u010dn\u011b vyroben\u00e1 s\u00f3jov\u00e1 sv\u00ed\u010dka s d\u0159ev\u011bn\u00fdm knotem, kter\u00fd p\u0159irozen\u011b prask\u00e1 a p\u0159edstavuje v\u00fdjime\u010dn\u00fd z\u00e1\u017eitek pro Va\u0161e smysly. V\u016fn\u011b konvalinky, kter\u00e1 p\u0159i zap\u00e1len\u00ed vytvo\u0159\u00ed v m\u00edstnosti\u00a0 jedine\u010dnou atmosf\u00e9ru rozkvetl\u00e9ho jara a sv\u011b\u017e\u00edho l\u00e9ta. D\u00edky minimalistick\u00e9mu obalu je tak\u00e9 perfektn\u00ed dopln\u011bk do ka\u017ed\u00e9ho interi\u00e9ru.<\/p>\n","protected":false},"excerpt":{"rendered":"<p>Ru\u010dn\u011b vyroben\u00e1 s\u00f3jov\u00e1 sv\u00ed\u010dka s v\u016fn\u00ed konvalinky a d\u0159ev\u011bn\u00fdm knotem, kter\u00fd p\u0159irozen\u011b prask\u00e1 a p\u0159edstavuje v\u00fdjime\u010dn\u00fd z\u00e1\u017eitek pro Va\u0161e smysly.<\/p>\n","protected":false},"featured_media":3319,"comment_status":"open","ping_status":"closed","template":"","meta":[],"product_brand":[],"product_cat":[921],"product_tag":[924,926,283,923,752],"class_list":{"0":"post-3316","1":"product","2":"type-product","3":"status-publish","4":"has-post-thumbnail","6":"product_cat-prirodni-sojove-svicky","7":"product_tag-home-decor","8":"product_tag-kvetiny","9":"product_tag-prirodni","10":"product_tag-sojove","11":"product_tag-vonne-svicky","13":"first","14":"instock","15":"taxable","16":"shipping-taxable","17":"purchasable","18":"product-type-simple"},"jetpack_sharing_enabled":true,"_links":{"self":[{"href":"https:\/\/etev7e.pef.czu.cz\/zs2223\/wp-json\/wp\/v2\/product\/3316","targetHints":{"allow":["GET"]}}],"collection":[{"href":"https:\/\/etev7e.pef.czu.cz\/zs2223\/wp-json\/wp\/v2\/product"}],"about":[{"href":"https:\/\/etev7e.pef.czu.cz\/zs2223\/wp-json\/wp\/v2\/types\/product"}],"replies":[{"embeddable":true,"href":"https:\/\/etev7e.pef.czu.cz\/zs2223\/wp-json\/wp\/v2\/comments?post=3316"}],"wp:featuredmedia":[{"embeddable":true,"href":"https:\/\/etev7e.pef.czu.cz\/zs2223\/wp-json\/wp\/v2\/media\/3319"}],"wp:attachment":[{"href":"https:\/\/etev7e.pef.czu.cz\/zs2223\/wp-json\/wp\/v2\/media?parent=3316"}],"wp:term":[{"taxonomy":"product_brand","embeddable":true,"href":"https:\/\/etev7e.pef.czu.cz\/zs2223\/wp-json\/wp\/v2\/product_brand?post=3316"},{"taxonomy":"product_cat","embeddable":true,"href":"https:\/\/etev7e.pef.czu.cz\/zs2223\/wp-json\/wp\/v2\/product_cat?post=3316"},{"taxonomy":"product_tag","embeddable":true,"href":"https:\/\/etev7e.pef.czu.cz\/zs2223\/wp-json\/wp\/v2\/product_tag?post=3316"}],"curies":[{"name":"wp","href":"https:\/\/api.w.org\/{rel}","templated":true}]}}