{"id":3320,"date":"2023-11-05T21:22:25","date_gmt":"2023-11-05T20:22:25","guid":{"rendered":"https:\/\/etev7e.pef.czu.cz\/zs2223\/?post_type=product&#038;p=3320"},"modified":"2023-11-05T21:22:25","modified_gmt":"2023-11-05T20:22:25","slug":"nevonna-nevinna","status":"publish","type":"product","link":"https:\/\/etev7e.pef.czu.cz\/zs2223\/produkt\/nevonna-nevinna\/","title":{"rendered":"Nevonn\u00e1\/nevinn\u00e1"},"content":{"rendered":"<p>Sv\u00ed\u010dka, kter\u00e1 neobsahuje vonn\u00fd olej.<br \/>\nPro\u010d zrovna sv\u00ed\u010dka bez v\u016fn\u011b?<br \/>\nM\u00e1te r\u00e1di, kdy\u017e si p\u0159i dlouh\u00e9m ve\u010deru zap\u00e1l\u00edte v\u00edce sv\u00ed\u010dek najednou, kter\u00e9 V\u00e1m rozz\u00e1\u0159\u00ed m\u00edstnost? M\u00e1me pro V\u00e1s \u0159e\u0161en\u00ed! Nevonn\u00e1 sv\u00ed\u010dka neru\u0161\u00ed ostatn\u00ed vonn\u00e9 sv\u00ed\u010dky a tak m\u016f\u017eete m\u00edt zap\u00e1len\u00fdch i v\u00edce sv\u00ed\u010dek najednou. Pr\u00e1v\u011b proto jedna vonn\u00e1 sta\u010d\u00ed, zbytek rozz\u00e1\u0159\u00edte nevonnou\/nevinnou.<br \/>\nTuto sv\u00ed\u010dku ocen\u00ed nap\u0159\u00edklad i rodi\u010de, kte\u0159\u00ed necht\u011bj\u00ed p\u00e1lit vonn\u00e9 sv\u00ed\u010dky p\u0159ed mal\u00fdmi d\u011btmi.<\/p>\n","protected":false},"excerpt":{"rendered":"<p>Sv\u00ed\u010dka, kter\u00e1 neobsahuje vonn\u00fd olej.<\/p>\n","protected":false},"featured_media":3323,"comment_status":"open","ping_status":"closed","template":"","meta":[],"product_brand":[],"product_cat":[921],"product_tag":[932,924,283,923,751],"class_list":{"0":"post-3320","1":"product","2":"type-product","3":"status-publish","4":"has-post-thumbnail","6":"product_cat-prirodni-sojove-svicky","7":"product_tag-bez-parfemace","8":"product_tag-home-decor","9":"product_tag-prirodni","10":"product_tag-sojove","11":"product_tag-svicky","13":"first","14":"instock","15":"taxable","16":"shipping-taxable","17":"purchasable","18":"product-type-simple"},"jetpack_sharing_enabled":true,"_links":{"self":[{"href":"https:\/\/etev7e.pef.czu.cz\/zs2223\/wp-json\/wp\/v2\/product\/3320","targetHints":{"allow":["GET"]}}],"collection":[{"href":"https:\/\/etev7e.pef.czu.cz\/zs2223\/wp-json\/wp\/v2\/product"}],"about":[{"href":"https:\/\/etev7e.pef.czu.cz\/zs2223\/wp-json\/wp\/v2\/types\/product"}],"replies":[{"embeddable":true,"href":"https:\/\/etev7e.pef.czu.cz\/zs2223\/wp-json\/wp\/v2\/comments?post=3320"}],"wp:featuredmedia":[{"embeddable":true,"href":"https:\/\/etev7e.pef.czu.cz\/zs2223\/wp-json\/wp\/v2\/media\/3323"}],"wp:attachment":[{"href":"https:\/\/etev7e.pef.czu.cz\/zs2223\/wp-json\/wp\/v2\/media?parent=3320"}],"wp:term":[{"taxonomy":"product_brand","embeddable":true,"href":"https:\/\/etev7e.pef.czu.cz\/zs2223\/wp-json\/wp\/v2\/product_brand?post=3320"},{"taxonomy":"product_cat","embeddable":true,"href":"https:\/\/etev7e.pef.czu.cz\/zs2223\/wp-json\/wp\/v2\/product_cat?post=3320"},{"taxonomy":"product_tag","embeddable":true,"href":"https:\/\/etev7e.pef.czu.cz\/zs2223\/wp-json\/wp\/v2\/product_tag?post=3320"}],"curies":[{"name":"wp","href":"https:\/\/api.w.org\/{rel}","templated":true}]}}