{"id":3352,"date":"2023-11-06T09:30:25","date_gmt":"2023-11-06T08:30:25","guid":{"rendered":"https:\/\/etev7e.pef.czu.cz\/zs2223\/?post_type=product&#038;p=3352"},"modified":"2023-11-08T09:21:19","modified_gmt":"2023-11-08T08:21:19","slug":"naramek-z-achatu-cerveny","status":"publish","type":"product","link":"https:\/\/etev7e.pef.czu.cz\/zs2223\/produkt\/naramek-z-achatu-cerveny\/","title":{"rendered":"N\u00e1ramek z ach\u00e1tu \u010derven\u00fd"},"content":{"rendered":"<ul id=\"yui_3_17_2_1_1699254880879_42\">\n<li>\u0160perky s ach\u00e1tem jsou velmi obl\u00edben\u00e9 pro svou origin\u00e1ln\u00ed kresbu. \u010cerven\u00fd ach\u00e1t se naz\u00fdv\u00e1 tak\u00e9 jako kamen vytrvalosti. Ach\u00e1tov\u00e9 n\u00e1ramky\u00a0jsou zaj\u00edmav\u00e9 sv\u00fdm zbarven\u00edm a rozli\u0161uj\u00ed se podle barev, charakteru a l\u00e9\u010debn\u00fdch \u00fa\u010dink\u016f. \u010cerven\u00fd ach\u00e1t pom\u00e1h\u00e1 k soust\u0159e\u010fov\u00e1n\u00ed a stabilizaci \u017eivotn\u00ed energie. Podporuje koncentraci, logiku a \u010dinorodost. Pom\u00e1h\u00e1 p\u0159ekon\u00e1vat negativn\u00ed pocity a ho\u0159kost. L\u00e9\u010d\u00ed vnit\u0159n\u00ed zlobu, posiluje l\u00e1sku a dobrou n\u00e1ladu. Ach\u00e1t se hod\u00ed ke\u00a0znamen\u00ed zv\u011brokruhu b\u00fdk, kter\u00e9mu klidn\u00ed v\u00fdbu\u0161nost a nervozitu,\u00a0\u0161t\u00ed\u0159i\u00a0p\u0159i du\u0161evn\u00ed nerovnov\u00e1ze.\u00a0N\u00e1ramek z ach\u00e1tu\u00a0je samoz\u0159ejm\u011b vhodn\u00fd pro v\u0161echna znamen\u00ed zv\u011brokruhu pro navozen\u00ed t\u011blesn\u00e9 a du\u0161evn\u00ed rovnov\u00e1hy.<\/li>\n<\/ul>\n","protected":false},"excerpt":{"rendered":"<p>\u0160perky s \u010derven\u00fdm ach\u00e1tem jsou obl\u00edben\u00e9 pro sv\u00e9 origin\u00e1ln\u00ed vzory a l\u00e9\u010debn\u00e9 \u00fa\u010dinky. Tyto n\u00e1ramky pom\u00e1haj\u00ed soust\u0159edit energii, podporuj\u00ed koncentraci a emocion\u00e1ln\u00ed stabilitu.<\/p>\n","protected":false},"featured_media":3364,"comment_status":"open","ping_status":"closed","template":"","meta":[],"product_brand":[],"product_cat":[933],"product_tag":[237,937,716,797],"class_list":{"0":"post-3352","1":"product","2":"type-product","3":"status-publish","4":"has-post-thumbnail","6":"product_cat-sperky","7":"product_tag-doplnky","8":"product_tag-naramky","9":"product_tag-premiova-kvalita","10":"product_tag-sperky","12":"first","13":"instock","14":"sale","15":"taxable","16":"shipping-taxable","17":"purchasable","18":"product-type-simple"},"jetpack_sharing_enabled":true,"_links":{"self":[{"href":"https:\/\/etev7e.pef.czu.cz\/zs2223\/wp-json\/wp\/v2\/product\/3352","targetHints":{"allow":["GET"]}}],"collection":[{"href":"https:\/\/etev7e.pef.czu.cz\/zs2223\/wp-json\/wp\/v2\/product"}],"about":[{"href":"https:\/\/etev7e.pef.czu.cz\/zs2223\/wp-json\/wp\/v2\/types\/product"}],"replies":[{"embeddable":true,"href":"https:\/\/etev7e.pef.czu.cz\/zs2223\/wp-json\/wp\/v2\/comments?post=3352"}],"wp:featuredmedia":[{"embeddable":true,"href":"https:\/\/etev7e.pef.czu.cz\/zs2223\/wp-json\/wp\/v2\/media\/3364"}],"wp:attachment":[{"href":"https:\/\/etev7e.pef.czu.cz\/zs2223\/wp-json\/wp\/v2\/media?parent=3352"}],"wp:term":[{"taxonomy":"product_brand","embeddable":true,"href":"https:\/\/etev7e.pef.czu.cz\/zs2223\/wp-json\/wp\/v2\/product_brand?post=3352"},{"taxonomy":"product_cat","embeddable":true,"href":"https:\/\/etev7e.pef.czu.cz\/zs2223\/wp-json\/wp\/v2\/product_cat?post=3352"},{"taxonomy":"product_tag","embeddable":true,"href":"https:\/\/etev7e.pef.czu.cz\/zs2223\/wp-json\/wp\/v2\/product_tag?post=3352"}],"curies":[{"name":"wp","href":"https:\/\/api.w.org\/{rel}","templated":true}]}}