{"id":3382,"date":"2023-11-06T09:53:54","date_gmt":"2023-11-06T08:53:54","guid":{"rendered":"https:\/\/etev7e.pef.czu.cz\/zs2223\/?post_type=product&#038;p=3382"},"modified":"2023-11-06T14:05:49","modified_gmt":"2023-11-06T13:05:49","slug":"krem-na-telo-a-ruce","status":"publish","type":"product","link":"https:\/\/etev7e.pef.czu.cz\/zs2223\/produkt\/krem-na-telo-a-ruce\/","title":{"rendered":"Kr\u00e9m na t\u011blo a ruce"},"content":{"rendered":"<p>Vo\u0148av\u00fd a zvl\u00e1\u010d\u0148uj\u00edc\u00ed kr\u00e9m na ruce a ruce, kter\u00fd dop\u0159eje poko\u017ece dokonalou hydrataci a p\u00e9\u010di. N\u00e1dhern\u00fd d\u00e1rek pro va\u0161e bl\u00edzk\u00e9, kter\u00fd pot\u011b\u0161\u00ed designem i prakti\u010dnost\u00ed. Provon\u00ed va\u0161e dlan\u011b a t\u011blo t\u00f3ny sladk\u00e9 mandarinky a grepu.<\/p>\n<p>Objem: 500 ml<\/p>\n","protected":false},"excerpt":{"rendered":"<p>Kr\u00e9m na ruce a t\u011blo pro dokonalou hydrataci a p\u00e9\u010di.<\/p>\n","protected":false},"featured_media":3383,"comment_status":"open","ping_status":"closed","template":"","meta":[],"product_brand":[],"product_cat":[936],"product_tag":[866,954,942,869,953,941],"class_list":{"0":"post-3382","1":"product","2":"type-product","3":"status-publish","4":"has-post-thumbnail","6":"product_cat-pece-o-telo","7":"product_tag-hydratace","8":"product_tag-krem","9":"product_tag-pece","10":"product_tag-pece-o-telo","11":"product_tag-ruce","12":"product_tag-telo","14":"first","15":"instock","16":"taxable","17":"shipping-taxable","18":"purchasable","19":"product-type-simple"},"jetpack_sharing_enabled":true,"_links":{"self":[{"href":"https:\/\/etev7e.pef.czu.cz\/zs2223\/wp-json\/wp\/v2\/product\/3382","targetHints":{"allow":["GET"]}}],"collection":[{"href":"https:\/\/etev7e.pef.czu.cz\/zs2223\/wp-json\/wp\/v2\/product"}],"about":[{"href":"https:\/\/etev7e.pef.czu.cz\/zs2223\/wp-json\/wp\/v2\/types\/product"}],"replies":[{"embeddable":true,"href":"https:\/\/etev7e.pef.czu.cz\/zs2223\/wp-json\/wp\/v2\/comments?post=3382"}],"wp:featuredmedia":[{"embeddable":true,"href":"https:\/\/etev7e.pef.czu.cz\/zs2223\/wp-json\/wp\/v2\/media\/3383"}],"wp:attachment":[{"href":"https:\/\/etev7e.pef.czu.cz\/zs2223\/wp-json\/wp\/v2\/media?parent=3382"}],"wp:term":[{"taxonomy":"product_brand","embeddable":true,"href":"https:\/\/etev7e.pef.czu.cz\/zs2223\/wp-json\/wp\/v2\/product_brand?post=3382"},{"taxonomy":"product_cat","embeddable":true,"href":"https:\/\/etev7e.pef.czu.cz\/zs2223\/wp-json\/wp\/v2\/product_cat?post=3382"},{"taxonomy":"product_tag","embeddable":true,"href":"https:\/\/etev7e.pef.czu.cz\/zs2223\/wp-json\/wp\/v2\/product_tag?post=3382"}],"curies":[{"name":"wp","href":"https:\/\/api.w.org\/{rel}","templated":true}]}}