{"id":3398,"date":"2023-11-06T11:04:03","date_gmt":"2023-11-06T10:04:03","guid":{"rendered":"https:\/\/etev7e.pef.czu.cz\/zs2223\/?post_type=product&#038;p=3398"},"modified":"2023-11-08T09:14:16","modified_gmt":"2023-11-08T08:14:16","slug":"naramek-z-achatu-se-sovickami","status":"publish","type":"product","link":"https:\/\/etev7e.pef.czu.cz\/zs2223\/produkt\/naramek-z-achatu-se-sovickami\/","title":{"rendered":"N\u00e1ramek z ach\u00e1tu se sovi\u010dkami"},"content":{"rendered":"<ul id=\"yui_3_17_2_1_1699254880879_47\">\n<li>\u0160perky s ach\u00e1tem jsou velmi obl\u00edben\u00e9 pro svou origin\u00e1ln\u00ed kresbu. Modr\u00fd ach\u00e1t se naz\u00fdv\u00e1 tak\u00e9 jako k\u00e1men harmonie. Ach\u00e1tov\u00e9 n\u00e1ramky jsou zaj\u00edmav\u00e9 sv\u00fdm zbarven\u00edm a rozli\u0161uj\u00ed se podle barev, charakteru a l\u00e9\u010debn\u00fdch \u00fa\u010dink\u016f. Modr\u00fd ach\u00e1t je uklid\u0148uj\u00edc\u00ed k\u00e1men, kter\u00fd pom\u00e1h\u00e1 se zvl\u00e1d\u00e1n\u00edm stresu, nerv\u016f, zlosti, vypjat\u00fdch emoc\u00ed a nadm\u011brn\u011b aktivn\u00ed mysli. Jeho energetick\u00e9 \u00fa\u010dinky souvis\u00ed p\u0159edev\u0161\u00edm s elementem vody. Modr\u00fd ach\u00e1t je tak\u00e9 v\u00fdznamn\u00fdm zdrojem s\u00edly a opory. Dle star\u00fdch tradic l\u00e9\u010d\u00ed a tlum\u00ed bolesti krku (hrdla), kr\u010dn\u00ed p\u00e1te\u0159e, d\u00e1le tak\u00e9 pom\u00e1h\u00e1 s probl\u00e9my t\u00fdkaj\u00edc\u00ed se \u0161t\u00edtn\u00e9 \u017el\u00e1zy, lymfatick\u00fdch uzlin, ramen a tak\u00e9 slinivky b\u0159i\u0161n\u00ed. Ach\u00e1t se hod\u00ed ke znamen\u00ed zv\u011brokruhu b\u00fdk, kter\u00e9mu klidn\u00ed v\u00fdbu\u0161nost a nervozitu, \u0161t\u00ed\u0159i p\u0159i du\u0161evn\u00ed nerovnov\u00e1ze. N\u00e1ramek z ach\u00e1tu je samoz\u0159ejm\u011b vhodn\u00fd pro v\u0161echna znamen\u00ed zv\u011brokruhu pro navozen\u00ed t\u011blesn\u00e9 a du\u0161evn\u00ed rovnov\u00e1hy.<\/li>\n<\/ul>\n","protected":false},"excerpt":{"rendered":"<p>Modr\u00fd ach\u00e1t, k\u00e1men harmonie, je obl\u00edben\u00fd pro svou uklid\u0148uj\u00edc\u00ed povahu a l\u00e9\u010debn\u00e9 \u00fa\u010dinky na stres, emoce a fyzick\u00e9 pot\u00ed\u017ee. Jeho energie je spojena s prvkem vody a m\u016f\u017ee pomoci p\u0159i probl\u00e9mech s krkem, \u0161t\u00edtnou \u017el\u00e1zou a dal\u0161\u00edmi zdravotn\u00edmi obt\u00ed\u017eemi. Tento n\u00e1ramek z ach\u00e1tu je vhodn\u00fd pro v\u0161echna znamen\u00ed zv\u011brokruhu pro dosa\u017een\u00ed t\u011blesn\u00e9 a du\u0161evn\u00ed rovnov\u00e1hy.<\/p>\n","protected":false},"featured_media":3399,"comment_status":"open","ping_status":"closed","template":"","meta":[],"product_brand":[],"product_cat":[933],"product_tag":[237,937,716,956],"class_list":{"0":"post-3398","1":"product","2":"type-product","3":"status-publish","4":"has-post-thumbnail","6":"product_cat-sperky","7":"product_tag-doplnky","8":"product_tag-naramky","9":"product_tag-premiova-kvalita","10":"product_tag-sperk","12":"first","13":"instock","14":"sale","15":"taxable","16":"shipping-taxable","17":"purchasable","18":"product-type-simple"},"jetpack_sharing_enabled":true,"_links":{"self":[{"href":"https:\/\/etev7e.pef.czu.cz\/zs2223\/wp-json\/wp\/v2\/product\/3398","targetHints":{"allow":["GET"]}}],"collection":[{"href":"https:\/\/etev7e.pef.czu.cz\/zs2223\/wp-json\/wp\/v2\/product"}],"about":[{"href":"https:\/\/etev7e.pef.czu.cz\/zs2223\/wp-json\/wp\/v2\/types\/product"}],"replies":[{"embeddable":true,"href":"https:\/\/etev7e.pef.czu.cz\/zs2223\/wp-json\/wp\/v2\/comments?post=3398"}],"wp:featuredmedia":[{"embeddable":true,"href":"https:\/\/etev7e.pef.czu.cz\/zs2223\/wp-json\/wp\/v2\/media\/3399"}],"wp:attachment":[{"href":"https:\/\/etev7e.pef.czu.cz\/zs2223\/wp-json\/wp\/v2\/media?parent=3398"}],"wp:term":[{"taxonomy":"product_brand","embeddable":true,"href":"https:\/\/etev7e.pef.czu.cz\/zs2223\/wp-json\/wp\/v2\/product_brand?post=3398"},{"taxonomy":"product_cat","embeddable":true,"href":"https:\/\/etev7e.pef.czu.cz\/zs2223\/wp-json\/wp\/v2\/product_cat?post=3398"},{"taxonomy":"product_tag","embeddable":true,"href":"https:\/\/etev7e.pef.czu.cz\/zs2223\/wp-json\/wp\/v2\/product_tag?post=3398"}],"curies":[{"name":"wp","href":"https:\/\/api.w.org\/{rel}","templated":true}]}}