{"id":3403,"date":"2023-11-06T11:41:02","date_gmt":"2023-11-06T10:41:02","guid":{"rendered":"https:\/\/etev7e.pef.czu.cz\/zs2223\/?post_type=product&#038;p=3403"},"modified":"2023-11-06T11:53:31","modified_gmt":"2023-11-06T10:53:31","slug":"karcher-tycovy-vysavac-vc-6-cordless-premium-ourfamily","status":"publish","type":"product","link":"https:\/\/etev7e.pef.czu.cz\/zs2223\/produkt\/karcher-tycovy-vysavac-vc-6-cordless-premium-ourfamily\/","title":{"rendered":"K\u00e4rcher ty\u010dov\u00fd vysava\u010d VC 6 Cordless Premium Ourfamily"},"content":{"rendered":"<p>Vys\u00e1v\u00e1n\u00ed jde s bezs\u00e1\u010dkov\u00fdm AKU ty\u010dov\u00fdm vysava\u010dem VC 6 Cordless ourFamily jedna b\u00e1se\u0148. Nenechte se omezovat d\u00e9lkou kabelu a zastaral\u00fdmi technologiemi. Vys\u00e1vejte modern\u011b s pomoc\u00ed \u0161ikovn\u00fdch funkc\u00ed a dosahujte v\u017edy t\u00e9 nejvy\u0161\u0161\u00ed \u010distoty. Jeho hlavn\u00edmi p\u0159ednostmi jsou n\u00edzk\u00e1 hmotnost, snadn\u00e9 ovl\u00e1d\u00e1n\u00ed a ergonomick\u00fd tvar zaji\u0161\u0165uj\u00edc\u00ed vys\u00e1v\u00e1n\u00ed i v t\u011b\u017eko dostupn\u00fdch prostorech, kontroln\u00ed LED displej, funkce boost pro nav\u00fd\u0161en\u00ed v\u00fdkonu, ale i snadn\u00e9 vyprazd\u0148ov\u00e1n\u00ed na jedin\u00e9 kliknut\u00ed. Py\u0161n\u00ed se mimo jin\u00e9 tak\u00e9 designov\u00fdm LED osv\u011btlen\u00edm pro snadn\u011bj\u0161\u00ed detekci jemn\u00fdch ne\u010distot na podlaze, hygienick\u00fdm HEPA filtrem pro maxim\u00e1ln\u00ed \u010distotu vyfukovan\u00e9ho vzduchu a funkc\u00ed powerLock pro vys\u00e1v\u00e1n\u00ed bez nutnost neust\u00e1le stisknut\u00e9ho tla\u010d\u00edtka v\u00fdkonu. Disponuje siln\u00fdm motorem o v\u00fdkonu 250 W, kter\u00fd vydr\u017e\u00ed v provozu a\u017e 50 minut. D\u00edky n\u00e1hradn\u00ed baterii v\u0161ak tuto dobu prodlou\u017e\u00edte na dvojn\u00e1sobek. Sada nav\u00edc obsahuje tak\u00e9 n\u00e1stroj na snadn\u00e9 \u010dist\u011bn\u00ed filtru. P\u0159\u00edstroj po pou\u017eit\u00ed jednodu\u0161e zav\u011bs\u00edte na n\u00e1st\u011bnn\u00fd dr\u017e\u00e1k, kter\u00fd z\u00e1rove\u0148 funguje jako dob\u00edjec\u00ed stanice. Snadn\u011bj\u0161\u00ed u\u017e vys\u00e1v\u00e1n\u00ed ani b\u00fdt nem\u016f\u017ee.<\/p>\n","protected":false},"excerpt":{"rendered":"<p>Vys\u00e1v\u00e1n\u00ed jde s bezs\u00e1\u010dkov\u00fdm AKU ty\u010dov\u00fdm vysava\u010dem VC 6 Cordless ourFamily jedna b\u00e1se\u0148.J\u00a0 eho hlavn\u00edmi p\u0159ednostmi jsou n\u00edzk\u00e1 hmotnost, snadn\u00e9 ovl\u00e1d\u00e1n\u00ed a ergonomick\u00fd tvar zaji\u0161\u0165uj\u00edc\u00ed vys\u00e1v\u00e1n\u00ed i v t\u011b\u017eko dostupn\u00fdch prostorech, kontroln\u00ed LED displej, funkce boost pro nav\u00fd\u0161en\u00ed v\u00fdkonu, ale i snadn\u00e9 vyprazd\u0148ov\u00e1n\u00ed na jedin\u00e9 kliknut\u00ed. Snadn\u011bj\u0161\u00ed u\u017e vys\u00e1v\u00e1n\u00ed ani b\u00fdt nem\u016f\u017ee.<\/p>\n","protected":false},"featured_media":3408,"comment_status":"open","ping_status":"closed","template":"","meta":[],"product_brand":[],"product_cat":[957],"product_tag":[960,959,961,962,958],"class_list":{"0":"post-3403","1":"product","2":"type-product","3":"status-publish","4":"has-post-thumbnail","6":"product_cat-cistici-technika-karcher","7":"product_tag-karcher","8":"product_tag-tycovy-vysavac","9":"product_tag-vc","10":"product_tag-vc-6","11":"product_tag-vysavac","13":"first","14":"instock","15":"taxable","16":"shipping-taxable","17":"purchasable","18":"product-type-simple"},"jetpack_sharing_enabled":true,"_links":{"self":[{"href":"https:\/\/etev7e.pef.czu.cz\/zs2223\/wp-json\/wp\/v2\/product\/3403","targetHints":{"allow":["GET"]}}],"collection":[{"href":"https:\/\/etev7e.pef.czu.cz\/zs2223\/wp-json\/wp\/v2\/product"}],"about":[{"href":"https:\/\/etev7e.pef.czu.cz\/zs2223\/wp-json\/wp\/v2\/types\/product"}],"replies":[{"embeddable":true,"href":"https:\/\/etev7e.pef.czu.cz\/zs2223\/wp-json\/wp\/v2\/comments?post=3403"}],"wp:featuredmedia":[{"embeddable":true,"href":"https:\/\/etev7e.pef.czu.cz\/zs2223\/wp-json\/wp\/v2\/media\/3408"}],"wp:attachment":[{"href":"https:\/\/etev7e.pef.czu.cz\/zs2223\/wp-json\/wp\/v2\/media?parent=3403"}],"wp:term":[{"taxonomy":"product_brand","embeddable":true,"href":"https:\/\/etev7e.pef.czu.cz\/zs2223\/wp-json\/wp\/v2\/product_brand?post=3403"},{"taxonomy":"product_cat","embeddable":true,"href":"https:\/\/etev7e.pef.czu.cz\/zs2223\/wp-json\/wp\/v2\/product_cat?post=3403"},{"taxonomy":"product_tag","embeddable":true,"href":"https:\/\/etev7e.pef.czu.cz\/zs2223\/wp-json\/wp\/v2\/product_tag?post=3403"}],"curies":[{"name":"wp","href":"https:\/\/api.w.org\/{rel}","templated":true}]}}