{"id":3525,"date":"2023-11-06T14:00:08","date_gmt":"2023-11-06T13:00:08","guid":{"rendered":"https:\/\/etev7e.pef.czu.cz\/zs2223\/?post_type=product&#038;p=3525"},"modified":"2023-11-06T14:00:08","modified_gmt":"2023-11-06T13:00:08","slug":"kavovar-delonghi","status":"publish","type":"product","link":"https:\/\/etev7e.pef.czu.cz\/zs2223\/produkt\/kavovar-delonghi\/","title":{"rendered":"K\u00e1vovar De&#8217;Longhi"},"content":{"rendered":"<p>De&#8217;Longhi automatick\u00fd k\u00e1vovar je ur\u010den\u00fd pro zrnkovou k\u00e1vu. Zaru\u010duje pohodln\u00e9 pou\u017e\u00edv\u00e1n\u00ed, obsluhu a v\u00fdbornou k\u00e1vu jako z kav\u00e1rny. Nab\u00edz\u00ed \u0161irokou nab\u00eddku hork\u00fdch a ledov\u00fdch n\u00e1poj\u016f.<\/p>\n","protected":false},"excerpt":{"rendered":"<p>De&#8217;Longhi automatick\u00fd k\u00e1vovar je ur\u010den\u00fd pro zrnkovou k\u00e1vu. Zaru\u010duje pohodln\u00e9 pou\u017e\u00edv\u00e1n\u00ed, obsluhu a v\u00fdbornou k\u00e1vu jako z kav\u00e1rny. Nab\u00edz\u00ed \u0161irokou nab\u00eddku hork\u00fdch a ledov\u00fdch n\u00e1poj\u016f.<\/p>\n","protected":false},"featured_media":3443,"comment_status":"open","ping_status":"closed","template":"","meta":[],"product_brand":[],"product_cat":[991],"product_tag":[1020,1019,534],"class_list":{"0":"post-3525","1":"product","2":"type-product","3":"status-publish","4":"has-post-thumbnail","6":"product_cat-domaci-spotrebice","7":"product_tag-kafe","8":"product_tag-kavovar","9":"product_tag-zrnkova-kava","11":"first","12":"instock","13":"sale","14":"taxable","15":"shipping-taxable","16":"purchasable","17":"product-type-simple"},"jetpack_sharing_enabled":true,"_links":{"self":[{"href":"https:\/\/etev7e.pef.czu.cz\/zs2223\/wp-json\/wp\/v2\/product\/3525","targetHints":{"allow":["GET"]}}],"collection":[{"href":"https:\/\/etev7e.pef.czu.cz\/zs2223\/wp-json\/wp\/v2\/product"}],"about":[{"href":"https:\/\/etev7e.pef.czu.cz\/zs2223\/wp-json\/wp\/v2\/types\/product"}],"replies":[{"embeddable":true,"href":"https:\/\/etev7e.pef.czu.cz\/zs2223\/wp-json\/wp\/v2\/comments?post=3525"}],"wp:featuredmedia":[{"embeddable":true,"href":"https:\/\/etev7e.pef.czu.cz\/zs2223\/wp-json\/wp\/v2\/media\/3443"}],"wp:attachment":[{"href":"https:\/\/etev7e.pef.czu.cz\/zs2223\/wp-json\/wp\/v2\/media?parent=3525"}],"wp:term":[{"taxonomy":"product_brand","embeddable":true,"href":"https:\/\/etev7e.pef.czu.cz\/zs2223\/wp-json\/wp\/v2\/product_brand?post=3525"},{"taxonomy":"product_cat","embeddable":true,"href":"https:\/\/etev7e.pef.czu.cz\/zs2223\/wp-json\/wp\/v2\/product_cat?post=3525"},{"taxonomy":"product_tag","embeddable":true,"href":"https:\/\/etev7e.pef.czu.cz\/zs2223\/wp-json\/wp\/v2\/product_tag?post=3525"}],"curies":[{"name":"wp","href":"https:\/\/api.w.org\/{rel}","templated":true}]}}