{"id":3526,"date":"2023-11-06T14:11:10","date_gmt":"2023-11-06T13:11:10","guid":{"rendered":"https:\/\/etev7e.pef.czu.cz\/zs2223\/?post_type=product&#038;p=3526"},"modified":"2023-11-06T14:58:02","modified_gmt":"2023-11-06T13:58:02","slug":"naramek-angelic","status":"publish","type":"product","link":"https:\/\/etev7e.pef.czu.cz\/zs2223\/produkt\/naramek-angelic\/","title":{"rendered":"N\u00e1ramek Angelic"},"content":{"rendered":"<p>N\u00e1ramek z kolekce Angelic zna\u010dky Swarovski se skl\u00e1d\u00e1 z \u010dist\u00fdch k\u0159i\u0161\u0165\u00e1l\u016f utvo\u0159en\u00fdch do kulat\u00e9 formy. V\u0161echny k\u0159i\u0161\u0165\u00e1ly r\u00e1muj\u00ed z\u00e1\u0159iv\u011b t\u0159pytiv\u00e9 k\u0159i\u0161\u0165\u00e1lov\u00e9 pav\u00e9. Tento n\u00e1ramek byl pokoven v odst\u00ednu zlata.<\/p>\n","protected":false},"excerpt":{"rendered":"<p>N\u00e1ramek z kolekce Angelic zna\u010dky Swarovski<\/p>\n","protected":false},"featured_media":3533,"comment_status":"open","ping_status":"closed","template":"","meta":[],"product_brand":[],"product_cat":[933],"product_tag":[937,797],"class_list":{"0":"post-3526","1":"product","2":"type-product","3":"status-publish","4":"has-post-thumbnail","6":"product_cat-sperky","7":"product_tag-naramky","8":"product_tag-sperky","10":"first","11":"instock","12":"sale","13":"taxable","14":"shipping-taxable","15":"purchasable","16":"product-type-simple"},"jetpack_sharing_enabled":true,"_links":{"self":[{"href":"https:\/\/etev7e.pef.czu.cz\/zs2223\/wp-json\/wp\/v2\/product\/3526","targetHints":{"allow":["GET"]}}],"collection":[{"href":"https:\/\/etev7e.pef.czu.cz\/zs2223\/wp-json\/wp\/v2\/product"}],"about":[{"href":"https:\/\/etev7e.pef.czu.cz\/zs2223\/wp-json\/wp\/v2\/types\/product"}],"replies":[{"embeddable":true,"href":"https:\/\/etev7e.pef.czu.cz\/zs2223\/wp-json\/wp\/v2\/comments?post=3526"}],"wp:featuredmedia":[{"embeddable":true,"href":"https:\/\/etev7e.pef.czu.cz\/zs2223\/wp-json\/wp\/v2\/media\/3533"}],"wp:attachment":[{"href":"https:\/\/etev7e.pef.czu.cz\/zs2223\/wp-json\/wp\/v2\/media?parent=3526"}],"wp:term":[{"taxonomy":"product_brand","embeddable":true,"href":"https:\/\/etev7e.pef.czu.cz\/zs2223\/wp-json\/wp\/v2\/product_brand?post=3526"},{"taxonomy":"product_cat","embeddable":true,"href":"https:\/\/etev7e.pef.czu.cz\/zs2223\/wp-json\/wp\/v2\/product_cat?post=3526"},{"taxonomy":"product_tag","embeddable":true,"href":"https:\/\/etev7e.pef.czu.cz\/zs2223\/wp-json\/wp\/v2\/product_tag?post=3526"}],"curies":[{"name":"wp","href":"https:\/\/api.w.org\/{rel}","templated":true}]}}