{"id":3653,"date":"2023-11-06T18:29:40","date_gmt":"2023-11-06T17:29:40","guid":{"rendered":"https:\/\/etev7e.pef.czu.cz\/zs2223\/?post_type=product&#038;p=3653"},"modified":"2023-11-06T18:29:40","modified_gmt":"2023-11-06T17:29:40","slug":"god-of-war-ragnarok","status":"publish","type":"product","link":"https:\/\/etev7e.pef.czu.cz\/zs2223\/produkt\/god-of-war-ragnarok\/","title":{"rendered":"God of War Ragnar\u00f6k"},"content":{"rendered":"<p>\u00c1sgardsk\u00e9 s\u00edly se chystaj\u00ed na p\u0159edpov\u011bd\u011bnou bitvu, kter\u00e1 m\u016f\u017ee znamenat naprostou zk\u00e1zu. Hlavn\u00ed hrdinov\u00e9 Atreus a Kratos jsou proto odhodl\u00e1ni naj\u00edt odpov\u011bdi na v\u0161echny \u017eivotn\u011b d\u016fle\u017eit\u00e9 ot\u00e1zky a vydat se do v\u0161ech dev\u00edti sv\u011bt\u016f. B\u011bhem nap\u00ednav\u00e9 cesty poznaj\u00ed nejen dechberouc\u00ed m\u00fdtick\u00e9 krajiny, ale z\u00e1rove\u0148 budou muset p\u0159ekonat celou \u0159adu nep\u0159\u00e1tel, monster a nahn\u011bvan\u00fdch boh\u016f. Za\u017eijte i vy v\u00fdpravn\u00e9 seversk\u00e9 dobrodru\u017estv\u00ed a poznejte efektivn\u00ed v\u00e1le\u010dn\u00e9 n\u00e1stroje, jako jsou \u010cepele chaosu, Sekera Leviatan a Ochr\u00e1nc\u016fv \u0161t\u00edt. Nejd\u016fle\u017eit\u011bj\u0161\u00ed je v\u0161ak ochr\u00e1nit svou rodinu a p\u0159\u00edbuzn\u00e9, a to v\u0161emi dostupn\u00fdmi prost\u0159edky. Bu\u010fte u toho, kdy\u017e Atreus bude p\u00e1trat po v\u011bdomostech, kter\u00e9 mu pomohou pochopit Lokiho proroctv\u00ed a jeho vlastn\u00ed \u00falohu v Ragnar\u00f6ku.<\/p>\n","protected":false},"excerpt":{"rendered":"<p>\u00c1sgardsk\u00e9 s\u00edly se chystaj\u00ed na p\u0159edpov\u011bd\u011bnou bitvu, kter\u00e1 m\u016f\u017ee znamenat naprostou zk\u00e1zu. Bu\u010fte u toho, kdy\u017e Atreus bude p\u00e1trat po v\u011bdomostech, kter\u00e9 mu pomohou pochopit Lokiho proroctv\u00ed a jeho vlastn\u00ed \u00falohu v Ragnar\u00f6ku<\/p>\n","protected":false},"featured_media":3651,"comment_status":"open","ping_status":"closed","template":"","meta":[],"product_brand":[],"product_cat":[1052],"product_tag":[1062,301,903],"class_list":{"0":"post-3653","1":"product","2":"type-product","3":"status-publish","4":"has-post-thumbnail","6":"product_cat-hry-na-playstation5","7":"product_tag-akce","8":"product_tag-hry","9":"product_tag-zabava","11":"first","12":"instock","13":"sale","14":"taxable","15":"shipping-taxable","16":"purchasable","17":"product-type-simple"},"jetpack_sharing_enabled":true,"_links":{"self":[{"href":"https:\/\/etev7e.pef.czu.cz\/zs2223\/wp-json\/wp\/v2\/product\/3653","targetHints":{"allow":["GET"]}}],"collection":[{"href":"https:\/\/etev7e.pef.czu.cz\/zs2223\/wp-json\/wp\/v2\/product"}],"about":[{"href":"https:\/\/etev7e.pef.czu.cz\/zs2223\/wp-json\/wp\/v2\/types\/product"}],"replies":[{"embeddable":true,"href":"https:\/\/etev7e.pef.czu.cz\/zs2223\/wp-json\/wp\/v2\/comments?post=3653"}],"wp:featuredmedia":[{"embeddable":true,"href":"https:\/\/etev7e.pef.czu.cz\/zs2223\/wp-json\/wp\/v2\/media\/3651"}],"wp:attachment":[{"href":"https:\/\/etev7e.pef.czu.cz\/zs2223\/wp-json\/wp\/v2\/media?parent=3653"}],"wp:term":[{"taxonomy":"product_brand","embeddable":true,"href":"https:\/\/etev7e.pef.czu.cz\/zs2223\/wp-json\/wp\/v2\/product_brand?post=3653"},{"taxonomy":"product_cat","embeddable":true,"href":"https:\/\/etev7e.pef.czu.cz\/zs2223\/wp-json\/wp\/v2\/product_cat?post=3653"},{"taxonomy":"product_tag","embeddable":true,"href":"https:\/\/etev7e.pef.czu.cz\/zs2223\/wp-json\/wp\/v2\/product_tag?post=3653"}],"curies":[{"name":"wp","href":"https:\/\/api.w.org\/{rel}","templated":true}]}}