{"id":3682,"date":"2023-11-06T18:44:24","date_gmt":"2023-11-06T17:44:24","guid":{"rendered":"https:\/\/etev7e.pef.czu.cz\/zs2223\/?post_type=product&#038;p=3682"},"modified":"2023-11-17T18:44:14","modified_gmt":"2023-11-17T17:44:14","slug":"kapsle-tassimo-jacobs-cafe-crema","status":"publish","type":"product","link":"https:\/\/etev7e.pef.czu.cz\/zs2223\/produkt\/kapsle-tassimo-jacobs-cafe-crema\/","title":{"rendered":"Kapsle TASSIMO Jacobs Caf\u00e9 Crema"},"content":{"rendered":"<p>TASSIMO Jacobs Caf\u00e9 Crema p\u0159edstavuje unik\u00e1tn\u00ed balen\u00ed \u0161estn\u00e1cti kapsl\u00ed velikosti \u0161\u00e1lku XL. Kapsle obsahuj\u00ed pra\u017eenou a n\u00e1sledn\u011b mletou k\u00e1vu, kter\u00e1 v \u00fastech vykouzl\u00ed kr\u00e9mov\u00fd a nad\u00fdchan\u00fd z\u00e1\u017eitek pln\u00fd zlatav\u00e9 vrstvy p\u011bny. K\u00e1va z\u00edsk\u00e1v\u00e1 svou jedine\u010dnou chu\u0165 d\u00edky dlouholet\u00e9 n\u011bmeck\u00e9 tradici s pra\u017een\u00edm k\u00e1vy. Pou\u017eit\u00ed t\u011bchto kapsl\u00ed je doporu\u010dov\u00e1no do k\u00e1vovar\u016f zna\u010dky TASSIMO T 65, T 20 a T 40.<\/p>\n","protected":false},"excerpt":{"rendered":"<p>Kr\u00e9mov\u00e1 k\u00e1va v podob\u011b kapsl\u00ed obsahuj\u00edc\u00ed pra\u017eenou a mletou k\u00e1vu.<\/p>\n","protected":false},"featured_media":3694,"comment_status":"open","ping_status":"closed","template":"","meta":[],"product_brand":[],"product_cat":[1049],"product_tag":[1074,1050,1073,816],"class_list":{"0":"post-3682","1":"product","2":"type-product","3":"status-publish","4":"has-post-thumbnail","6":"product_cat-kava","7":"product_tag-kapsle","8":"product_tag-mleta-kava","9":"product_tag-prazena-kava","10":"product_tag-teple-napoje","12":"first","13":"instock","14":"sale","15":"taxable","16":"shipping-taxable","17":"purchasable","18":"product-type-simple"},"jetpack_sharing_enabled":true,"_links":{"self":[{"href":"https:\/\/etev7e.pef.czu.cz\/zs2223\/wp-json\/wp\/v2\/product\/3682","targetHints":{"allow":["GET"]}}],"collection":[{"href":"https:\/\/etev7e.pef.czu.cz\/zs2223\/wp-json\/wp\/v2\/product"}],"about":[{"href":"https:\/\/etev7e.pef.czu.cz\/zs2223\/wp-json\/wp\/v2\/types\/product"}],"replies":[{"embeddable":true,"href":"https:\/\/etev7e.pef.czu.cz\/zs2223\/wp-json\/wp\/v2\/comments?post=3682"}],"wp:featuredmedia":[{"embeddable":true,"href":"https:\/\/etev7e.pef.czu.cz\/zs2223\/wp-json\/wp\/v2\/media\/3694"}],"wp:attachment":[{"href":"https:\/\/etev7e.pef.czu.cz\/zs2223\/wp-json\/wp\/v2\/media?parent=3682"}],"wp:term":[{"taxonomy":"product_brand","embeddable":true,"href":"https:\/\/etev7e.pef.czu.cz\/zs2223\/wp-json\/wp\/v2\/product_brand?post=3682"},{"taxonomy":"product_cat","embeddable":true,"href":"https:\/\/etev7e.pef.czu.cz\/zs2223\/wp-json\/wp\/v2\/product_cat?post=3682"},{"taxonomy":"product_tag","embeddable":true,"href":"https:\/\/etev7e.pef.czu.cz\/zs2223\/wp-json\/wp\/v2\/product_tag?post=3682"}],"curies":[{"name":"wp","href":"https:\/\/api.w.org\/{rel}","templated":true}]}}