{"id":3691,"date":"2023-11-06T18:41:07","date_gmt":"2023-11-06T17:41:07","guid":{"rendered":"https:\/\/etev7e.pef.czu.cz\/zs2223\/?post_type=product&#038;p=3691"},"modified":"2023-11-07T11:01:14","modified_gmt":"2023-11-07T10:01:14","slug":"nhl-23","status":"publish","type":"product","link":"https:\/\/etev7e.pef.czu.cz\/zs2223\/produkt\/nhl-23\/","title":{"rendered":"NHL 23"},"content":{"rendered":"<p><span id=\"yui_3_17_2_1_1699291986198_1005\">NHL je videohra, kter\u00e1 simuluje ledn\u00ed hokej. Ze s\u00e9rie NHL je tato ji\u017e 32., kterou spole\u010dnost EA Vancouver vyvinula. Jako hr\u00e1\u010d si m\u016f\u017eete vybrat z n\u011bkolik t\u00fdm\u016f, kter\u00e9 jsou i sm\u00ed\u0161en\u00e9 &#8211; \u017eensk\u00e9 i mu\u017esk\u00e9, nap\u0159. NHL nebo n\u00e1rodn\u00ed t\u00fdmy. Tuto hru m\u016f\u017eete pro\u017e\u00edvat se sv\u00fdmi p\u0159\u00e1teli, a to i nap\u0159\u00ed\u010d r\u016fzn\u00fdmi platformami. Hra m\u00e1 audiovizu\u00e1ln\u00ed zpracov\u00e1n\u00ed, d\u00edky kter\u00e9mu si m\u016f\u017eete vychutnat v\u0161echny d\u016fle\u017eit\u00e9 okam\u017eiky naplno a to i v off-line re\u017eimu.<\/span><\/p>\n","protected":false},"excerpt":{"rendered":"<p><span id=\"yui_3_17_2_1_1699291986198_1005\">NHL je videohra, kter\u00e1 simuluje ledn\u00ed hokej. Ze s\u00e9rie NHL je tato ji\u017e 32., kterou spole\u010dnost EA Vancouver vyvinula<\/span><\/p>\n","protected":false},"featured_media":3797,"comment_status":"open","ping_status":"closed","template":"","meta":[],"product_brand":[],"product_cat":[1052],"product_tag":[51,301,1069],"class_list":{"0":"post-3691","1":"product","2":"type-product","3":"status-publish","4":"has-post-thumbnail","6":"product_cat-hry-na-playstation5","7":"product_tag-hokej","8":"product_tag-hry","9":"product_tag-videohra","11":"first","12":"instock","13":"sale","14":"taxable","15":"shipping-taxable","16":"purchasable","17":"product-type-simple"},"jetpack_sharing_enabled":true,"_links":{"self":[{"href":"https:\/\/etev7e.pef.czu.cz\/zs2223\/wp-json\/wp\/v2\/product\/3691","targetHints":{"allow":["GET"]}}],"collection":[{"href":"https:\/\/etev7e.pef.czu.cz\/zs2223\/wp-json\/wp\/v2\/product"}],"about":[{"href":"https:\/\/etev7e.pef.czu.cz\/zs2223\/wp-json\/wp\/v2\/types\/product"}],"replies":[{"embeddable":true,"href":"https:\/\/etev7e.pef.czu.cz\/zs2223\/wp-json\/wp\/v2\/comments?post=3691"}],"wp:featuredmedia":[{"embeddable":true,"href":"https:\/\/etev7e.pef.czu.cz\/zs2223\/wp-json\/wp\/v2\/media\/3797"}],"wp:attachment":[{"href":"https:\/\/etev7e.pef.czu.cz\/zs2223\/wp-json\/wp\/v2\/media?parent=3691"}],"wp:term":[{"taxonomy":"product_brand","embeddable":true,"href":"https:\/\/etev7e.pef.czu.cz\/zs2223\/wp-json\/wp\/v2\/product_brand?post=3691"},{"taxonomy":"product_cat","embeddable":true,"href":"https:\/\/etev7e.pef.czu.cz\/zs2223\/wp-json\/wp\/v2\/product_cat?post=3691"},{"taxonomy":"product_tag","embeddable":true,"href":"https:\/\/etev7e.pef.czu.cz\/zs2223\/wp-json\/wp\/v2\/product_tag?post=3691"}],"curies":[{"name":"wp","href":"https:\/\/api.w.org\/{rel}","templated":true}]}}