{"id":3719,"date":"2023-11-06T20:08:45","date_gmt":"2023-11-06T19:08:45","guid":{"rendered":"https:\/\/etev7e.pef.czu.cz\/zs2223\/?post_type=product&#038;p=3719"},"modified":"2023-11-07T12:52:31","modified_gmt":"2023-11-07T11:52:31","slug":"hello-kitty-s-kvetinou","status":"publish","type":"product","link":"https:\/\/etev7e.pef.czu.cz\/zs2223\/produkt\/hello-kitty-s-kvetinou\/","title":{"rendered":"Hello Kitty s kv\u011btinou"},"content":{"rendered":"<p>Ply\u0161\u00e1k Hello Kitty nem\u016f\u017ee chyb\u011bt v \u017e\u00e1dn\u00e9m d\u00edv\u010d\u00edm pokoji. Zn\u00e1m\u00e1 stylov\u00e1 postavi\u010dka s modrou kv\u011btinou na hlav\u011b pot\u011b\u0161\u00ed ka\u017edou malou sle\u010dnu.<\/p>\n","protected":false},"excerpt":{"rendered":"<p>Ply\u0161ov\u00e1 Hello Kitty pot\u011b\u0161\u00ed ka\u017edou malou sle\u010dnu.<\/p>\n","protected":false},"featured_media":3722,"comment_status":"open","ping_status":"closed","template":"","meta":[],"product_brand":[],"product_cat":[1083],"product_tag":[901,376,374],"class_list":{"0":"post-3719","1":"product","2":"type-product","3":"status-publish","4":"has-post-thumbnail","6":"product_cat-plysove-hracky","7":"product_tag-detske-hracky","8":"product_tag-hracky","9":"product_tag-plysove-hracky","11":"first","12":"instock","13":"sale","14":"taxable","15":"shipping-taxable","16":"purchasable","17":"product-type-variable"},"jetpack_sharing_enabled":true,"_links":{"self":[{"href":"https:\/\/etev7e.pef.czu.cz\/zs2223\/wp-json\/wp\/v2\/product\/3719","targetHints":{"allow":["GET"]}}],"collection":[{"href":"https:\/\/etev7e.pef.czu.cz\/zs2223\/wp-json\/wp\/v2\/product"}],"about":[{"href":"https:\/\/etev7e.pef.czu.cz\/zs2223\/wp-json\/wp\/v2\/types\/product"}],"replies":[{"embeddable":true,"href":"https:\/\/etev7e.pef.czu.cz\/zs2223\/wp-json\/wp\/v2\/comments?post=3719"}],"wp:featuredmedia":[{"embeddable":true,"href":"https:\/\/etev7e.pef.czu.cz\/zs2223\/wp-json\/wp\/v2\/media\/3722"}],"wp:attachment":[{"href":"https:\/\/etev7e.pef.czu.cz\/zs2223\/wp-json\/wp\/v2\/media?parent=3719"}],"wp:term":[{"taxonomy":"product_brand","embeddable":true,"href":"https:\/\/etev7e.pef.czu.cz\/zs2223\/wp-json\/wp\/v2\/product_brand?post=3719"},{"taxonomy":"product_cat","embeddable":true,"href":"https:\/\/etev7e.pef.czu.cz\/zs2223\/wp-json\/wp\/v2\/product_cat?post=3719"},{"taxonomy":"product_tag","embeddable":true,"href":"https:\/\/etev7e.pef.czu.cz\/zs2223\/wp-json\/wp\/v2\/product_tag?post=3719"}],"curies":[{"name":"wp","href":"https:\/\/api.w.org\/{rel}","templated":true}]}}