{"id":3746,"date":"2023-11-06T20:50:30","date_gmt":"2023-11-06T19:50:30","guid":{"rendered":"https:\/\/etev7e.pef.czu.cz\/zs2223\/?post_type=product&#038;p=3746"},"modified":"2023-11-07T11:17:07","modified_gmt":"2023-11-07T10:17:07","slug":"giorgio-armani-si","status":"publish","type":"product","link":"https:\/\/etev7e.pef.czu.cz\/zs2223\/produkt\/giorgio-armani-si\/","title":{"rendered":"GIORGIO ARMANI S\u00cd"},"content":{"rendered":"<p>Parf\u00e9movan\u00e1 voda Giorgio ARMANI S\u00ed EdP je ide\u00e1ln\u00ed pro \u017eeny. V\u016fn\u011b byla vytvo\u0159ena pro v\u0161echny stylov\u00e9 a charismatick\u00e9 z\u00e1stupkyn\u011b n\u011b\u017en\u00e9ho pohlav\u00ed. Vyzna\u010duje se ovocnou, kv\u011btinovou a chypre v\u016fn\u00ed. V z\u00e1kladu v\u016fn\u011b jsou zastoupeny d\u0159evit\u00e9 aroma ambroxanu, pa\u010duli a h\u0159ejiv\u00e9 vanilky. Hod\u00ed se na ka\u017edou p\u0159\u00edle\u017eitost.<\/p>\n","protected":false},"excerpt":{"rendered":"<p>Parf\u00e9movan\u00e1 voda pro \u017eeny.<\/p>\n","protected":false},"featured_media":3748,"comment_status":"open","ping_status":"closed","template":"","meta":[],"product_brand":[],"product_cat":[1094],"product_tag":[1096,1098,330],"class_list":{"0":"post-3746","1":"product","2":"type-product","3":"status-publish","4":"has-post-thumbnail","6":"product_cat-parfemy","7":"product_tag-damske-parfemy","8":"product_tag-parfemovane-vody","9":"product_tag-parfemy","11":"first","12":"instock","13":"sale","14":"taxable","15":"shipping-taxable","16":"purchasable","17":"product-type-simple"},"jetpack_sharing_enabled":true,"_links":{"self":[{"href":"https:\/\/etev7e.pef.czu.cz\/zs2223\/wp-json\/wp\/v2\/product\/3746","targetHints":{"allow":["GET"]}}],"collection":[{"href":"https:\/\/etev7e.pef.czu.cz\/zs2223\/wp-json\/wp\/v2\/product"}],"about":[{"href":"https:\/\/etev7e.pef.czu.cz\/zs2223\/wp-json\/wp\/v2\/types\/product"}],"replies":[{"embeddable":true,"href":"https:\/\/etev7e.pef.czu.cz\/zs2223\/wp-json\/wp\/v2\/comments?post=3746"}],"wp:featuredmedia":[{"embeddable":true,"href":"https:\/\/etev7e.pef.czu.cz\/zs2223\/wp-json\/wp\/v2\/media\/3748"}],"wp:attachment":[{"href":"https:\/\/etev7e.pef.czu.cz\/zs2223\/wp-json\/wp\/v2\/media?parent=3746"}],"wp:term":[{"taxonomy":"product_brand","embeddable":true,"href":"https:\/\/etev7e.pef.czu.cz\/zs2223\/wp-json\/wp\/v2\/product_brand?post=3746"},{"taxonomy":"product_cat","embeddable":true,"href":"https:\/\/etev7e.pef.czu.cz\/zs2223\/wp-json\/wp\/v2\/product_cat?post=3746"},{"taxonomy":"product_tag","embeddable":true,"href":"https:\/\/etev7e.pef.czu.cz\/zs2223\/wp-json\/wp\/v2\/product_tag?post=3746"}],"curies":[{"name":"wp","href":"https:\/\/api.w.org\/{rel}","templated":true}]}}