{"id":3795,"date":"2023-11-07T11:35:05","date_gmt":"2023-11-07T10:35:05","guid":{"rendered":"https:\/\/etev7e.pef.czu.cz\/zs2223\/?post_type=product&#038;p=3795"},"modified":"2023-11-07T11:35:05","modified_gmt":"2023-11-07T10:35:05","slug":"maly-princ","status":"publish","type":"product","link":"https:\/\/etev7e.pef.czu.cz\/zs2223\/produkt\/maly-princ\/","title":{"rendered":"Mal\u00fd princ"},"content":{"rendered":"<p>Nen\u00ed poh\u00e1dka jako poh\u00e1dka, nen\u00ed princ jako princ. Tenhle je skute\u010dn\u011b jen jeden \u2013 Mal\u00fd princ, jedno z\u00a0nejslavn\u011bj\u0161\u00edch d\u011bl modern\u00ed sv\u011btov\u00e9 literatury.<\/p>\n<p>S\u00a0Mal\u00fdm princem se v\u00a0africk\u00e9 pou\u0161ti setk\u00e1v\u00e1 opu\u0161t\u011bn\u00fd letec, autor t\u00e9to kn\u00ed\u017eky. Zat\u00edmco se pokou\u0161\u00ed opravit havarovan\u00fd stroj, pov\u00eddaj\u00ed si o v\u0161eli\u010dem. O tajemstv\u00ed podivuhodn\u00e9 pouti Mal\u00e9ho prince, o dobru a zlu, o p\u0159\u00e1telstv\u00ed a kr\u00e1se, o prav\u00e9m \u0161t\u011bst\u00ed, o odpov\u011bdnosti za ty, kter\u00e9 m\u00e1me r\u00e1di. A v\u016fbec nez\u00e1le\u017e\u00ed na tom, odkud poch\u00e1z\u00edme: Mal\u00fd princ poch\u00e1zel z\u00a0tak malink\u00e9 planetky, \u017ee si to mo\u017en\u00e1 ani neum\u00edme p\u0159edstavit. Ale v\u011bd\u011bl, \u017ee je t\u0159eba chr\u00e1nit kv\u011btinu, kterou vyp\u011bstoval, a \u017ee mu to p\u0159ineslo v\u011bt\u0161\u00ed radost ne\u017e pij\u00e1kovi pln\u00e1 l\u00e1hev, podnikateli pen\u00edze a panova\u010dn\u00e9mu kr\u00e1li nezm\u011brn\u00e1 moc.<\/p>\n","protected":false},"excerpt":{"rendered":"<p>Kniha s n\u00e1zvem Mal\u00fd princ od autora Antoine de Saint-Exup\u00e9ry<\/p>\n","protected":false},"featured_media":3799,"comment_status":"open","ping_status":"closed","template":"","meta":[],"product_brand":[],"product_cat":[],"product_tag":[1113,1112,1114],"class_list":{"0":"post-3795","1":"product","2":"type-product","3":"status-publish","4":"has-post-thumbnail","6":"product_tag-beletrie","7":"product_tag-knihy","8":"product_tag-svetova-literatura","10":"first","11":"instock","12":"sale","13":"taxable","14":"shipping-taxable","15":"purchasable","16":"product-type-simple"},"jetpack_sharing_enabled":true,"_links":{"self":[{"href":"https:\/\/etev7e.pef.czu.cz\/zs2223\/wp-json\/wp\/v2\/product\/3795","targetHints":{"allow":["GET"]}}],"collection":[{"href":"https:\/\/etev7e.pef.czu.cz\/zs2223\/wp-json\/wp\/v2\/product"}],"about":[{"href":"https:\/\/etev7e.pef.czu.cz\/zs2223\/wp-json\/wp\/v2\/types\/product"}],"replies":[{"embeddable":true,"href":"https:\/\/etev7e.pef.czu.cz\/zs2223\/wp-json\/wp\/v2\/comments?post=3795"}],"wp:featuredmedia":[{"embeddable":true,"href":"https:\/\/etev7e.pef.czu.cz\/zs2223\/wp-json\/wp\/v2\/media\/3799"}],"wp:attachment":[{"href":"https:\/\/etev7e.pef.czu.cz\/zs2223\/wp-json\/wp\/v2\/media?parent=3795"}],"wp:term":[{"taxonomy":"product_brand","embeddable":true,"href":"https:\/\/etev7e.pef.czu.cz\/zs2223\/wp-json\/wp\/v2\/product_brand?post=3795"},{"taxonomy":"product_cat","embeddable":true,"href":"https:\/\/etev7e.pef.czu.cz\/zs2223\/wp-json\/wp\/v2\/product_cat?post=3795"},{"taxonomy":"product_tag","embeddable":true,"href":"https:\/\/etev7e.pef.czu.cz\/zs2223\/wp-json\/wp\/v2\/product_tag?post=3795"}],"curies":[{"name":"wp","href":"https:\/\/api.w.org\/{rel}","templated":true}]}}