{"id":3831,"date":"2023-11-07T15:58:30","date_gmt":"2023-11-07T14:58:30","guid":{"rendered":"https:\/\/etev7e.pef.czu.cz\/zs2223\/?post_type=product&#038;p=3831"},"modified":"2023-11-11T11:10:20","modified_gmt":"2023-11-11T10:10:20","slug":"nahrdelnik-kouzlo-nocni-oblohy","status":"publish","type":"product","link":"https:\/\/etev7e.pef.czu.cz\/zs2223\/produkt\/nahrdelnik-kouzlo-nocni-oblohy\/","title":{"rendered":"N\u00e1hrdeln\u00edk &#8211; Kouzlo no\u010dn\u00ed oblohy"},"content":{"rendered":"<p>N\u00e1hrdeln\u00edk s p\u0159\u00edv\u011bskem z miner\u00e1ln\u00edch kor\u00e1lk\u016f labradoritu a t\u0159pytiv\u00e9ho avantur\u00ednu. Avantur\u00edn uklid\u0148uje my\u0161len\u00ed a pocity, podporuje uspo\u0159\u00e1d\u00e1n\u00ed my\u0161lenek i \u017eivota a potla\u010duje \u00fazkostn\u00e9 pocity. Labradorit odkl\u00e1n\u00ed ne\u017e\u00e1douc\u00ed energie a z\u00e1rove\u0148 br\u00e1n\u00ed \u00faniku t\u00e9 dobr\u00e9 energie, potla\u010duje strach a nejistoty a naopak posiluje v\u00edru v sebe sama. Je u\u017eite\u010dn\u00fdm pr\u016fvodcem v dob\u011b zm\u011bn \u2013 p\u0159in\u00e1\u0161\u00ed s\u00edlu a vytrvalost.<\/p>\n","protected":false},"excerpt":{"rendered":"<p>N\u00e1hrdeln\u00edk s p\u0159\u00edv\u011bskem z miner\u00e1ln\u00edch kor\u00e1lk\u016f labradoritu a t\u0159pytiv\u00e9ho avantur\u00ednu.\u00a0 D\u00e9lka n\u00e1hrdeln\u00edku je 50 cm a p\u0159\u00edv\u011bsku 3,5 cm.<\/p>\n<p>Materi\u00e1l: chirurgick\u00e1 ocel<\/p>\n","protected":false},"featured_media":3833,"comment_status":"open","ping_status":"closed","template":"","meta":[],"product_brand":[],"product_cat":[1119],"product_tag":[1120,797],"class_list":{"0":"post-3831","1":"product","2":"type-product","3":"status-publish","4":"has-post-thumbnail","6":"product_cat-sperky-s-mineraly","7":"product_tag-modni-doplnky","8":"product_tag-sperky","10":"first","11":"instock","12":"sale","13":"taxable","14":"shipping-taxable","15":"purchasable","16":"product-type-simple"},"jetpack_sharing_enabled":true,"_links":{"self":[{"href":"https:\/\/etev7e.pef.czu.cz\/zs2223\/wp-json\/wp\/v2\/product\/3831","targetHints":{"allow":["GET"]}}],"collection":[{"href":"https:\/\/etev7e.pef.czu.cz\/zs2223\/wp-json\/wp\/v2\/product"}],"about":[{"href":"https:\/\/etev7e.pef.czu.cz\/zs2223\/wp-json\/wp\/v2\/types\/product"}],"replies":[{"embeddable":true,"href":"https:\/\/etev7e.pef.czu.cz\/zs2223\/wp-json\/wp\/v2\/comments?post=3831"}],"wp:featuredmedia":[{"embeddable":true,"href":"https:\/\/etev7e.pef.czu.cz\/zs2223\/wp-json\/wp\/v2\/media\/3833"}],"wp:attachment":[{"href":"https:\/\/etev7e.pef.czu.cz\/zs2223\/wp-json\/wp\/v2\/media?parent=3831"}],"wp:term":[{"taxonomy":"product_brand","embeddable":true,"href":"https:\/\/etev7e.pef.czu.cz\/zs2223\/wp-json\/wp\/v2\/product_brand?post=3831"},{"taxonomy":"product_cat","embeddable":true,"href":"https:\/\/etev7e.pef.czu.cz\/zs2223\/wp-json\/wp\/v2\/product_cat?post=3831"},{"taxonomy":"product_tag","embeddable":true,"href":"https:\/\/etev7e.pef.czu.cz\/zs2223\/wp-json\/wp\/v2\/product_tag?post=3831"}],"curies":[{"name":"wp","href":"https:\/\/api.w.org\/{rel}","templated":true}]}}