{"id":3862,"date":"2023-11-07T17:09:02","date_gmt":"2023-11-07T16:09:02","guid":{"rendered":"https:\/\/etev7e.pef.czu.cz\/zs2223\/?post_type=product&#038;p=3862"},"modified":"2023-11-07T17:23:29","modified_gmt":"2023-11-07T16:23:29","slug":"sypane-musli","status":"publish","type":"product","link":"https:\/\/etev7e.pef.czu.cz\/zs2223\/produkt\/sypane-musli\/","title":{"rendered":"Sypan\u00e9 m\u00fcsli"},"content":{"rendered":"<p>Sm\u011bs ovesn\u00fdch instantn\u00edch vlo\u010dek a t\u0159\u00ed druh\u016f \u010dokol\u00e1dy(ho\u0159k\u00e9 \u010dokol\u00e1dov\u00e9 peci\u010dky, ml\u00e9\u010dn\u00e1,<br \/>\nbelgick\u00e1 \u010dokol\u00e1da,b\u00edl\u00e1, belgick\u00e1 \u010dokol\u00e1da) a brusinky. Na\u0161e \u010dokol\u00e1dov\u00e9 m\u00fcsli je vhodn\u00e9 ke sn\u00eddani \u010di sva\u010din\u011b,<br \/>\np\u0159idat do ml\u00e9ka nebo jogurtu, tak jak to m\u00e1te r\u00e1di&#8230;<\/p>\n<p>V\u00fd\u017eivov\u00e9 \u00fadaje na 100 g v\u00fdrobku:<\/p>\n<table>\n<tbody>\n<tr>\n<td>Energetick\u00e1 hodnota<\/td>\n<td>1727 kJ\/ 411 kcal<\/td>\n<\/tr>\n<tr>\n<td>Tuky<\/td>\n<td>13,6 g<\/td>\n<\/tr>\n<tr>\n<td>z toho nasycen\u00e9 mastn\u00e9 kyseliny<\/td>\n<td>6,7 g<\/td>\n<\/tr>\n<tr>\n<td>Sacharidy<\/td>\n<td>62,9 g<\/td>\n<\/tr>\n<tr>\n<td>z toho cukry<\/td>\n<td>25,8 g<\/td>\n<\/tr>\n<tr>\n<td>B\u00edlkoviny<\/td>\n<td>9,6 g<\/td>\n<\/tr>\n<tr>\n<td>S\u016fl<\/td>\n<td>0,19 g<\/td>\n<\/tr>\n<\/tbody>\n<\/table>\n<ul id=\"yui_3_17_2_1_1699372009729_43\">\n<li>Cena \/ cena po slev\u011b: 135,-K\u010d \/ 109,-K\u010d<\/li>\n<li>EAN k\u00f3d: 34847<\/li>\n<li>Hmotnost: 450g<\/li>\n<li>Komplementy, substituty: jin\u00e9 \u010dokol\u00e1dov\u00e9 m\u00fcsli<\/li>\n<li>Varianty &#8211; kategorie a jejich hodnoty: 450g &#8211; 135,-K\u010d, 1000g &#8211; 239,-K\u010d<\/li>\n<li>Kategorie a \u0161t\u00edtky produktu: m\u00fcsli, zdrav\u00e1 strava<\/li>\n<\/ul>\n","protected":false},"excerpt":{"rendered":"<p id=\"yui_3_17_2_1_1699372009729_68\">Bezva m\u00fcsli \u010dokol\u00e1dov\u00e9 trio<\/p>\n","protected":false},"featured_media":3864,"comment_status":"open","ping_status":"closed","template":"","meta":[],"product_brand":[],"product_cat":[1125],"product_tag":[1127,860],"class_list":{"0":"post-3862","1":"product","2":"type-product","3":"status-publish","4":"has-post-thumbnail","6":"product_cat-bezva-musli","7":"product_tag-musli","8":"product_tag-zdrava-strava","10":"first","11":"instock","12":"sale","13":"taxable","14":"shipping-taxable","15":"purchasable","16":"product-type-simple"},"jetpack_sharing_enabled":true,"_links":{"self":[{"href":"https:\/\/etev7e.pef.czu.cz\/zs2223\/wp-json\/wp\/v2\/product\/3862","targetHints":{"allow":["GET"]}}],"collection":[{"href":"https:\/\/etev7e.pef.czu.cz\/zs2223\/wp-json\/wp\/v2\/product"}],"about":[{"href":"https:\/\/etev7e.pef.czu.cz\/zs2223\/wp-json\/wp\/v2\/types\/product"}],"replies":[{"embeddable":true,"href":"https:\/\/etev7e.pef.czu.cz\/zs2223\/wp-json\/wp\/v2\/comments?post=3862"}],"wp:featuredmedia":[{"embeddable":true,"href":"https:\/\/etev7e.pef.czu.cz\/zs2223\/wp-json\/wp\/v2\/media\/3864"}],"wp:attachment":[{"href":"https:\/\/etev7e.pef.czu.cz\/zs2223\/wp-json\/wp\/v2\/media?parent=3862"}],"wp:term":[{"taxonomy":"product_brand","embeddable":true,"href":"https:\/\/etev7e.pef.czu.cz\/zs2223\/wp-json\/wp\/v2\/product_brand?post=3862"},{"taxonomy":"product_cat","embeddable":true,"href":"https:\/\/etev7e.pef.czu.cz\/zs2223\/wp-json\/wp\/v2\/product_cat?post=3862"},{"taxonomy":"product_tag","embeddable":true,"href":"https:\/\/etev7e.pef.czu.cz\/zs2223\/wp-json\/wp\/v2\/product_tag?post=3862"}],"curies":[{"name":"wp","href":"https:\/\/api.w.org\/{rel}","templated":true}]}}