{"id":3866,"date":"2023-11-07T17:12:55","date_gmt":"2023-11-07T16:12:55","guid":{"rendered":"https:\/\/etev7e.pef.czu.cz\/zs2223\/?post_type=product&#038;p=3866"},"modified":"2023-11-07T17:22:41","modified_gmt":"2023-11-07T16:22:41","slug":"proteinove-musli","status":"publish","type":"product","link":"https:\/\/etev7e.pef.czu.cz\/zs2223\/produkt\/proteinove-musli\/","title":{"rendered":"Proteinov\u00e9 m\u00fcsli"},"content":{"rendered":"<p>Sm\u011bs ovesn\u00fdch vlo\u010dek, sojov\u00fdch a proteinov\u00fdch k\u0159upinek s o\u0159echy, ara\u0161\u00eddami, ln\u011bn\u00fdmi a<br \/>\nslune\u010dnicov\u00fdmi sem\u00ednky.Vhodn\u00e9 ke sn\u00eddani \u010di sva\u010din\u011b, p\u0159idat do ml\u00e9ka nebo jogurtu, tak jak to m\u00e1te r\u00e1di&#8230;<\/p>\n<p>V\u00fd\u017eivov\u00e9 \u00fadaje na 100 g v\u00fdrobku:<\/p>\n<table>\n<tbody>\n<tr>\n<td>Energetick\u00e1 hodnota<\/td>\n<td>1893 kJ\/ 451 kcal<\/td>\n<\/tr>\n<tr>\n<td>Tuky<\/td>\n<td>20,7 g<\/td>\n<\/tr>\n<tr>\n<td>z toho nasycen\u00e9 mastn\u00e9 kyseliny<\/td>\n<td>3 g<\/td>\n<\/tr>\n<tr>\n<td>Sacharidy<\/td>\n<td>33,3 g<\/td>\n<\/tr>\n<tr>\n<td>z toho cukry<\/td>\n<td>2,4 g<\/td>\n<\/tr>\n<tr>\n<td>B\u00edlkoviny<\/td>\n<td>25,5 g<\/td>\n<\/tr>\n<tr>\n<td>S\u016fl<\/td>\n<td>0,27 g<\/td>\n<\/tr>\n<\/tbody>\n<\/table>\n","protected":false},"excerpt":{"rendered":"<p>Sm\u011bs ovesn\u00fdch vlo\u010dek, sojov\u00fdch a proteinov\u00fdch k\u0159upinek s o\u0159echy, ara\u0161\u00eddami, ln\u011bn\u00fdmi a<br \/>\nslune\u010dnicov\u00fdmi sem\u00ednky.<\/p>\n","protected":false},"featured_media":3868,"comment_status":"open","ping_status":"closed","template":"","meta":[],"product_brand":[],"product_cat":[1125],"product_tag":[1127,860],"class_list":{"0":"post-3866","1":"product","2":"type-product","3":"status-publish","4":"has-post-thumbnail","6":"product_cat-bezva-musli","7":"product_tag-musli","8":"product_tag-zdrava-strava","10":"first","11":"instock","12":"sale","13":"taxable","14":"shipping-taxable","15":"purchasable","16":"product-type-simple"},"jetpack_sharing_enabled":true,"_links":{"self":[{"href":"https:\/\/etev7e.pef.czu.cz\/zs2223\/wp-json\/wp\/v2\/product\/3866","targetHints":{"allow":["GET"]}}],"collection":[{"href":"https:\/\/etev7e.pef.czu.cz\/zs2223\/wp-json\/wp\/v2\/product"}],"about":[{"href":"https:\/\/etev7e.pef.czu.cz\/zs2223\/wp-json\/wp\/v2\/types\/product"}],"replies":[{"embeddable":true,"href":"https:\/\/etev7e.pef.czu.cz\/zs2223\/wp-json\/wp\/v2\/comments?post=3866"}],"wp:featuredmedia":[{"embeddable":true,"href":"https:\/\/etev7e.pef.czu.cz\/zs2223\/wp-json\/wp\/v2\/media\/3868"}],"wp:attachment":[{"href":"https:\/\/etev7e.pef.czu.cz\/zs2223\/wp-json\/wp\/v2\/media?parent=3866"}],"wp:term":[{"taxonomy":"product_brand","embeddable":true,"href":"https:\/\/etev7e.pef.czu.cz\/zs2223\/wp-json\/wp\/v2\/product_brand?post=3866"},{"taxonomy":"product_cat","embeddable":true,"href":"https:\/\/etev7e.pef.czu.cz\/zs2223\/wp-json\/wp\/v2\/product_cat?post=3866"},{"taxonomy":"product_tag","embeddable":true,"href":"https:\/\/etev7e.pef.czu.cz\/zs2223\/wp-json\/wp\/v2\/product_tag?post=3866"}],"curies":[{"name":"wp","href":"https:\/\/api.w.org\/{rel}","templated":true}]}}