{"id":3906,"date":"2023-11-07T20:44:57","date_gmt":"2023-11-07T19:44:57","guid":{"rendered":"https:\/\/etev7e.pef.czu.cz\/zs2223\/?post_type=product&#038;p=3906"},"modified":"2023-11-07T21:21:45","modified_gmt":"2023-11-07T20:21:45","slug":"iphone-xs","status":"publish","type":"product","link":"https:\/\/etev7e.pef.czu.cz\/zs2223\/produkt\/iphone-xs\/","title":{"rendered":"iPhone XS"},"content":{"rendered":"<p><span style=\"font-weight: 400\">iPhone XS byl p\u0159edstaven spole\u010dnost\u00ed Apple v z\u00e1\u0159\u00ed 2018 a pat\u0159il mezi jejich vlajkov\u00e9 modely. iPhone XS m\u00e1 elegantn\u00ed design s kombinac\u00ed sklen\u011bn\u00e9 p\u0159edn\u00ed i zadn\u00ed \u010d\u00e1sti a hlin\u00edkov\u00e9ho r\u00e1mu. K dispozici jsou r\u016fzn\u00e9 barevn\u00e9 varianty, v\u010detn\u011b vesm\u00edrn\u011b \u0161ed\u00e9, st\u0159\u00edbrn\u00e9 a zlat\u00e9. 5,8 palcov\u00fd Super Retina OLED displej s rozli\u0161en\u00edm 1125 x 2436 pixel\u016f. Poh\u00e1n\u00ed ho \u0161esti j\u00e1drov\u00fd procesor A12 Bionic, kter\u00fd je dopln\u011bn\u00ed koprocesorem M12 pro sledov\u00e1n\u00ed pohybu. <\/span><\/p>\n<p><span style=\"font-weight: 400\">Tato konkr\u00e9tn\u00ed verze m\u00e1 64 GB intern\u00edho \u00falo\u017ei\u0161t\u011b. Dvojit\u00e1 zadn\u00ed kamera s 12MP senzory &#8211; jeden \u0161iroko\u00fahl\u00fd a jeden teleobjektiv s optick\u00fdm zoomem. Kamera umo\u017e\u0148uje nat\u00e1\u010det 4K videa p\u0159i 60 sn\u00edmc\u00edch za vte\u0159inu. iPhone XS m\u00e1 v\u00fddr\u017e baterie podle pou\u017e\u00edv\u00e1n\u00ed, kter\u00e1 se pohybuje od jednoho a\u017e po dva dny s b\u011b\u017en\u00fdm pou\u017e\u00edv\u00e1n\u00edm. Mezi dal\u0161\u00ed funkce pat\u0159\u00ed FACE ID pro bezpe\u010dn\u00e9 odemyk\u00e1n\u00ed telefonu a ov\u011b\u0159en\u00ed identity, odolnost proti vod\u011b a prachu s certifikac\u00ed IP68 nebo tak\u00e9 podpora bezdr\u00e1tov\u00e9ho nab\u00edjen\u00ed.<\/span><\/p>\n","protected":false},"excerpt":{"rendered":"<p>iPhone XS m\u00e1 elegantn\u00ed design s kombinac\u00ed sklen\u011bn\u00e9 p\u0159edn\u00ed i zadn\u00ed \u010d\u00e1sti a hlin\u00edkov\u00e9ho r\u00e1mu. 5,8 palcov\u00fd Super Retina OLED displej s rozli\u0161en\u00edm 1125 x 2436 pixel\u016f. Poh\u00e1n\u00ed ho \u0161esti j\u00e1drov\u00fd procesor A12 Bionic, kter\u00fd je dopln\u011bn\u00ed koprocesorem M12 pro sledov\u00e1n\u00ed pohybu.<\/p>\n","protected":false},"featured_media":3945,"comment_status":"open","ping_status":"closed","template":"","meta":[],"product_brand":[],"product_cat":[1140],"product_tag":[96,1143,1142,887,93],"class_list":{"0":"post-3906","1":"product","2":"type-product","3":"status-publish","4":"has-post-thumbnail","6":"product_cat-mobilnitelefonyznackyapple","7":"product_tag-apple","8":"product_tag-chytry-mobilni-telefon","9":"product_tag-dotykovy-telefon","10":"product_tag-iphone","11":"product_tag-mobilni-telefony","13":"first","14":"instock","15":"taxable","16":"shipping-taxable","17":"purchasable","18":"product-type-variable","19":"has-default-attributes"},"jetpack_sharing_enabled":true,"_links":{"self":[{"href":"https:\/\/etev7e.pef.czu.cz\/zs2223\/wp-json\/wp\/v2\/product\/3906","targetHints":{"allow":["GET"]}}],"collection":[{"href":"https:\/\/etev7e.pef.czu.cz\/zs2223\/wp-json\/wp\/v2\/product"}],"about":[{"href":"https:\/\/etev7e.pef.czu.cz\/zs2223\/wp-json\/wp\/v2\/types\/product"}],"replies":[{"embeddable":true,"href":"https:\/\/etev7e.pef.czu.cz\/zs2223\/wp-json\/wp\/v2\/comments?post=3906"}],"wp:featuredmedia":[{"embeddable":true,"href":"https:\/\/etev7e.pef.czu.cz\/zs2223\/wp-json\/wp\/v2\/media\/3945"}],"wp:attachment":[{"href":"https:\/\/etev7e.pef.czu.cz\/zs2223\/wp-json\/wp\/v2\/media?parent=3906"}],"wp:term":[{"taxonomy":"product_brand","embeddable":true,"href":"https:\/\/etev7e.pef.czu.cz\/zs2223\/wp-json\/wp\/v2\/product_brand?post=3906"},{"taxonomy":"product_cat","embeddable":true,"href":"https:\/\/etev7e.pef.czu.cz\/zs2223\/wp-json\/wp\/v2\/product_cat?post=3906"},{"taxonomy":"product_tag","embeddable":true,"href":"https:\/\/etev7e.pef.czu.cz\/zs2223\/wp-json\/wp\/v2\/product_tag?post=3906"}],"curies":[{"name":"wp","href":"https:\/\/api.w.org\/{rel}","templated":true}]}}