{"id":3948,"date":"2023-11-07T21:03:55","date_gmt":"2023-11-07T20:03:55","guid":{"rendered":"https:\/\/etev7e.pef.czu.cz\/zs2223\/?post_type=product&#038;p=3948"},"modified":"2023-11-07T21:03:55","modified_gmt":"2023-11-07T20:03:55","slug":"gumovy-micek-pro-psy","status":"publish","type":"product","link":"https:\/\/etev7e.pef.czu.cz\/zs2223\/produkt\/gumovy-micek-pro-psy\/","title":{"rendered":"Gumov\u00fd m\u00ed\u010dek pro psy"},"content":{"rendered":"<p><span lang=\"cs-cz\" xml:lang=\"cs-cz\">Gumov\u00e1 hra\u010dka pro psy, kter\u00e1 nab\u00edz\u00ed vy\u017eit\u00ed pro pejsky i p\u00e1n\u00ed\u010dky. V\u00fdhodou produktu jsou ostny, kter\u00e9 tak\u00e9 p\u0159isp\u00edvaj\u00ed k mas\u00e1\u017ei d\u00e1sn\u00ed. Produkt je vyroben z odoln\u00e9ho TTR materi\u00e1lu. T\u00edmto m\u00ed\u010dkem m\u016f\u017eete pot\u011b\u0161it v\u0161echny mazl\u00ed\u010dky.<\/span><\/p>\n<p><strong>Pr\u016fm\u011br m\u00ed\u010dku:<\/strong> 8 cm<\/p>\n<p><strong>Barva:<\/strong> \u010derven\u00e1<\/p>\n","protected":false},"excerpt":{"rendered":"<p>\u010cerven\u00fd gumov\u00fd m\u00ed\u010dek pro va\u0161e dom\u00e1c\u00ed mazl\u00ed\u010dky. Pot\u011b\u0161\u00ed ka\u017ed\u00e9ho pejska, kter\u00e9mu hra\u010dku darujete.<\/p>\n","protected":false},"featured_media":3957,"comment_status":"open","ping_status":"closed","template":"","meta":[],"product_brand":[],"product_cat":[1118],"product_tag":[58,521,515],"class_list":{"0":"post-3948","1":"product","2":"type-product","3":"status-publish","4":"has-post-thumbnail","6":"product_cat-doplnky-pro-psy","7":"product_tag-chovatelske-potreby-pro-psy","8":"product_tag-doplnky-pro-psy","9":"product_tag-hracka-pro-psy","11":"first","12":"instock","13":"sale","14":"taxable","15":"shipping-taxable","16":"purchasable","17":"product-type-simple"},"jetpack_sharing_enabled":true,"_links":{"self":[{"href":"https:\/\/etev7e.pef.czu.cz\/zs2223\/wp-json\/wp\/v2\/product\/3948","targetHints":{"allow":["GET"]}}],"collection":[{"href":"https:\/\/etev7e.pef.czu.cz\/zs2223\/wp-json\/wp\/v2\/product"}],"about":[{"href":"https:\/\/etev7e.pef.czu.cz\/zs2223\/wp-json\/wp\/v2\/types\/product"}],"replies":[{"embeddable":true,"href":"https:\/\/etev7e.pef.czu.cz\/zs2223\/wp-json\/wp\/v2\/comments?post=3948"}],"wp:featuredmedia":[{"embeddable":true,"href":"https:\/\/etev7e.pef.czu.cz\/zs2223\/wp-json\/wp\/v2\/media\/3957"}],"wp:attachment":[{"href":"https:\/\/etev7e.pef.czu.cz\/zs2223\/wp-json\/wp\/v2\/media?parent=3948"}],"wp:term":[{"taxonomy":"product_brand","embeddable":true,"href":"https:\/\/etev7e.pef.czu.cz\/zs2223\/wp-json\/wp\/v2\/product_brand?post=3948"},{"taxonomy":"product_cat","embeddable":true,"href":"https:\/\/etev7e.pef.czu.cz\/zs2223\/wp-json\/wp\/v2\/product_cat?post=3948"},{"taxonomy":"product_tag","embeddable":true,"href":"https:\/\/etev7e.pef.czu.cz\/zs2223\/wp-json\/wp\/v2\/product_tag?post=3948"}],"curies":[{"name":"wp","href":"https:\/\/api.w.org\/{rel}","templated":true}]}}