{"id":3970,"date":"2023-11-07T21:45:51","date_gmt":"2023-11-07T20:45:51","guid":{"rendered":"https:\/\/etev7e.pef.czu.cz\/zs2223\/?post_type=product&#038;p=3970"},"modified":"2023-11-07T21:45:51","modified_gmt":"2023-11-07T20:45:51","slug":"zasobnik-na-sacky-pro-psi-exkrementy","status":"publish","type":"product","link":"https:\/\/etev7e.pef.czu.cz\/zs2223\/produkt\/zasobnik-na-sacky-pro-psi-exkrementy\/","title":{"rendered":"Z\u00e1sobn\u00edk na s\u00e1\u010dky pro ps\u00ed exkrementy"},"content":{"rendered":"<p><span lang=\"cs-cz\" xml:lang=\"cs-cz\">Jednoduch\u00fd a snadno skladovateln\u00fd z\u00e1sobn\u00edk na s\u00e1\u010dky pro ps\u00ed exkrementy\u00a0<\/span><span lang=\"cs-cz\" xml:lang=\"cs-cz\">vyu\u017eije ka\u017ed\u00fd p\u00e1n\u00ed\u010dek p\u0159i proch\u00e1zce se sv\u00fdm mazl\u00ed\u010dkem. Pouzdro je vyrobeno\u00a0<\/span><span lang=\"cs-cz\" xml:lang=\"cs-cz\">z lehk\u00e9ho plastu a lze p\u0159ipnout nap\u0159\u00edklad na vod\u00edtko, ta\u0161ku nebo t\u0159eba na\u00a0<\/span><span lang=\"cs-cz\" xml:lang=\"cs-cz\">p\u00e1sek pro snadn\u00e9 a pohodln\u00e9 p\u0159en\u00e1\u0161en\u00ed.<\/span><\/p>\n<p><strong>Barva:<\/strong> r\u016f\u017eov\u00e1<\/p>\n","protected":false},"excerpt":{"rendered":"<p><span lang=\"cs-cz\" xml:lang=\"cs-cz\">Jednoduch\u00fd a snadno skladovateln\u00fd z\u00e1sobn\u00edk na s\u00e1\u010dky pro ps\u00ed exkrementy.<\/span><\/p>\n","protected":false},"featured_media":3971,"comment_status":"open","ping_status":"closed","template":"","meta":[],"product_brand":[],"product_cat":[1118],"product_tag":[58,521],"class_list":{"0":"post-3970","1":"product","2":"type-product","3":"status-publish","4":"has-post-thumbnail","6":"product_cat-doplnky-pro-psy","7":"product_tag-chovatelske-potreby-pro-psy","8":"product_tag-doplnky-pro-psy","10":"first","11":"instock","12":"sale","13":"taxable","14":"shipping-taxable","15":"purchasable","16":"product-type-simple"},"jetpack_sharing_enabled":true,"_links":{"self":[{"href":"https:\/\/etev7e.pef.czu.cz\/zs2223\/wp-json\/wp\/v2\/product\/3970","targetHints":{"allow":["GET"]}}],"collection":[{"href":"https:\/\/etev7e.pef.czu.cz\/zs2223\/wp-json\/wp\/v2\/product"}],"about":[{"href":"https:\/\/etev7e.pef.czu.cz\/zs2223\/wp-json\/wp\/v2\/types\/product"}],"replies":[{"embeddable":true,"href":"https:\/\/etev7e.pef.czu.cz\/zs2223\/wp-json\/wp\/v2\/comments?post=3970"}],"wp:featuredmedia":[{"embeddable":true,"href":"https:\/\/etev7e.pef.czu.cz\/zs2223\/wp-json\/wp\/v2\/media\/3971"}],"wp:attachment":[{"href":"https:\/\/etev7e.pef.czu.cz\/zs2223\/wp-json\/wp\/v2\/media?parent=3970"}],"wp:term":[{"taxonomy":"product_brand","embeddable":true,"href":"https:\/\/etev7e.pef.czu.cz\/zs2223\/wp-json\/wp\/v2\/product_brand?post=3970"},{"taxonomy":"product_cat","embeddable":true,"href":"https:\/\/etev7e.pef.czu.cz\/zs2223\/wp-json\/wp\/v2\/product_cat?post=3970"},{"taxonomy":"product_tag","embeddable":true,"href":"https:\/\/etev7e.pef.czu.cz\/zs2223\/wp-json\/wp\/v2\/product_tag?post=3970"}],"curies":[{"name":"wp","href":"https:\/\/api.w.org\/{rel}","templated":true}]}}