{"id":3973,"date":"2023-11-07T22:15:05","date_gmt":"2023-11-07T21:15:05","guid":{"rendered":"https:\/\/etev7e.pef.czu.cz\/zs2223\/?post_type=product&#038;p=3973"},"modified":"2023-11-07T22:15:05","modified_gmt":"2023-11-07T21:15:05","slug":"plastova-miska-pro-psy","status":"publish","type":"product","link":"https:\/\/etev7e.pef.czu.cz\/zs2223\/produkt\/plastova-miska-pro-psy\/","title":{"rendered":"Plastov\u00e1 miska pro psy"},"content":{"rendered":"<p><span lang=\"cs-cz\" xml:lang=\"cs-cz\">Plastov\u00e1 miska o objemu 700 ml je ur\u010dena pro pejsky jak\u00e9koliv velikosti. Je vyrobena z netoxick\u00fdch a pln\u011b recyklovateln\u00fdch materi\u00e1l\u016f a lze ji vyu\u017e\u00edt jak na granule, \u010di jak\u00e9koliv jin\u00e9 krmivo, nebo tak\u00e9 jako misku na vodu. Miska je vyrobena z odoln\u00e9ho plastu, kter\u00fd vydr\u017e\u00ed i to nejhrub\u011bj\u0161\u00ed zach\u00e1zen\u00ed od va\u0161ich mazl\u00ed\u010dk\u016f.<\/span><\/p>\n<p><strong>Pr\u016fm\u011br:<\/strong> 19,6 cm<\/p>\n","protected":false},"excerpt":{"rendered":"<p>Plastov\u00e1 miska o objemu 700 ml je ur\u010dena pro pejsky jak\u00e9koliv velikosti.<\/p>\n","protected":false},"featured_media":3977,"comment_status":"open","ping_status":"closed","template":"","meta":[],"product_brand":[],"product_cat":[1118],"product_tag":[58,521,524],"class_list":{"0":"post-3973","1":"product","2":"type-product","3":"status-publish","4":"has-post-thumbnail","6":"product_cat-doplnky-pro-psy","7":"product_tag-chovatelske-potreby-pro-psy","8":"product_tag-doplnky-pro-psy","9":"product_tag-miska-pro-psa","11":"first","12":"instock","13":"sale","14":"taxable","15":"shipping-taxable","16":"purchasable","17":"product-type-simple"},"jetpack_sharing_enabled":true,"_links":{"self":[{"href":"https:\/\/etev7e.pef.czu.cz\/zs2223\/wp-json\/wp\/v2\/product\/3973","targetHints":{"allow":["GET"]}}],"collection":[{"href":"https:\/\/etev7e.pef.czu.cz\/zs2223\/wp-json\/wp\/v2\/product"}],"about":[{"href":"https:\/\/etev7e.pef.czu.cz\/zs2223\/wp-json\/wp\/v2\/types\/product"}],"replies":[{"embeddable":true,"href":"https:\/\/etev7e.pef.czu.cz\/zs2223\/wp-json\/wp\/v2\/comments?post=3973"}],"wp:featuredmedia":[{"embeddable":true,"href":"https:\/\/etev7e.pef.czu.cz\/zs2223\/wp-json\/wp\/v2\/media\/3977"}],"wp:attachment":[{"href":"https:\/\/etev7e.pef.czu.cz\/zs2223\/wp-json\/wp\/v2\/media?parent=3973"}],"wp:term":[{"taxonomy":"product_brand","embeddable":true,"href":"https:\/\/etev7e.pef.czu.cz\/zs2223\/wp-json\/wp\/v2\/product_brand?post=3973"},{"taxonomy":"product_cat","embeddable":true,"href":"https:\/\/etev7e.pef.czu.cz\/zs2223\/wp-json\/wp\/v2\/product_cat?post=3973"},{"taxonomy":"product_tag","embeddable":true,"href":"https:\/\/etev7e.pef.czu.cz\/zs2223\/wp-json\/wp\/v2\/product_tag?post=3973"}],"curies":[{"name":"wp","href":"https:\/\/api.w.org\/{rel}","templated":true}]}}