{"id":4668,"date":"2024-10-27T00:08:58","date_gmt":"2024-10-26T22:08:58","guid":{"rendered":"https:\/\/etev7e.pef.czu.cz\/zs2223\/?post_type=product&#038;p=4668"},"modified":"2024-10-27T00:10:26","modified_gmt":"2024-10-26T22:10:26","slug":"duvo-krmivo-pro-jesetery-10-l-6mm","status":"publish","type":"product","link":"https:\/\/etev7e.pef.czu.cz\/zs2223\/produkt\/duvo-krmivo-pro-jesetery-10-l-6mm\/","title":{"rendered":"DUVO+ Krmivo pro jesetery 10 l 6mm"},"content":{"rendered":"<h2>DUVO+ Krmivo pro jesetery 10 l 6mm<\/h2>\n<div id=\"cpcm_cpc_mediaDescription\">\n<div id=\"desc\">\n<div id=\"descAnnotation\" class=\"lazyDescription\" data-code=\"KRMA0311\">\n<div>\n<div class=\"agp\">\n<div class=\"agp-container agp-container--full\">\n<div class=\"agp__text\">\n<p>P\u0159i v\u00fdb\u011bru krmiva pro venkovn\u00ed ryby se zam\u011b\u0159te na lehkou stravitelnost a optim\u00e1ln\u00ed obsah z\u00e1kladn\u00edch \u017eivin. <strong>Ke zpest\u0159en\u00ed potravy venkovn\u00edch ryb jim vyberte toto krmivo ve form\u011b pelet a ty\u010dinek. <\/strong>Krmivo pro venkovn\u00ed ryby DUVO+ je ur\u010deno pro jesetery a jezern\u00ed ryby. Nechyb\u00ed v n\u011bm ani vitam\u00edn A a vitam\u00edn D3. Proto\u017ee disponuje velk\u00fdm mno\u017estv\u00edm protein\u016f, vyhovuje venkovn\u00edm ryb\u00e1m, pro n\u011b\u017e je nezbytn\u00e1 strava s vysok\u00fdm pod\u00edlem slo\u017eek \u017eivo\u010di\u0161n\u00e9ho p\u016fvodu. Hmotnost krmiva pro ryby DUVO+ o\u010dek\u00e1vejte 10 kg. Balen\u00ed je tvo\u0159eno 1 kusem krmiva.<\/p>\n<\/div>\n<\/div>\n<div class=\"agp-container agp-container--full\">\n<div class=\"agp__text\">\n<h2>Z\u00e1sadn\u00ed p\u0159ednosti krmiva pro venkovn\u00ed ryby DUVO+ Krmivo pro jesetery 10 l 6mm<\/h2>\n<ul>\n<li>Krmivo pro ryby DUVO+ \u0159ad\u00edme mezi kompletn\u00ed krmivo<\/li>\n<li>Jsou to pelety a ty\u010dinky<\/li>\n<li>Krmivo pro venkovn\u00ed ryby DUVO+ slou\u017e\u00ed pro jesetery a jezern\u00ed ryby<\/li>\n<li>Venkovn\u00ed rybi\u010dky si zajist\u00e9 obl\u00edb\u00ed toto krmen\u00ed s vysok\u00fdm obsahem protein\u016f<\/li>\n<li><strong>Krmivo je obohaceno o <\/strong><strong>vitam\u00edn A a vitam\u00edn D3 <\/strong><\/li>\n<li>V balen\u00ed o\u010dek\u00e1vejte 1 kus krmiva do akv\u00e1ria<\/li>\n<li>Hmotnost krmiva pro venkovn\u00ed ryby DUVO+ \u010din\u00ed 10 kg<\/li>\n<\/ul>\n<p>&nbsp;<\/p>\n<\/div>\n<\/div>\n<\/div>\n<\/div>\n<\/div>\n<\/div>\n<\/div>\n","protected":false},"excerpt":{"rendered":"<p>Krmivo pro venkovn\u00ed ryby DUVO+ je ur\u010deno pro jesetery a jezern\u00ed ryby. Nechyb\u00ed v n\u011bm ani vitam\u00edn A a vitam\u00edn D3.<\/p>\n","protected":false},"featured_media":4669,"comment_status":"open","ping_status":"closed","template":"","meta":[],"product_brand":[],"product_cat":[1163],"product_tag":[1165,1164,1167,1166],"class_list":{"0":"post-4668","1":"product","2":"type-product","3":"status-publish","4":"has-post-thumbnail","6":"product_cat-chovatelske-potreby","7":"product_tag-krmivo","8":"product_tag-krmivo-pro-ryby","9":"product_tag-krmivo-pro-ryby-nad-10kg","10":"product_tag-ryby","12":"first","13":"instock","14":"sale","15":"taxable","16":"shipping-taxable","17":"purchasable","18":"product-type-simple"},"jetpack_sharing_enabled":true,"_links":{"self":[{"href":"https:\/\/etev7e.pef.czu.cz\/zs2223\/wp-json\/wp\/v2\/product\/4668","targetHints":{"allow":["GET"]}}],"collection":[{"href":"https:\/\/etev7e.pef.czu.cz\/zs2223\/wp-json\/wp\/v2\/product"}],"about":[{"href":"https:\/\/etev7e.pef.czu.cz\/zs2223\/wp-json\/wp\/v2\/types\/product"}],"replies":[{"embeddable":true,"href":"https:\/\/etev7e.pef.czu.cz\/zs2223\/wp-json\/wp\/v2\/comments?post=4668"}],"wp:featuredmedia":[{"embeddable":true,"href":"https:\/\/etev7e.pef.czu.cz\/zs2223\/wp-json\/wp\/v2\/media\/4669"}],"wp:attachment":[{"href":"https:\/\/etev7e.pef.czu.cz\/zs2223\/wp-json\/wp\/v2\/media?parent=4668"}],"wp:term":[{"taxonomy":"product_brand","embeddable":true,"href":"https:\/\/etev7e.pef.czu.cz\/zs2223\/wp-json\/wp\/v2\/product_brand?post=4668"},{"taxonomy":"product_cat","embeddable":true,"href":"https:\/\/etev7e.pef.czu.cz\/zs2223\/wp-json\/wp\/v2\/product_cat?post=4668"},{"taxonomy":"product_tag","embeddable":true,"href":"https:\/\/etev7e.pef.czu.cz\/zs2223\/wp-json\/wp\/v2\/product_tag?post=4668"}],"curies":[{"name":"wp","href":"https:\/\/api.w.org\/{rel}","templated":true}]}}