{"id":4678,"date":"2024-10-27T17:59:09","date_gmt":"2024-10-27T16:59:09","guid":{"rendered":"https:\/\/etev7e.pef.czu.cz\/zs2223\/?post_type=product&#038;p=4678"},"modified":"2024-10-27T23:31:51","modified_gmt":"2024-10-27T22:31:51","slug":"lona-kompletni-smes-pro-venkovni-ptaky-800-g","status":"publish","type":"product","link":"https:\/\/etev7e.pef.czu.cz\/zs2223\/produkt\/lona-kompletni-smes-pro-venkovni-ptaky-800-g\/","title":{"rendered":"Lona kompletn\u00ed sm\u011bs pro venkovn\u00ed pt\u00e1ky 800 g"},"content":{"rendered":"<div>\n<div>\n<div>\n<div id=\"productDetail\">\n<div>\n<div>\n<p>Kompletn\u00ed sm\u011bs pro venkovn\u00ed ptactvo od holandsk\u00e9 zna\u010dky Lona, vhodn\u00e1 ke krmen\u00ed po cel\u00fd rok. Sm\u011bs kuku\u0159ice, slune\u010dnice a ara\u0161\u00edd\u016f je bohat\u00e1 na vysokokalorick\u00e9 oleje a tuky, z kter\u00e9 si ka\u017ed\u00fd pt\u00e1\u010dek s\u00e1m vyzobe, co aktu\u00e1ln\u011b pot\u0159ebuje.<\/p>\n<\/div>\n<\/div>\n<\/div>\n<\/div>\n<\/div>\n<\/div>\n<p>Nev\u00edte, jak\u00e9 krmen\u00ed venkovn\u00edm pt\u00e1\u010dk\u016fm koupit? S\u00e1hn\u011bte po\u00a0<strong>kompletn\u00ed sm\u011bsi pro venkovn\u00ed pt\u00e1ky<\/strong>\u00a0od holandsk\u00e9 zna\u010dky Lona, kter\u00e1 za v\u00e1s probl\u00e9m s rozhodov\u00e1n\u00edm hrav\u011b vy\u0159e\u0161\u00ed. Sm\u011bs kuku\u0159ice, slune\u010dnice a ara\u0161\u00edd\u016f je bohat\u00e1 na vysokokalorick\u00e9 oleje a tuky, \u010d\u00edm\u017e pt\u00e1\u010dky skv\u011ble zasyt\u00ed a dod\u00e1 porci energie<strong>\u00a0<\/strong>nejen v zimn\u00edch m\u011bs\u00edc\u00edch. Kompletn\u00ed sm\u011bs<strong>\u00a0p\u0159ijde na chu\u0165 ka\u017ed\u00e9mu pt\u00e1\u010dkovi<\/strong>, kter\u00fd se zatoul\u00e1 k va\u0161emu krm\u00edtku. S\u00e1m si toti\u017e vyzobe to, co nejv\u00edce pot\u0159ebuje.<\/p>\n<p>Slo\u017een\u00ed:<\/p>\n<p>P\u0161enice, kuku\u0159ice, slune\u010dnicov\u00e1 sem\u00ednka, proso, loupan\u00e9 ara\u0161\u00eddy, nasekan\u00e1 kuku\u0159ice, oves.<\/p>\n<p>Analytick\u00e9 slo\u017eky:<\/p>\n<p>Hrub\u00fd protein 13,3 %, hrub\u00fd tuk 15,1 %, hrub\u00e1 vl\u00e1knina 10,3 %.<\/p>\n<p>Krmte dle pot\u0159eby. Skladujte na chladn\u00e9m, such\u00e9m a stinn\u00e9m m\u00edst\u011b.<\/p>\n","protected":false},"excerpt":{"rendered":"<p>Krmivo pro venkovn\u00ed pt\u00e1ky<\/p>\n","protected":false},"featured_media":4679,"comment_status":"open","ping_status":"closed","template":"","meta":[],"product_brand":[],"product_cat":[1163],"product_tag":[1169,1168,1170],"class_list":{"0":"post-4678","1":"product","2":"type-product","3":"status-publish","4":"has-post-thumbnail","6":"product_cat-chovatelske-potreby","7":"product_tag-kompletni-krmivo","8":"product_tag-krmivo-pro-ptaky","9":"product_tag-lona","11":"first","12":"instock","13":"taxable","14":"shipping-taxable","15":"purchasable","16":"product-type-simple"},"jetpack_sharing_enabled":true,"_links":{"self":[{"href":"https:\/\/etev7e.pef.czu.cz\/zs2223\/wp-json\/wp\/v2\/product\/4678","targetHints":{"allow":["GET"]}}],"collection":[{"href":"https:\/\/etev7e.pef.czu.cz\/zs2223\/wp-json\/wp\/v2\/product"}],"about":[{"href":"https:\/\/etev7e.pef.czu.cz\/zs2223\/wp-json\/wp\/v2\/types\/product"}],"replies":[{"embeddable":true,"href":"https:\/\/etev7e.pef.czu.cz\/zs2223\/wp-json\/wp\/v2\/comments?post=4678"}],"wp:featuredmedia":[{"embeddable":true,"href":"https:\/\/etev7e.pef.czu.cz\/zs2223\/wp-json\/wp\/v2\/media\/4679"}],"wp:attachment":[{"href":"https:\/\/etev7e.pef.czu.cz\/zs2223\/wp-json\/wp\/v2\/media?parent=4678"}],"wp:term":[{"taxonomy":"product_brand","embeddable":true,"href":"https:\/\/etev7e.pef.czu.cz\/zs2223\/wp-json\/wp\/v2\/product_brand?post=4678"},{"taxonomy":"product_cat","embeddable":true,"href":"https:\/\/etev7e.pef.czu.cz\/zs2223\/wp-json\/wp\/v2\/product_cat?post=4678"},{"taxonomy":"product_tag","embeddable":true,"href":"https:\/\/etev7e.pef.czu.cz\/zs2223\/wp-json\/wp\/v2\/product_tag?post=4678"}],"curies":[{"name":"wp","href":"https:\/\/api.w.org\/{rel}","templated":true}]}}