{"id":4711,"date":"2024-10-29T12:04:10","date_gmt":"2024-10-29T11:04:10","guid":{"rendered":"https:\/\/etev7e.pef.czu.cz\/zs2223\/?post_type=product&#038;p=4711"},"modified":"2024-10-29T12:10:59","modified_gmt":"2024-10-29T11:10:59","slug":"vichy-dercos-peelingovy-sampon-proti-lupum-250ml","status":"publish","type":"product","link":"https:\/\/etev7e.pef.czu.cz\/zs2223\/produkt\/vichy-dercos-peelingovy-sampon-proti-lupum-250ml\/","title":{"rendered":"VICHY DERCOS peelingov\u00fd \u0161ampon proti lup\u016fm 250ml"},"content":{"rendered":"<p>Tento \u0161ampon proti lup\u016fm hloubkov\u011b \u010dist\u00ed poko\u017eku hlavy a vlasy, odstra\u0148uje lupy a zabra\u0148uje jejich op\u011btovn\u00e9mu v\u00fdskytu. Jeho aktivn\u00ed slo\u017een\u00ed s kyselinou salicylovou poskytuje jemn\u00fd exfolia\u010dn\u00ed \u00fa\u010dinek, kter\u00fd odstra\u0148uje st\u00e1vaj\u00edc\u00ed lupy a z\u00e1rove\u0148 zklid\u0148uje podr\u00e1\u017ed\u011bn\u00ed. Speci\u00e1ln\u00ed sm\u011bs p\u0159\u00edrodn\u00edch v\u00fdta\u017ek\u016f a mentolu poskytuje osv\u011b\u017euj\u00edc\u00ed pocit.<\/p>\n","protected":false},"excerpt":{"rendered":"<p>Tento \u0161ampon proti lup\u016fm hloubkov\u011b \u010dist\u00ed poko\u017eku hlavy a vlasy, odstra\u0148uje lupy a zabra\u0148uje jejich op\u011btovn\u00e9mu v\u00fdskytu.<\/p>\n","protected":false},"featured_media":4712,"comment_status":"open","ping_status":"closed","template":"","meta":[],"product_brand":[],"product_cat":[753],"product_tag":[1186,1187,943],"class_list":{"0":"post-4711","1":"product","2":"type-product","3":"status-publish","4":"has-post-thumbnail","6":"product_cat-drogerie","7":"product_tag-dermokosmetika","8":"product_tag-dermokosmetika-na-vlasy","9":"product_tag-kosmetika","11":"first","12":"instock","13":"taxable","14":"shipping-taxable","15":"purchasable","16":"product-type-simple"},"jetpack_sharing_enabled":true,"_links":{"self":[{"href":"https:\/\/etev7e.pef.czu.cz\/zs2223\/wp-json\/wp\/v2\/product\/4711","targetHints":{"allow":["GET"]}}],"collection":[{"href":"https:\/\/etev7e.pef.czu.cz\/zs2223\/wp-json\/wp\/v2\/product"}],"about":[{"href":"https:\/\/etev7e.pef.czu.cz\/zs2223\/wp-json\/wp\/v2\/types\/product"}],"replies":[{"embeddable":true,"href":"https:\/\/etev7e.pef.czu.cz\/zs2223\/wp-json\/wp\/v2\/comments?post=4711"}],"wp:featuredmedia":[{"embeddable":true,"href":"https:\/\/etev7e.pef.czu.cz\/zs2223\/wp-json\/wp\/v2\/media\/4712"}],"wp:attachment":[{"href":"https:\/\/etev7e.pef.czu.cz\/zs2223\/wp-json\/wp\/v2\/media?parent=4711"}],"wp:term":[{"taxonomy":"product_brand","embeddable":true,"href":"https:\/\/etev7e.pef.czu.cz\/zs2223\/wp-json\/wp\/v2\/product_brand?post=4711"},{"taxonomy":"product_cat","embeddable":true,"href":"https:\/\/etev7e.pef.czu.cz\/zs2223\/wp-json\/wp\/v2\/product_cat?post=4711"},{"taxonomy":"product_tag","embeddable":true,"href":"https:\/\/etev7e.pef.czu.cz\/zs2223\/wp-json\/wp\/v2\/product_tag?post=4711"}],"curies":[{"name":"wp","href":"https:\/\/api.w.org\/{rel}","templated":true}]}}