{"id":4718,"date":"2024-10-29T12:16:20","date_gmt":"2024-10-29T11:16:20","guid":{"rendered":"https:\/\/etev7e.pef.czu.cz\/zs2223\/?post_type=product&#038;p=4718"},"modified":"2024-10-29T12:16:20","modified_gmt":"2024-10-29T11:16:20","slug":"axe-alaska-sprchovy-gel-250ml","status":"publish","type":"product","link":"https:\/\/etev7e.pef.czu.cz\/zs2223\/produkt\/axe-alaska-sprchovy-gel-250ml\/","title":{"rendered":"AXE ALASKA sprchov\u00fd gel 250ml"},"content":{"rendered":"<p>Sprchov\u00fd gel poskytuje okam\u017eitou ledovou sv\u011b\u017eest d\u00edky chladiv\u00e9 m\u00e1t\u011b a citrusov\u00fdm t\u00f3n\u016fm. Hloubkov\u011b \u010dist\u00ed a hydratuje poko\u017eku, zanech\u00e1v\u00e1 ji sv\u011b\u017e\u00ed a revitalizovanou. Je ide\u00e1ln\u00ed pro ka\u017edodenn\u00ed sprchu, kdy dod\u00e1 energii a pocit \u010distoty na cel\u00fd den.<\/p>\n","protected":false},"excerpt":{"rendered":"<p>Sprchov\u00fd gel poskytuje okam\u017eitou ledovou sv\u011b\u017eest d\u00edky chladiv\u00e9 m\u00e1t\u011b a citrusov\u00fdm t\u00f3n\u016fm.<\/p>\n","protected":false},"featured_media":4719,"comment_status":"open","ping_status":"closed","template":"","meta":[],"product_brand":[],"product_cat":[753],"product_tag":[997,1193,1194],"class_list":{"0":"post-4718","1":"product","2":"type-product","3":"status-publish","4":"has-post-thumbnail","6":"product_cat-drogerie","7":"product_tag-drogerie","8":"product_tag-osobni-pece","9":"product_tag-sprchove-gely","11":"first","12":"instock","13":"taxable","14":"shipping-taxable","15":"purchasable","16":"product-type-simple"},"jetpack_sharing_enabled":true,"_links":{"self":[{"href":"https:\/\/etev7e.pef.czu.cz\/zs2223\/wp-json\/wp\/v2\/product\/4718","targetHints":{"allow":["GET"]}}],"collection":[{"href":"https:\/\/etev7e.pef.czu.cz\/zs2223\/wp-json\/wp\/v2\/product"}],"about":[{"href":"https:\/\/etev7e.pef.czu.cz\/zs2223\/wp-json\/wp\/v2\/types\/product"}],"replies":[{"embeddable":true,"href":"https:\/\/etev7e.pef.czu.cz\/zs2223\/wp-json\/wp\/v2\/comments?post=4718"}],"wp:featuredmedia":[{"embeddable":true,"href":"https:\/\/etev7e.pef.czu.cz\/zs2223\/wp-json\/wp\/v2\/media\/4719"}],"wp:attachment":[{"href":"https:\/\/etev7e.pef.czu.cz\/zs2223\/wp-json\/wp\/v2\/media?parent=4718"}],"wp:term":[{"taxonomy":"product_brand","embeddable":true,"href":"https:\/\/etev7e.pef.czu.cz\/zs2223\/wp-json\/wp\/v2\/product_brand?post=4718"},{"taxonomy":"product_cat","embeddable":true,"href":"https:\/\/etev7e.pef.czu.cz\/zs2223\/wp-json\/wp\/v2\/product_cat?post=4718"},{"taxonomy":"product_tag","embeddable":true,"href":"https:\/\/etev7e.pef.czu.cz\/zs2223\/wp-json\/wp\/v2\/product_tag?post=4718"}],"curies":[{"name":"wp","href":"https:\/\/api.w.org\/{rel}","templated":true}]}}