{"id":4750,"date":"2024-11-01T13:32:23","date_gmt":"2024-11-01T12:32:23","guid":{"rendered":"https:\/\/etev7e.pef.czu.cz\/zs2223\/?post_type=product&#038;p=4750"},"modified":"2024-11-02T19:34:14","modified_gmt":"2024-11-02T18:34:14","slug":"somerset-toiletry-krem-na-ruce-levandule","status":"publish","type":"product","link":"https:\/\/etev7e.pef.czu.cz\/zs2223\/produkt\/somerset-toiletry-krem-na-ruce-levandule\/","title":{"rendered":"Somerset toiletry Kr\u00e9m na ruce &#8211; Levandule"},"content":{"rendered":"<p>Pe\u010dujte o va\u0161i suchou poko\u017eku rukou levandulov\u00fdm kr\u00e9mem Somerset Toiletry. Vo\u0148av\u00e1\u00a0<a href=\"https:\/\/www.vasemanikury.cz\/slovnik-pojmu\/levandule\/\">levandule<\/a>\u00a0uklid\u0148uje,\u00a0uvol\u0148uje\u00a0a zbavuje v\u00e1s tak ka\u017edodenn\u00edho stresu.<\/p>\n<ul type=\"square\">\n<li>objem 60 ml<\/li>\n<li>vysok\u00fd obsah bambuck\u00e9ho m\u00e1sla pro dokonalou hydrataci<\/li>\n<li>vhodn\u00fd i na velmi such\u00e9 ruce<\/li>\n<li>men\u0161\u00ed balen\u00ed do kabelky, cestov\u00e1n\u00ed<\/li>\n<li>bez paraben\u016f<\/li>\n<\/ul>\n<p>Pou\u017eit\u00ed: Mal\u00e9 mno\u017estv\u00ed kr\u00e9mu\u00a0o velikosti l\u00edskov\u00e9ho o\u0159\u00ed\u0161ku vmas\u00edrujte do dlan\u00ed. Kr\u00e9m\u00a0se rychle vst\u0159eb\u00e1v\u00e1 a zanech\u00e1v\u00e1 poko\u017eku jemnou a provon\u011bnou.<\/p>\n","protected":false},"excerpt":{"rendered":"<p>Vy\u017eivuj\u00edc\u00ed kr\u00e9m na ruce Somerset Toiletry vhodn\u00fd i na velmi suchou poko\u017eku s uklid\u0148uj\u00edc\u00ed v\u016fn\u00ed levandule.<\/p>\n","protected":false},"featured_media":4752,"comment_status":"open","ping_status":"closed","template":"","meta":[],"product_brand":[],"product_cat":[1173],"product_tag":[1295,866,741,1292,1293,1294,1285],"class_list":{"0":"post-4750","1":"product","2":"type-product","3":"status-publish","4":"has-post-thumbnail","6":"product_cat-kosmetika","7":"product_tag-darky-pro-zeny","8":"product_tag-hydratace","9":"product_tag-kremy","10":"product_tag-kremy-na-ruce","11":"product_tag-levandule","12":"product_tag-pece-o-ruce","13":"product_tag-prirodni-kosmetika","15":"first","16":"instock","17":"taxable","18":"shipping-taxable","19":"purchasable","20":"product-type-simple"},"jetpack_sharing_enabled":true,"_links":{"self":[{"href":"https:\/\/etev7e.pef.czu.cz\/zs2223\/wp-json\/wp\/v2\/product\/4750","targetHints":{"allow":["GET"]}}],"collection":[{"href":"https:\/\/etev7e.pef.czu.cz\/zs2223\/wp-json\/wp\/v2\/product"}],"about":[{"href":"https:\/\/etev7e.pef.czu.cz\/zs2223\/wp-json\/wp\/v2\/types\/product"}],"replies":[{"embeddable":true,"href":"https:\/\/etev7e.pef.czu.cz\/zs2223\/wp-json\/wp\/v2\/comments?post=4750"}],"wp:featuredmedia":[{"embeddable":true,"href":"https:\/\/etev7e.pef.czu.cz\/zs2223\/wp-json\/wp\/v2\/media\/4752"}],"wp:attachment":[{"href":"https:\/\/etev7e.pef.czu.cz\/zs2223\/wp-json\/wp\/v2\/media?parent=4750"}],"wp:term":[{"taxonomy":"product_brand","embeddable":true,"href":"https:\/\/etev7e.pef.czu.cz\/zs2223\/wp-json\/wp\/v2\/product_brand?post=4750"},{"taxonomy":"product_cat","embeddable":true,"href":"https:\/\/etev7e.pef.czu.cz\/zs2223\/wp-json\/wp\/v2\/product_cat?post=4750"},{"taxonomy":"product_tag","embeddable":true,"href":"https:\/\/etev7e.pef.czu.cz\/zs2223\/wp-json\/wp\/v2\/product_tag?post=4750"}],"curies":[{"name":"wp","href":"https:\/\/api.w.org\/{rel}","templated":true}]}}