{"id":4785,"date":"2024-11-01T15:04:29","date_gmt":"2024-11-01T14:04:29","guid":{"rendered":"https:\/\/etev7e.pef.czu.cz\/zs2223\/?post_type=product&#038;p=4785"},"modified":"2024-11-01T15:25:45","modified_gmt":"2024-11-01T14:25:45","slug":"kreatinovy-prasek","status":"publish","type":"product","link":"https:\/\/etev7e.pef.czu.cz\/zs2223\/produkt\/kreatinovy-prasek\/","title":{"rendered":"Kreatinov\u00fd pr\u00e1\u0161ek"},"content":{"rendered":"<p>Kreatin monohydr\u00e1t je nejefektivn\u011bj\u0161\u00ed kreatinov\u00fd p\u0159\u00edpravek, pokud hled\u00e1te zp\u016fsob jak zv\u011bt\u0161it svalovou hmotu. P\u0159id\u00e1n\u00ed porce kreatinu v pr\u00e1\u0161ku do Va\u0161eho obl\u00edben\u00e9ho n\u00e1poje poskytne Va\u0161emu t\u011blu zdroj energie zvan\u00fd Kreatin fosf\u00e1t, kter\u00fd V\u00e1m poskytne mocn\u00fd p\u0159\u00edval energie pro V\u00e1\u0161 tr\u00e9nink.<\/p>\n<div><strong>cena \/ cena po slev\u011b:<\/strong>\u00a0589 K\u010d \/ 530 K\u010d,\u00a0999 K\u010d \/\u00a0 899K\u010d, 1699 K\u010d \/\u00a0 1529 K\u010d,<\/div>\n<p>EAN k\u00f3d<\/p>\n<p><em>8591116666669<\/em><\/p>\n<p><strong>hmotnost:<\/strong>\u00a0250g, 500g, 1kg<\/p>\n<p><strong>komplementy<\/strong>: Whey proteiny, BCAA aminokyseliny, omega 3 mastn\u00e9 kyseliny, vitam\u00edny a miner\u00e1ly, EAA dopl\u0148ky, L-carnitin<\/p>\n<p><strong>substituty:<\/strong>\u00a0 proteiny, b\u00edlkoviny, booster, spalova\u010de tuk\u016f, aminokyseliny<\/p>\n<p><strong>varianty:\u00a0<\/strong>p\u0159\u00edchut\u011b &#8211; vodn\u00ed meloun, t\u0159e\u0161\u0148ov\u00e1 limon\u00e1da a broskev-mango.<\/p>\n<p><strong>kategorie:\u00a0<\/strong>nejvy\u0161\u0161\u00ed hladina kreatin monohydr\u00e1tu, r\u016fzn\u00e9 p\u0159\u00edchut\u011b, zvy\u0161uje fyzickou v\u00fdkonnost, snadn\u00e9 p\u0159id\u00e1n\u00ed do n\u00e1poj\u016f<\/p>\n<p><strong>\u0161t\u00edtky produktu:\u00a0<\/strong>n\u00e1zev, kreatin monohydr\u00e1t\u00a0na porci, kalorick\u00e1 hodnota, slo\u017een\u00ed, doporu\u010den\u00e9 d\u00e1vkov\u00e1n\u00ed, nutri\u010dn\u00ed hodnoty,<\/p>\n","protected":false},"excerpt":{"rendered":"<p>Kreatin monohydr\u00e1t je nejefektivn\u011bj\u0161\u00ed kreatinov\u00fd p\u0159\u00edpravek, pokud hled\u00e1te zp\u016fsob jak zv\u011bt\u0161it svalovou hmotu. P\u0159id\u00e1n\u00ed porce kreatinu v pr\u00e1\u0161ku do Va\u0161eho obl\u00edben\u00e9ho n\u00e1poje poskytne Va\u0161emu t\u011blu zdroj energie zvan\u00fd Kreatin fosf\u00e1t, kter\u00fd V\u00e1m poskytne mocn\u00fd p\u0159\u00edval energie pro V\u00e1\u0161 tr\u00e9nink.<\/p>\n","protected":false},"featured_media":4786,"comment_status":"open","ping_status":"closed","template":"","meta":[],"product_brand":[],"product_cat":[1212],"product_tag":[1232,75],"class_list":{"0":"post-4785","1":"product","2":"type-product","3":"status-publish","4":"has-post-thumbnail","6":"product_cat-fitness-doplnky","7":"product_tag-1232","8":"product_tag-fitness","10":"first","11":"instock","12":"sale","13":"taxable","14":"shipping-taxable","15":"purchasable","16":"product-type-variable"},"jetpack_sharing_enabled":true,"_links":{"self":[{"href":"https:\/\/etev7e.pef.czu.cz\/zs2223\/wp-json\/wp\/v2\/product\/4785","targetHints":{"allow":["GET"]}}],"collection":[{"href":"https:\/\/etev7e.pef.czu.cz\/zs2223\/wp-json\/wp\/v2\/product"}],"about":[{"href":"https:\/\/etev7e.pef.czu.cz\/zs2223\/wp-json\/wp\/v2\/types\/product"}],"replies":[{"embeddable":true,"href":"https:\/\/etev7e.pef.czu.cz\/zs2223\/wp-json\/wp\/v2\/comments?post=4785"}],"wp:featuredmedia":[{"embeddable":true,"href":"https:\/\/etev7e.pef.czu.cz\/zs2223\/wp-json\/wp\/v2\/media\/4786"}],"wp:attachment":[{"href":"https:\/\/etev7e.pef.czu.cz\/zs2223\/wp-json\/wp\/v2\/media?parent=4785"}],"wp:term":[{"taxonomy":"product_brand","embeddable":true,"href":"https:\/\/etev7e.pef.czu.cz\/zs2223\/wp-json\/wp\/v2\/product_brand?post=4785"},{"taxonomy":"product_cat","embeddable":true,"href":"https:\/\/etev7e.pef.czu.cz\/zs2223\/wp-json\/wp\/v2\/product_cat?post=4785"},{"taxonomy":"product_tag","embeddable":true,"href":"https:\/\/etev7e.pef.czu.cz\/zs2223\/wp-json\/wp\/v2\/product_tag?post=4785"}],"curies":[{"name":"wp","href":"https:\/\/api.w.org\/{rel}","templated":true}]}}