{"id":4828,"date":"2024-11-02T12:39:30","date_gmt":"2024-11-02T11:39:30","guid":{"rendered":"https:\/\/etev7e.pef.czu.cz\/zs2223\/?post_type=product&#038;p=4828"},"modified":"2024-11-05T21:40:20","modified_gmt":"2024-11-05T20:40:20","slug":"lego-technic-zavodni-auto-mclaren-formule-1","status":"publish","type":"product","link":"https:\/\/etev7e.pef.czu.cz\/zs2223\/produkt\/lego-technic-zavodni-auto-mclaren-formule-1\/","title":{"rendered":"LEGO Technic &#8211; Z\u00e1vodn\u00ed auto McLaren Formule 1"},"content":{"rendered":"<p>Z\u00e1vodn\u00ed auto McLaren Formule 1 je detailn\u011b propracovan\u00e1 stavebnice, kter\u00e1 d\u016fkladn\u011b zachycuje technickou dokonalost a aerodynamick\u00fd design z\u00e1vodn\u00edch monopost\u016f F1 od McLarenu. Tento model je vytvo\u0159en ve spolupr\u00e1ci se st\u00e1j\u00ed McLaren Racing a p\u0159in\u00e1\u0161\u00ed autentick\u00fd z\u00e1\u017eitek z konstrukce vozu, kter\u00fd je navr\u017een podle re\u00e1ln\u00e9 sez\u00f3nn\u00ed specifikace F1. Stavebnice obsahuje 1 432 d\u00edlk\u016f, kter\u00e9 umo\u017en\u00ed postavit model s realistick\u00fdmi funkcemi, jako jsou funk\u010dn\u00ed motor V6 s pohybliv\u00fdmi p\u00edsty, \u0159iditeln\u00e1 p\u0159edn\u00ed kola \u010di nez\u00e1visl\u00e9 zav\u011b\u0161en\u00ed kol. Po sestaven\u00ed m\u011b\u0159\u00ed z\u00e1vodn\u00ed auto McLaren F1 \u00factyhodn\u00fdch 13 cm na v\u00fd\u0161ku, 65 cm na d\u00e9lku a 27 cm na \u0161\u00ed\u0159ku.<\/p>\n","protected":false},"excerpt":{"rendered":"<p>Z\u00e1vodn\u00ed auto McLaren F1 je detailn\u00ed stavebnice, kter\u00e1 p\u0159edstavuje aerodynamick\u00fd design z\u00e1vodn\u00edch monopost\u016f. Vyvinuta ve spolupr\u00e1ci s McLaren Racing. Obsahuje 1 432 d\u00edlk\u016f a nab\u00edz\u00ed realistick\u00e9 funkce, jako je motor V6 s pohybliv\u00fdmi p\u00edsty a \u0159iditeln\u00e1 p\u0159edn\u00ed kola.<\/p>\n","protected":false},"featured_media":4829,"comment_status":"open","ping_status":"closed","template":"","meta":[],"product_brand":[],"product_cat":[1246],"product_tag":[1267,1247,1268,1273,1270,1271,1272,1250,1266,1269],"class_list":{"0":"post-4828","1":"product","2":"type-product","3":"status-publish","4":"has-post-thumbnail","6":"product_cat-lego","7":"product_tag-formule-1","8":"product_tag-lego","9":"product_tag-mclaren-f1","10":"product_tag-modely-aut","11":"product_tag-motor-v6","12":"product_tag-pohyblive-pisty","13":"product_tag-riditelna-kola","14":"product_tag-stavebnice-pro-dospele","15":"product_tag-technic","16":"product_tag-zavodni-auto","18":"first","19":"instock","20":"sale","21":"taxable","22":"shipping-taxable","23":"purchasable","24":"product-type-simple"},"jetpack_sharing_enabled":true,"_links":{"self":[{"href":"https:\/\/etev7e.pef.czu.cz\/zs2223\/wp-json\/wp\/v2\/product\/4828","targetHints":{"allow":["GET"]}}],"collection":[{"href":"https:\/\/etev7e.pef.czu.cz\/zs2223\/wp-json\/wp\/v2\/product"}],"about":[{"href":"https:\/\/etev7e.pef.czu.cz\/zs2223\/wp-json\/wp\/v2\/types\/product"}],"replies":[{"embeddable":true,"href":"https:\/\/etev7e.pef.czu.cz\/zs2223\/wp-json\/wp\/v2\/comments?post=4828"}],"wp:featuredmedia":[{"embeddable":true,"href":"https:\/\/etev7e.pef.czu.cz\/zs2223\/wp-json\/wp\/v2\/media\/4829"}],"wp:attachment":[{"href":"https:\/\/etev7e.pef.czu.cz\/zs2223\/wp-json\/wp\/v2\/media?parent=4828"}],"wp:term":[{"taxonomy":"product_brand","embeddable":true,"href":"https:\/\/etev7e.pef.czu.cz\/zs2223\/wp-json\/wp\/v2\/product_brand?post=4828"},{"taxonomy":"product_cat","embeddable":true,"href":"https:\/\/etev7e.pef.czu.cz\/zs2223\/wp-json\/wp\/v2\/product_cat?post=4828"},{"taxonomy":"product_tag","embeddable":true,"href":"https:\/\/etev7e.pef.czu.cz\/zs2223\/wp-json\/wp\/v2\/product_tag?post=4828"}],"curies":[{"name":"wp","href":"https:\/\/api.w.org\/{rel}","templated":true}]}}