{"id":4844,"date":"2024-11-02T19:37:39","date_gmt":"2024-11-02T18:37:39","guid":{"rendered":"https:\/\/etev7e.pef.czu.cz\/zs2223\/?post_type=product&#038;p=4844"},"modified":"2024-11-02T19:37:39","modified_gmt":"2024-11-02T18:37:39","slug":"dove-beauty-cream-bar-toaletni-mydlo-90-g","status":"publish","type":"product","link":"https:\/\/etev7e.pef.czu.cz\/zs2223\/produkt\/dove-beauty-cream-bar-toaletni-mydlo-90-g\/","title":{"rendered":"DOVE BEAUTY CREAM BAR Toaletn\u00ed m\u00fddlo 90 g"},"content":{"rendered":"<p>\u0160etrn\u011b \u010dist\u00ed poko\u017eku a d\u00edky obsahu hydrata\u010dn\u00edho kr\u00e9mu ji zanech\u00e1v\u00e1 hebkou a hydratovanou.<\/p>\n<ul type=\"square\">\n<li>hmotnost 90 g<\/li>\n<li>tuh\u00e9 m\u00fddlo vhodn\u00e9 na t\u011blo, obli\u010dej i ruce<\/li>\n<li>1\/4 obsahu tvo\u0159\u00ed hydrata\u010dn\u00ed kr\u00e9m<\/li>\n<li>zanech\u00e1v\u00e1 poko\u017eku jemnou a hebkou<\/li>\n<li>neobsahuje sulf\u00e1t<\/li>\n<\/ul>\n<p>Pou\u017eit\u00ed: M\u00fddlo jemn\u011b promn\u011bte v navlh\u010den\u00fdch dlan\u00edch dokud nenap\u011bn\u00ed a naneste na poko\u017eku cel\u00e9ho t\u011bla. Pot\u00e9 opl\u00e1chn\u011bte vodou.<\/p>\n","protected":false},"excerpt":{"rendered":"<p>Jemn\u00e9 tuh\u00e9 m\u00fddlo s 1\/4 hydrata\u010dn\u00edho kr\u00e9mu, bez sulf\u00e1t\u016f, pro hebkou a hydratovanou poko\u017eku.<\/p>\n","protected":false},"featured_media":4845,"comment_status":"open","ping_status":"closed","template":"","meta":[],"product_brand":[],"product_cat":[1173],"product_tag":[866,870,1296],"class_list":{"0":"post-4844","1":"product","2":"type-product","3":"status-publish","4":"has-post-thumbnail","6":"product_cat-kosmetika","7":"product_tag-hydratace","8":"product_tag-mydlo","9":"product_tag-tuhe-mydlo","11":"first","12":"instock","13":"taxable","14":"shipping-taxable","15":"purchasable","16":"product-type-simple"},"jetpack_sharing_enabled":true,"_links":{"self":[{"href":"https:\/\/etev7e.pef.czu.cz\/zs2223\/wp-json\/wp\/v2\/product\/4844","targetHints":{"allow":["GET"]}}],"collection":[{"href":"https:\/\/etev7e.pef.czu.cz\/zs2223\/wp-json\/wp\/v2\/product"}],"about":[{"href":"https:\/\/etev7e.pef.czu.cz\/zs2223\/wp-json\/wp\/v2\/types\/product"}],"replies":[{"embeddable":true,"href":"https:\/\/etev7e.pef.czu.cz\/zs2223\/wp-json\/wp\/v2\/comments?post=4844"}],"wp:featuredmedia":[{"embeddable":true,"href":"https:\/\/etev7e.pef.czu.cz\/zs2223\/wp-json\/wp\/v2\/media\/4845"}],"wp:attachment":[{"href":"https:\/\/etev7e.pef.czu.cz\/zs2223\/wp-json\/wp\/v2\/media?parent=4844"}],"wp:term":[{"taxonomy":"product_brand","embeddable":true,"href":"https:\/\/etev7e.pef.czu.cz\/zs2223\/wp-json\/wp\/v2\/product_brand?post=4844"},{"taxonomy":"product_cat","embeddable":true,"href":"https:\/\/etev7e.pef.czu.cz\/zs2223\/wp-json\/wp\/v2\/product_cat?post=4844"},{"taxonomy":"product_tag","embeddable":true,"href":"https:\/\/etev7e.pef.czu.cz\/zs2223\/wp-json\/wp\/v2\/product_tag?post=4844"}],"curies":[{"name":"wp","href":"https:\/\/api.w.org\/{rel}","templated":true}]}}