{"id":4852,"date":"2024-11-02T21:50:24","date_gmt":"2024-11-02T20:50:24","guid":{"rendered":"https:\/\/etev7e.pef.czu.cz\/zs2223\/?post_type=product&#038;p=4852"},"modified":"2024-11-13T14:02:55","modified_gmt":"2024-11-13T13:02:55","slug":"masicka-pro-psy","status":"publish","type":"product","link":"https:\/\/etev7e.pef.czu.cz\/zs2223\/produkt\/masicka-pro-psy\/","title":{"rendered":"Mas\u00ed\u010dka pro psy"},"content":{"rendered":"<p>M\u011bkk\u00e9 a \u0161\u0165avnat\u00e9 kr\u00e1li\u010d\u00ed p\u00e1sky jsou ide\u00e1ln\u00ed volbou pro psy, kte\u0159\u00ed si potrp\u00ed na kvalitn\u00ed a chutn\u00e9 pamlsky. Jsou bohat\u00e9 na b\u00edlkoviny a s n\u00edzk\u00fdm obsahem tuku, tak\u017ee se hod\u00ed i pro pejsky na diet\u011b nebo s citliv\u00fdm za\u017e\u00edv\u00e1n\u00edm. D\u00edky \u0161etrn\u00e9mu zpracov\u00e1n\u00ed si zachov\u00e1vaj\u00ed p\u0159irozen\u00e9 v\u00fd\u017eivov\u00e9 l\u00e1tky, co\u017e p\u0159isp\u00edv\u00e1 k celkov\u00e9mu zdrav\u00ed a vitalit\u011b psa. P\u00e1sky lze snadno porcovat, co\u017e je \u010din\u00ed skv\u011blou odm\u011bnou p\u0159i v\u00fdcviku, nebo jako malou sva\u010dinku mezi j\u00eddly. Nav\u00edc sv\u00fdm p\u0159\u00edrodn\u00edm slo\u017een\u00edm p\u0159isp\u00edvaj\u00ed ke zdrav\u00e9mu chrupu a spokojenosti va\u0161eho par\u0165\u00e1ka.<\/p>\n","protected":false},"excerpt":{"rendered":"<p>M\u011bkk\u00e9 a \u0161\u0165avnat\u00e9 kr\u00e1li\u010d\u00ed p\u00e1sky jsou ide\u00e1ln\u00ed volbou pro psy, kte\u0159\u00ed si potrp\u00ed na kvalitn\u00ed a chutn\u00e9 pamlsky. Jsou bohat\u00e9 na b\u00edlkoviny a s n\u00edzk\u00fdm obsahem tuku, tak\u017ee se hod\u00ed i pro pejsky na diet\u011b nebo s citliv\u00fdm za\u017e\u00edv\u00e1n\u00edm. D\u00edky \u0161etrn\u00e9mu zpracov\u00e1n\u00ed si zachov\u00e1vaj\u00ed p\u0159irozen\u00e9 v\u00fd\u017eivov\u00e9 l\u00e1tky, co\u017e p\u0159isp\u00edv\u00e1 k celkov\u00e9mu zdrav\u00ed a vitalit\u011b psa. [&hellip;]<\/p>\n","protected":false},"featured_media":4853,"comment_status":"open","ping_status":"closed","template":"","meta":[],"product_brand":[],"product_cat":[1195],"product_tag":[1301,1751,520,1749,516,283,1750],"class_list":{"0":"post-4852","1":"product","2":"type-product","3":"status-publish","4":"has-post-thumbnail","6":"product_cat-krmivo","7":"product_tag-bez-konzervantu","8":"product_tag-citlive-zazivani","9":"product_tag-krmivo-pro-psy","10":"product_tag-nizkotucne-pamlsky","11":"product_tag-pamlsky-pro-psy","12":"product_tag-prirodni","13":"product_tag-zdravy-chrup","15":"first","16":"instock","17":"taxable","18":"shipping-taxable","19":"purchasable","20":"product-type-simple"},"jetpack_sharing_enabled":true,"_links":{"self":[{"href":"https:\/\/etev7e.pef.czu.cz\/zs2223\/wp-json\/wp\/v2\/product\/4852","targetHints":{"allow":["GET"]}}],"collection":[{"href":"https:\/\/etev7e.pef.czu.cz\/zs2223\/wp-json\/wp\/v2\/product"}],"about":[{"href":"https:\/\/etev7e.pef.czu.cz\/zs2223\/wp-json\/wp\/v2\/types\/product"}],"replies":[{"embeddable":true,"href":"https:\/\/etev7e.pef.czu.cz\/zs2223\/wp-json\/wp\/v2\/comments?post=4852"}],"wp:featuredmedia":[{"embeddable":true,"href":"https:\/\/etev7e.pef.czu.cz\/zs2223\/wp-json\/wp\/v2\/media\/4853"}],"wp:attachment":[{"href":"https:\/\/etev7e.pef.czu.cz\/zs2223\/wp-json\/wp\/v2\/media?parent=4852"}],"wp:term":[{"taxonomy":"product_brand","embeddable":true,"href":"https:\/\/etev7e.pef.czu.cz\/zs2223\/wp-json\/wp\/v2\/product_brand?post=4852"},{"taxonomy":"product_cat","embeddable":true,"href":"https:\/\/etev7e.pef.czu.cz\/zs2223\/wp-json\/wp\/v2\/product_cat?post=4852"},{"taxonomy":"product_tag","embeddable":true,"href":"https:\/\/etev7e.pef.czu.cz\/zs2223\/wp-json\/wp\/v2\/product_tag?post=4852"}],"curies":[{"name":"wp","href":"https:\/\/api.w.org\/{rel}","templated":true}]}}