{"id":4866,"date":"2024-11-03T18:41:15","date_gmt":"2024-11-03T17:41:15","guid":{"rendered":"https:\/\/etev7e.pef.czu.cz\/zs2223\/?post_type=product&#038;p=4866"},"modified":"2024-11-03T18:41:15","modified_gmt":"2024-11-03T17:41:15","slug":"don-papa","status":"publish","type":"product","link":"https:\/\/etev7e.pef.czu.cz\/zs2223\/produkt\/don-papa\/","title":{"rendered":"Don Papa"},"content":{"rendered":"<p>Don Papa nese jm\u00e9no po v\u00fdznamn\u00e9 postav\u011b filip\u00ednsk\u00e9 historie, Dionisiu Magbuelasovi, kter\u00fd v druh\u00e9 polovin\u011b 19. stolet\u00ed sehr\u00e1l kl\u00ed\u010dovou roli p\u0159i revolu\u010dn\u00edm osvobozen\u00ed ostrova Negros ze \u0161pan\u011blsk\u00e9 nadvl\u00e1dy. Dodnes\u00a0zna\u010dka karibsk\u00fdch rum\u016f\u00a0Don Papa nese jeho pseudonym a podobiznu na etiket\u011b.<\/p>\n<p>Rum Don Papa zraje 7 let v dubov\u00fdch sudech v p\u0159edh\u016f\u0159\u00ed hor Kanlaon. Jeho chu\u0165 zaujme v\u00fdrazn\u00fdmi t\u00f3ny vanilky, medu, kandovan\u00e9ho ovoce a osv\u011b\u017euj\u00edc\u00edch citrus\u016f, dopln\u011bn\u00fdmi jemn\u00fdmi d\u0159evit\u00fdmi nuancemi.\u00a0Rum je p\u0159\u00edjemn\u011b zakulacen\u00fd, se st\u0159edn\u011b dlouh\u00fdm z\u00e1v\u011brem. Nejv\u00edc mu to slu\u0161\u00ed jen tak, p\u0159i pokojov\u00e9 teplot\u011b, nebo s velkou kostkou ledu, kter\u00e1 se bude pomalu rozpou\u0161t\u011bt a odhalovat dal\u0161\u00ed tv\u00e1\u0159e t\u00e9hle dobroty.<\/p>\n<p>Alk. 40%<br \/>\nChu\u0165 a v\u016fn\u011b: vanilka, kandovan\u00e9m ovoci, med, karamel, citrusy, vanilkov\u00fd puding<\/p>\n<p><u>Komplementy:\u00a0<\/u>citrusy, z\u00e1zvorov\u00e9 pivo, kokosov\u00e1 voda, tmav\u00e1 \u010dokol\u00e1da, su\u0161en\u00e9 ovoce, Coca-cola<\/p>\n<p><u>Substituty:\u00a0<\/u>Diplom\u00e1tico, Mount Gay, Zacapa 23, Matusalem Gran Reserva 15<\/p>\n","protected":false},"excerpt":{"rendered":"<p>Rum Don Papa zraje 7 let v dubov\u00fdch sudech v p\u0159edh\u016f\u0159\u00ed hor Kanlaon. Jeho chu\u0165 zaujme v\u00fdrazn\u00fdmi t\u00f3ny vanilky, medu, kandovan\u00e9ho ovoce a osv\u011b\u017euj\u00edc\u00edch citrus\u016f, dopln\u011bn\u00fdmi jemn\u00fdmi d\u0159evit\u00fdmi nuancemi.\u00a0Rum je p\u0159\u00edjemn\u011b zakulacen\u00fd, se st\u0159edn\u011b dlouh\u00fdm z\u00e1v\u011brem. Nejv\u00edc mu to slu\u0161\u00ed jen tak, p\u0159i pokojov\u00e9 teplot\u011b, nebo s velkou kostkou ledu, kter\u00e1 se bude pomalu rozpou\u0161t\u011bt a odhalovat dal\u0161\u00ed tv\u00e1\u0159e t\u00e9hle dobroty.<\/p>\n","protected":false},"featured_media":4867,"comment_status":"open","ping_status":"closed","template":"","meta":[],"product_brand":[],"product_cat":[1215],"product_tag":[25,1220,1221],"class_list":{"0":"post-4866","1":"product","2":"type-product","3":"status-publish","4":"has-post-thumbnail","6":"product_cat-rumy","7":"product_tag-alkohol","8":"product_tag-lihoviny","9":"product_tag-rumy","11":"first","12":"instock","13":"sale","14":"taxable","15":"shipping-taxable","16":"purchasable","17":"product-type-simple"},"jetpack_sharing_enabled":true,"_links":{"self":[{"href":"https:\/\/etev7e.pef.czu.cz\/zs2223\/wp-json\/wp\/v2\/product\/4866","targetHints":{"allow":["GET"]}}],"collection":[{"href":"https:\/\/etev7e.pef.czu.cz\/zs2223\/wp-json\/wp\/v2\/product"}],"about":[{"href":"https:\/\/etev7e.pef.czu.cz\/zs2223\/wp-json\/wp\/v2\/types\/product"}],"replies":[{"embeddable":true,"href":"https:\/\/etev7e.pef.czu.cz\/zs2223\/wp-json\/wp\/v2\/comments?post=4866"}],"wp:featuredmedia":[{"embeddable":true,"href":"https:\/\/etev7e.pef.czu.cz\/zs2223\/wp-json\/wp\/v2\/media\/4867"}],"wp:attachment":[{"href":"https:\/\/etev7e.pef.czu.cz\/zs2223\/wp-json\/wp\/v2\/media?parent=4866"}],"wp:term":[{"taxonomy":"product_brand","embeddable":true,"href":"https:\/\/etev7e.pef.czu.cz\/zs2223\/wp-json\/wp\/v2\/product_brand?post=4866"},{"taxonomy":"product_cat","embeddable":true,"href":"https:\/\/etev7e.pef.czu.cz\/zs2223\/wp-json\/wp\/v2\/product_cat?post=4866"},{"taxonomy":"product_tag","embeddable":true,"href":"https:\/\/etev7e.pef.czu.cz\/zs2223\/wp-json\/wp\/v2\/product_tag?post=4866"}],"curies":[{"name":"wp","href":"https:\/\/api.w.org\/{rel}","templated":true}]}}