{"id":4909,"date":"2024-11-04T14:51:03","date_gmt":"2024-11-04T13:51:03","guid":{"rendered":"https:\/\/etev7e.pef.czu.cz\/zs2223\/?post_type=product&#038;p=4909"},"modified":"2024-11-06T11:10:20","modified_gmt":"2024-11-06T10:10:20","slug":"atomic-redster-g8-revoshock-c-x-12-gw","status":"publish","type":"product","link":"https:\/\/etev7e.pef.czu.cz\/zs2223\/produkt\/atomic-redster-g8-revoshock-c-x-12-gw\/","title":{"rendered":"ATOMIC REDSTER G8 REVOSHOCK C + X 12 GW"},"content":{"rendered":"<p>Ly\u017ee Atomic Redster G8 Revoshock C p\u0159in\u00e1\u0161ej\u00ed \u0161pi\u010dkov\u00fd v\u00fdkon d\u00edky nejnov\u011bj\u0161\u00ed technologii Revoshock. Tato inovace zvy\u0161uje stabilitu a poskytuje v\u00fdjime\u010dn\u00e9 zrychlen\u00ed. Moduly Revoshock z pru\u017en\u00e9 oceli \u00fa\u010dinn\u011b tlum\u00ed vibrace, co\u017e zaji\u0161\u0165uje maxim\u00e1ln\u00ed stabilitu p\u0159i jak\u00e9koli rychlosti. Tato technologie rovn\u011b\u017e zlep\u0161uje akceleraci v oblouc\u00edch a zaji\u0161\u0165uje plynulou j\u00edzdu. D\u00edky zrychlen\u00e9 rebound akceleraci mohou ly\u017ea\u0159i s jistotou dosahovat vrcholn\u00fdch v\u00fdkon\u016f. Ly\u017ee jsou navr\u017eeny pro maxim\u00e1ln\u00ed rychlost a preciznost.<\/p>\n","protected":false},"excerpt":{"rendered":"<p>Ly\u017ee Atomic Redster G8 Revoshock C nab\u00edzej\u00ed \u0161pi\u010dkov\u00fd v\u00fdkon d\u00edky technologii Revoshock, kter\u00e1 zvy\u0161uje stabilitu a zaji\u0161\u0165uje rychlou akceleraci. Ocelov\u00e9 moduly efektivn\u011b tlum\u00ed vibrace, co\u017e p\u0159isp\u00edv\u00e1 k plynul\u00e9 a stabiln\u00ed j\u00edzd\u011b i p\u0159i vysok\u00e9 rychlosti. Tyto ly\u017ee jsou ide\u00e1ln\u00ed pro rychlost a precizn\u00ed oblouky.<\/p>\n","protected":false},"featured_media":4985,"comment_status":"open","ping_status":"closed","template":"","meta":[],"product_brand":[],"product_cat":[1340],"product_tag":[171,1354,1353,350,1033,843],"class_list":{"0":"post-4909","1":"product","2":"type-product","3":"status-publish","4":"has-post-thumbnail","6":"product_cat-sportovni-vybaveni-zimni-sporty","7":"product_tag-lyzovani","8":"product_tag-sjezdove-lyze","9":"product_tag-sjezdove-lyzovani","10":"product_tag-sport","11":"product_tag-sportovni-prislusenstvi","12":"product_tag-zima","14":"first","15":"instock","16":"sale","17":"taxable","18":"shipping-taxable","19":"purchasable","20":"product-type-variable"},"jetpack_sharing_enabled":true,"_links":{"self":[{"href":"https:\/\/etev7e.pef.czu.cz\/zs2223\/wp-json\/wp\/v2\/product\/4909","targetHints":{"allow":["GET"]}}],"collection":[{"href":"https:\/\/etev7e.pef.czu.cz\/zs2223\/wp-json\/wp\/v2\/product"}],"about":[{"href":"https:\/\/etev7e.pef.czu.cz\/zs2223\/wp-json\/wp\/v2\/types\/product"}],"replies":[{"embeddable":true,"href":"https:\/\/etev7e.pef.czu.cz\/zs2223\/wp-json\/wp\/v2\/comments?post=4909"}],"wp:featuredmedia":[{"embeddable":true,"href":"https:\/\/etev7e.pef.czu.cz\/zs2223\/wp-json\/wp\/v2\/media\/4985"}],"wp:attachment":[{"href":"https:\/\/etev7e.pef.czu.cz\/zs2223\/wp-json\/wp\/v2\/media?parent=4909"}],"wp:term":[{"taxonomy":"product_brand","embeddable":true,"href":"https:\/\/etev7e.pef.czu.cz\/zs2223\/wp-json\/wp\/v2\/product_brand?post=4909"},{"taxonomy":"product_cat","embeddable":true,"href":"https:\/\/etev7e.pef.czu.cz\/zs2223\/wp-json\/wp\/v2\/product_cat?post=4909"},{"taxonomy":"product_tag","embeddable":true,"href":"https:\/\/etev7e.pef.czu.cz\/zs2223\/wp-json\/wp\/v2\/product_tag?post=4909"}],"curies":[{"name":"wp","href":"https:\/\/api.w.org\/{rel}","templated":true}]}}