{"id":4935,"date":"2024-11-04T14:50:21","date_gmt":"2024-11-04T13:50:21","guid":{"rendered":"https:\/\/etev7e.pef.czu.cz\/zs2223\/?post_type=product&#038;p=4935"},"modified":"2024-12-02T12:22:10","modified_gmt":"2024-12-02T11:22:10","slug":"finance","status":"publish","type":"product","link":"https:\/\/etev7e.pef.czu.cz\/zs2223\/produkt\/finance\/","title":{"rendered":"Online kurz &#8211; Finance"},"content":{"rendered":"<p id=\"yui_3_17_2_1_1730723667381_43\">Digit\u00e1ln\u00ed kurz nab\u00edz\u00ed komplexn\u00ed p\u0159ehled finan\u010dn\u00edho \u0159\u00edzen\u00ed a investic. \u00da\u010dastn\u00edci se nau\u010d\u00ed vytv\u00e1\u0159et finan\u010dn\u00ed v\u00fdkazy, jako je rozvaha, v\u00fdkaz zisk\u016f a ztr\u00e1t, a analyzovat cash flow. Z\u00edskaj\u00ed tak\u00e9 dovednosti v oblasti pl\u00e1nov\u00e1n\u00ed investi\u010dn\u00edch aktivit. Kurz d\u00e1le pokr\u00fdv\u00e1 anal\u00fdzu finan\u010dn\u00edch trh\u016f, spr\u00e1vu portfolia a praktick\u00e9 aspekty obchodov\u00e1n\u00ed s finan\u010dn\u00edmi n\u00e1stroji. Investi\u010dn\u00ed bal\u00ed\u010dek: Praktick\u00e9 n\u00e1vody a p\u0159\u00edpadov\u00e9 studie zam\u011b\u0159en\u00e9 na budov\u00e1n\u00ed investi\u010dn\u00edho portfolia, tr\u017en\u00ed anal\u00fdzu a spr\u00e1vu finan\u010dn\u00edch n\u00e1stroj\u016f, kter\u00e9 poskytuj\u00ed re\u00e1ln\u00fd vhled do investi\u010dn\u00edho rozhodov\u00e1n\u00ed.<\/p>\n<p><strong>Kapitoly:<\/strong><\/p>\n<p>\u00davod do sv\u011bta Financ\u00ed, \u00davod do investi\u010dn\u00edho bal\u00ed\u010dku, Budov\u00e1n\u00ed investi\u010dn\u00edho portfolia, Tr\u017en\u00ed anal\u00fdza a rozhodov\u00e1n\u00ed, Spr\u00e1va finan\u010dn\u00edch n\u00e1stroj\u016f, Praktick\u00e9 aspekty investi\u010dn\u00edho rozhodov\u00e1n\u00ed, P\u0159\u00edpadov\u00e9 studie a praktick\u00e9 aplikace, Z\u00e1v\u011bre\u010dn\u00e9 shrnut\u00ed a doporu\u010den\u00ed.<\/p>\n<p><strong>N\u00e1hled struktury kapitol:<\/strong><\/p>\n<div>\n<div>\n<p><strong><span lang=\"cs-cz\" xml:lang=\"cs-cz\">1. \u00davod do investi\u010dn\u00edho bal\u00ed\u010dku<\/span><\/strong><\/p>\n<\/div>\n<div>\n<ul>\n<li>C\u00edl a obsah investi\u010dn\u00edho bal\u00ed\u010dku<\/li>\n<li>V\u00fdznam investi\u010dn\u00edho portfolia v kontextu osobn\u00edch a firemn\u00edch financ\u00ed<\/li>\n<li>P\u0159ehled typ\u016f investi\u010dn\u00edch strategi\u00ed a p\u0159\u00edstup\u016f<\/li>\n<\/ul>\n<\/div>\n<div><strong>2. Budov\u00e1n\u00ed investi\u010dn\u00edho portfolia<\/strong><\/div>\n<div><\/div>\n<div>\n<ul>\n<li>Principy tvorby diverzifikovan\u00e9ho portfolia<\/li>\n<li>Alokace aktiv: akcie, dluhopisy, nemovitosti, komodity a alternativn\u00ed investice<\/li>\n<li><span lang=\"cs-cz\" xml:lang=\"cs-cz\">V\u00fdpo\u010det rizik a n\u00e1vratnosti portfolia<\/span><\/li>\n<li><span lang=\"cs-cz\" xml:lang=\"cs-cz\">Strategie pro vyv\u00e1\u017een\u00ed a p\u0159izp\u016fsoben\u00ed portfolia m\u011bn\u00edc\u00edm se tr\u017en\u00edm podm\u00ednk\u00e1m<\/span><\/li>\n<li><span lang=\"cs-cz\" xml:lang=\"cs-cz\">Tr\u017en\u00ed anal\u00fdza a rozhodov\u00e1n\u00ed<\/span><\/li>\n<li><span lang=\"cs-cz\" xml:lang=\"cs-cz\">Z\u00e1klady technick\u00e9 a fundament\u00e1ln\u00ed anal\u00fdzy<\/span><\/li>\n<li><span lang=\"cs-cz\" xml:lang=\"cs-cz\">Anal\u00fdza ekonomick\u00fdch ukazatel\u016f a jejich vliv na investi\u010dn\u00ed rozhodov\u00e1n\u00ed<\/span><\/li>\n<li><span lang=\"cs-cz\" xml:lang=\"cs-cz\">Vyhodnocen\u00ed makroekonomick\u00fdch a mikroekonomick\u00fdch trend\u016f<\/span><\/li>\n<li><span lang=\"cs-cz\" xml:lang=\"cs-cz\">P\u0159\u00edpadov\u00e9 studie tr\u017en\u00ed anal\u00fdzy a predikce tr\u017en\u00edho v\u00fdvoje<\/span><\/li>\n<\/ul>\n<\/div>\n<div><strong><span lang=\"cs-cz\" xml:lang=\"cs-cz\">3. Spr\u00e1va finan\u010dn\u00edch n\u00e1stroj\u016f<\/span><\/strong><\/div>\n<div><\/div>\n<\/div>\n<div>\n<div>\n<ul>\n<li><span lang=\"cs-cz\" xml:lang=\"cs-cz\">Charakteristiky a spr\u00e1va z\u00e1kladn\u00edch finan\u010dn\u00edch n\u00e1stroj\u016f: akcie, dluhopisy, ETF, opce, kryptom\u011bny<\/span><\/li>\n<li><span lang=\"cs-cz\" xml:lang=\"cs-cz\">Metody oce\u0148ov\u00e1n\u00ed a hodnocen\u00ed finan\u010dn\u00edch n\u00e1stroj\u016f<\/span><\/li>\n<li><span lang=\"cs-cz\" xml:lang=\"cs-cz\">V\u00fdznam likvidity, volatility a obchodovatelnosti v rozhodov\u00e1n\u00ed o n\u00e1kupu a prodeji<\/span><\/li>\n<li><span lang=\"cs-cz\" xml:lang=\"cs-cz\">Pou\u017eit\u00ed deriv\u00e1t\u016f pro zaji\u0161t\u011bn\u00ed a spekulaci v portfoliu<\/span><\/li>\n<\/ul>\n<\/div>\n<div>\n<p><strong><span lang=\"cs-cz\" xml:lang=\"cs-cz\">4. Praktick\u00e9 aspekty investi\u010dn\u00edho rozhodov\u00e1n\u00ed<\/span><\/strong><\/p>\n<ul>\n<li>Hodnocen\u00ed a \u0159\u00edzen\u00ed rizika investic<\/li>\n<li><span lang=\"cs-cz\" xml:lang=\"cs-cz\">Da\u0148ov\u00e9 aspekty investov\u00e1n\u00ed a pl\u00e1nov\u00e1n\u00ed pro dlouhodob\u00fd r\u016fst<\/span><\/li>\n<li><span lang=\"cs-cz\" xml:lang=\"cs-cz\">Etika a odpov\u011bdn\u00e9 investov\u00e1n\u00ed (ESG faktory)<\/span><\/li>\n<li><span lang=\"cs-cz\" xml:lang=\"cs-cz\">P\u0159\u00edpadov\u00e9 studie \u00fasp\u011b\u0161n\u00fdch a ne\u00fasp\u011b\u0161n\u00fdch investi\u010dn\u00edch strategi\u00ed<\/span><\/li>\n<\/ul>\n<\/div>\n<div><\/div>\n<\/div>\n","protected":false},"excerpt":{"rendered":"<p><strong>Popis:<\/strong> Kurz poskytuje komplexn\u00ed p\u0159ehled finan\u010dn\u00edho \u0159\u00edzen\u00ed a investic, v\u010detn\u011b tvorby finan\u010dn\u00edch v\u00fdkaz\u016f, anal\u00fdzy cash flow a pl\u00e1nov\u00e1n\u00ed investi\u010dn\u00edch aktivit. \u00da\u010dastn\u00edci z\u00edskaj\u00ed praktick\u00e9 dovednosti v oblasti spr\u00e1vy portfolia, tr\u017en\u00ed anal\u00fdzy a obchodov\u00e1n\u00ed s finan\u010dn\u00edmi n\u00e1stroji.<\/p>\n","protected":false},"featured_media":5109,"comment_status":"open","ping_status":"closed","template":"","meta":[],"product_brand":[],"product_cat":[1333],"product_tag":[1419,1356,1342,1357,1338],"class_list":{"0":"post-4935","1":"product","2":"type-product","3":"status-publish","4":"has-post-thumbnail","6":"product_cat-digitalni-produkty-ke-vzdelavani-pro-studenty","7":"product_tag-doucovani","8":"product_tag-finance","9":"product_tag-online-kurz","10":"product_tag-online-kurzy","11":"product_tag-vzdelavani","13":"first","14":"instock","15":"virtual","16":"taxable","17":"purchasable","18":"product-type-simple"},"jetpack_sharing_enabled":true,"_links":{"self":[{"href":"https:\/\/etev7e.pef.czu.cz\/zs2223\/wp-json\/wp\/v2\/product\/4935","targetHints":{"allow":["GET"]}}],"collection":[{"href":"https:\/\/etev7e.pef.czu.cz\/zs2223\/wp-json\/wp\/v2\/product"}],"about":[{"href":"https:\/\/etev7e.pef.czu.cz\/zs2223\/wp-json\/wp\/v2\/types\/product"}],"replies":[{"embeddable":true,"href":"https:\/\/etev7e.pef.czu.cz\/zs2223\/wp-json\/wp\/v2\/comments?post=4935"}],"wp:featuredmedia":[{"embeddable":true,"href":"https:\/\/etev7e.pef.czu.cz\/zs2223\/wp-json\/wp\/v2\/media\/5109"}],"wp:attachment":[{"href":"https:\/\/etev7e.pef.czu.cz\/zs2223\/wp-json\/wp\/v2\/media?parent=4935"}],"wp:term":[{"taxonomy":"product_brand","embeddable":true,"href":"https:\/\/etev7e.pef.czu.cz\/zs2223\/wp-json\/wp\/v2\/product_brand?post=4935"},{"taxonomy":"product_cat","embeddable":true,"href":"https:\/\/etev7e.pef.czu.cz\/zs2223\/wp-json\/wp\/v2\/product_cat?post=4935"},{"taxonomy":"product_tag","embeddable":true,"href":"https:\/\/etev7e.pef.czu.cz\/zs2223\/wp-json\/wp\/v2\/product_tag?post=4935"}],"curies":[{"name":"wp","href":"https:\/\/api.w.org\/{rel}","templated":true}]}}