{"id":4968,"date":"2024-11-04T15:10:25","date_gmt":"2024-11-04T14:10:25","guid":{"rendered":"https:\/\/etev7e.pef.czu.cz\/zs2223\/?post_type=product&#038;p=4968"},"modified":"2024-11-05T14:28:32","modified_gmt":"2024-11-05T13:28:32","slug":"giorgio-armani-my-way","status":"publish","type":"product","link":"https:\/\/etev7e.pef.czu.cz\/zs2223\/produkt\/giorgio-armani-my-way\/","title":{"rendered":"Giorgio Armani &#8211; My Way"},"content":{"rendered":"<p>hlava: kal\u00e1brijsk\u00fd bergamot, kv\u011bt africk\u00e9ho pomeran\u010dovn\u00edku<\/p>\n<p>srdce: tuber\u00f3za, indick\u00fd jasm\u00edn<\/p>\n<p>z\u00e1klad: virginsk\u00fd jalovec, madagaskarsk\u00e1 vanilka, b\u00edl\u00e9 pi\u017emo<\/p>\n<p id=\"yui_3_17_2_1_1730728691480_41\">druh v\u016fn\u011b: kv\u011btinov\u00e1, d\u0159evit\u00e1<\/p>\n<p>slo\u017een\u00ed v\u016fn\u011b: V t\u00e9to v\u016fni se spojuj\u00ed slo\u017eky z cel\u00e9ho sv\u011bta. Prvn\u00ed, kterou uc\u00edt\u00edte, je sladce citrusov\u00fd bergamot z Kal\u00e1brie ve spojen\u00ed s pomeran\u010dov\u00fdm kv\u011btem z Egypta. Pot\u00e9 se rozprost\u0159e omamn\u00e1 v\u016fn\u011b b\u00edl\u00fdch kv\u011bt\u016f. Rozpozn\u00e1te hlubok\u00fd a opojn\u00fd jasm\u00edn a tuber\u00f3zu sb\u00edran\u00e9 v Indii. Smysln\u00fd z\u00e1v\u011br se nese na vln\u011b h\u0159ejiv\u00e9ho cedrov\u00e9ho d\u0159eva, b\u00edl\u00e9ho pi\u017ema a vanilky z Madagaskaru.<\/p>\n","protected":false},"excerpt":{"rendered":"<p>Za horizontem a je\u0161t\u011b d\u00e1l. Tam v\u0161ude v\u00e1s \u010dekaj\u00ed nejr\u016fzn\u011bj\u0161\u00ed setk\u00e1n\u00ed a parf\u00e9movan\u00e1 voda pro \u017eeny Armani My Way v\u00e1s k objevov\u00e1n\u00ed sv\u011bta p\u0159\u00edmo vyz\u00fdv\u00e1. Pokud ani vy nedok\u00e1\u017eete odolat \u017e\u00e1dn\u00e9 p\u0159\u00edle\u017eitosti roz\u0161\u00ed\u0159it si obzory, z\u00edsk\u00e1te v n\u00ed talisman, kter\u00fd v\u00e1s bude prov\u00e1zet kamkoli se jen vyd\u00e1te. (parf\u00e9movan\u00e1 voda plniteln\u00e1 pro \u017eeny, objem: 30 ml)<\/p>\n","protected":false},"featured_media":5150,"comment_status":"open","ping_status":"closed","template":"","meta":[],"product_brand":[],"product_cat":[1368],"product_tag":[1096,997,943,330],"class_list":{"0":"post-4968","1":"product","2":"type-product","3":"status-publish","4":"has-post-thumbnail","6":"product_cat-luxusni-parfemy","7":"product_tag-damske-parfemy","8":"product_tag-drogerie","9":"product_tag-kosmetika","10":"product_tag-parfemy","12":"first","13":"instock","14":"sale","15":"taxable","16":"shipping-taxable","17":"purchasable","18":"product-type-simple"},"jetpack_sharing_enabled":true,"_links":{"self":[{"href":"https:\/\/etev7e.pef.czu.cz\/zs2223\/wp-json\/wp\/v2\/product\/4968","targetHints":{"allow":["GET"]}}],"collection":[{"href":"https:\/\/etev7e.pef.czu.cz\/zs2223\/wp-json\/wp\/v2\/product"}],"about":[{"href":"https:\/\/etev7e.pef.czu.cz\/zs2223\/wp-json\/wp\/v2\/types\/product"}],"replies":[{"embeddable":true,"href":"https:\/\/etev7e.pef.czu.cz\/zs2223\/wp-json\/wp\/v2\/comments?post=4968"}],"wp:featuredmedia":[{"embeddable":true,"href":"https:\/\/etev7e.pef.czu.cz\/zs2223\/wp-json\/wp\/v2\/media\/5150"}],"wp:attachment":[{"href":"https:\/\/etev7e.pef.czu.cz\/zs2223\/wp-json\/wp\/v2\/media?parent=4968"}],"wp:term":[{"taxonomy":"product_brand","embeddable":true,"href":"https:\/\/etev7e.pef.czu.cz\/zs2223\/wp-json\/wp\/v2\/product_brand?post=4968"},{"taxonomy":"product_cat","embeddable":true,"href":"https:\/\/etev7e.pef.czu.cz\/zs2223\/wp-json\/wp\/v2\/product_cat?post=4968"},{"taxonomy":"product_tag","embeddable":true,"href":"https:\/\/etev7e.pef.czu.cz\/zs2223\/wp-json\/wp\/v2\/product_tag?post=4968"}],"curies":[{"name":"wp","href":"https:\/\/api.w.org\/{rel}","templated":true}]}}