{"id":5002,"date":"2024-11-04T15:26:23","date_gmt":"2024-11-04T14:26:23","guid":{"rendered":"https:\/\/etev7e.pef.czu.cz\/zs2223\/?post_type=product&#038;p=5002"},"modified":"2024-11-15T18:37:21","modified_gmt":"2024-11-15T17:37:21","slug":"prsten-sterling-wave","status":"publish","type":"product","link":"https:\/\/etev7e.pef.czu.cz\/zs2223\/produkt\/prsten-sterling-wave\/","title":{"rendered":"Prsten Sterling Wave"},"content":{"rendered":"<p>Zlat\u00fd prsten padnouc\u00ed na jak\u00fdkoliv prst s\u00a0nastavitelnou velikost\u00ed. Design s\u00a0minimalistick\u00fdm vlnit\u00fdm motivem vhodn\u00fd jakoukoliv p\u0159\u00edle\u017eitost. Prsten je vyroben z 14kar\u00e1tov\u00e9ho zlata a je velmi odoln\u00fd v\u016f\u010di po\u0161kr\u00e1b\u00e1n\u00ed povrchu. Prsten je ru\u010dn\u011b zpracovan\u00fd v\u00a0Jablonci nad Nisou.<\/p>\n","protected":false},"excerpt":{"rendered":"<p>Zlat\u00fd prsten padnouc\u00ed na jak\u00fdkoliv prst s\u00a0nastavitelnou velikost\u00ed.<\/p>\n","protected":false},"featured_media":5004,"comment_status":"open","ping_status":"closed","template":"","meta":[],"product_brand":[],"product_cat":[1371],"product_tag":[1377,1381,1379,1380,1378],"class_list":{"0":"post-5002","1":"product","2":"type-product","3":"status-publish","4":"has-post-thumbnail","6":"product_cat-zlate_sperky","7":"product_tag-jemny-design","8":"product_tag-luxusni-prsten","9":"product_tag-minimalismus","10":"product_tag-motiv-vlny","11":"product_tag-prirodni-motiv","13":"first","14":"instock","15":"taxable","16":"shipping-taxable","17":"purchasable","18":"product-type-simple"},"jetpack_sharing_enabled":true,"_links":{"self":[{"href":"https:\/\/etev7e.pef.czu.cz\/zs2223\/wp-json\/wp\/v2\/product\/5002","targetHints":{"allow":["GET"]}}],"collection":[{"href":"https:\/\/etev7e.pef.czu.cz\/zs2223\/wp-json\/wp\/v2\/product"}],"about":[{"href":"https:\/\/etev7e.pef.czu.cz\/zs2223\/wp-json\/wp\/v2\/types\/product"}],"replies":[{"embeddable":true,"href":"https:\/\/etev7e.pef.czu.cz\/zs2223\/wp-json\/wp\/v2\/comments?post=5002"}],"wp:featuredmedia":[{"embeddable":true,"href":"https:\/\/etev7e.pef.czu.cz\/zs2223\/wp-json\/wp\/v2\/media\/5004"}],"wp:attachment":[{"href":"https:\/\/etev7e.pef.czu.cz\/zs2223\/wp-json\/wp\/v2\/media?parent=5002"}],"wp:term":[{"taxonomy":"product_brand","embeddable":true,"href":"https:\/\/etev7e.pef.czu.cz\/zs2223\/wp-json\/wp\/v2\/product_brand?post=5002"},{"taxonomy":"product_cat","embeddable":true,"href":"https:\/\/etev7e.pef.czu.cz\/zs2223\/wp-json\/wp\/v2\/product_cat?post=5002"},{"taxonomy":"product_tag","embeddable":true,"href":"https:\/\/etev7e.pef.czu.cz\/zs2223\/wp-json\/wp\/v2\/product_tag?post=5002"}],"curies":[{"name":"wp","href":"https:\/\/api.w.org\/{rel}","templated":true}]}}