{"id":5050,"date":"2024-11-04T18:27:26","date_gmt":"2024-11-04T17:27:26","guid":{"rendered":"https:\/\/etev7e.pef.czu.cz\/zs2223\/?post_type=product&#038;p=5050"},"modified":"2024-12-02T23:53:43","modified_gmt":"2024-12-02T22:53:43","slug":"sportovni-mikina-kappa-daccio-czu-farmers","status":"publish","type":"product","link":"https:\/\/etev7e.pef.czu.cz\/zs2223\/produkt\/sportovni-mikina-kappa-daccio-czu-farmers\/","title":{"rendered":"Sportovn\u00ed mikina Kappa Daccio \u010cZU Farmers"},"content":{"rendered":"<p>Exkluzivn\u00ed sportovn\u00ed mikina Kappa Daccio pro fanou\u0161ky \u010cZU Farmers kombinuje styl a funk\u010dnost. Vyroben\u00e1 z pohodln\u00e9 sm\u011bsi bavlny (65%) a polyesteru (35%), vy\u0161\u00edvan\u00e9 logo \u010cZU Farmers. Mikina disponuje celoprop\u00ednac\u00edm zipem, kapuc\u00ed a praktick\u00fdmi kapsami. D\u00edky ragl\u00e1nov\u00fdm ruk\u00e1v\u016fm poskytuje volnost pohybu a dobr\u00e9 p\u0159ilnut\u00ed. Ide\u00e1ln\u00ed pro sport a b\u011b\u017en\u00e9 no\u0161en\u00ed.<\/p>\n","protected":false},"excerpt":{"rendered":"<p>Mikina pro fanou\u0161ky i hr\u00e1\u010de \u010cZU Farmers. Vyroben\u00e1 z pohodln\u00e9 sm\u011bsi bavlny (65%) a polyesteru (35%), vy\u0161\u00edvan\u00e9 logo \u010cZU Farmers. Ide\u00e1ln\u00ed pro sport a b\u011b\u017en\u00e9 no\u0161en\u00ed.<\/p>\n","protected":false},"featured_media":5061,"comment_status":"open","ping_status":"closed","template":"","meta":[],"product_brand":[],"product_cat":[1372],"product_tag":[1829,1830,1833,1832,1836,1831,51,1834,1835,1387,716,350,1391],"class_list":{"0":"post-5050","1":"product","2":"type-product","3":"status-publish","4":"has-post-thumbnail","6":"product_cat-hokejovymerch","7":"product_tag-czu-farmers","8":"product_tag-czu-farmers-merch","9":"product_tag-czu-hokej","10":"product_tag-czu-hokej-merch","11":"product_tag-czu-hokejove-obleceni","12":"product_tag-czu-obleceni","13":"product_tag-hokej","14":"product_tag-hokej-merch","15":"product_tag-hokejove-obleceni","16":"product_tag-obleceni","17":"product_tag-premiova-kvalita","18":"product_tag-sport","19":"product_tag-tricka","21":"first","22":"instock","23":"taxable","24":"shipping-taxable","25":"purchasable","26":"product-type-variable"},"jetpack_sharing_enabled":true,"_links":{"self":[{"href":"https:\/\/etev7e.pef.czu.cz\/zs2223\/wp-json\/wp\/v2\/product\/5050","targetHints":{"allow":["GET"]}}],"collection":[{"href":"https:\/\/etev7e.pef.czu.cz\/zs2223\/wp-json\/wp\/v2\/product"}],"about":[{"href":"https:\/\/etev7e.pef.czu.cz\/zs2223\/wp-json\/wp\/v2\/types\/product"}],"replies":[{"embeddable":true,"href":"https:\/\/etev7e.pef.czu.cz\/zs2223\/wp-json\/wp\/v2\/comments?post=5050"}],"wp:featuredmedia":[{"embeddable":true,"href":"https:\/\/etev7e.pef.czu.cz\/zs2223\/wp-json\/wp\/v2\/media\/5061"}],"wp:attachment":[{"href":"https:\/\/etev7e.pef.czu.cz\/zs2223\/wp-json\/wp\/v2\/media?parent=5050"}],"wp:term":[{"taxonomy":"product_brand","embeddable":true,"href":"https:\/\/etev7e.pef.czu.cz\/zs2223\/wp-json\/wp\/v2\/product_brand?post=5050"},{"taxonomy":"product_cat","embeddable":true,"href":"https:\/\/etev7e.pef.czu.cz\/zs2223\/wp-json\/wp\/v2\/product_cat?post=5050"},{"taxonomy":"product_tag","embeddable":true,"href":"https:\/\/etev7e.pef.czu.cz\/zs2223\/wp-json\/wp\/v2\/product_tag?post=5050"}],"curies":[{"name":"wp","href":"https:\/\/api.w.org\/{rel}","templated":true}]}}