{"id":5072,"date":"2024-11-04T18:51:35","date_gmt":"2024-11-04T17:51:35","guid":{"rendered":"https:\/\/etev7e.pef.czu.cz\/zs2223\/?post_type=product&#038;p=5072"},"modified":"2024-11-04T19:41:09","modified_gmt":"2024-11-04T18:41:09","slug":"cistic-motoru-cleanfox-power-active","status":"publish","type":"product","link":"https:\/\/etev7e.pef.czu.cz\/zs2223\/produkt\/cistic-motoru-cleanfox-power-active\/","title":{"rendered":"\u010cisti\u010d motor\u016f CLEANFOX Power active"},"content":{"rendered":"<p>CLEANFOX je vysoce \u00fa\u010dinn\u00fd \u010disti\u010d ur\u010den\u00fd k odstra\u0148ov\u00e1n\u00ed siln\u00e9ho zne\u010di\u0161t\u011bn\u00ed z automobilov\u00fdch motor\u016f a dal\u0161\u00edch strojn\u00edch sou\u010d\u00e1st\u00ed. Snadno odstra\u0148uje olej, mastnotu, bl\u00e1to a dal\u0161\u00ed usazeniny, \u010d\u00edm\u017e zaji\u0161\u0165uje nejen \u010dist\u00fd vzhled motoru, ale tak\u00e9 lep\u0161\u00ed funkci a del\u0161\u00ed \u017eivotnost mechanick\u00fdch \u010d\u00e1st\u00ed. P\u0159\u00edpravek je ide\u00e1ln\u00ed pro pravidelnou \u00fadr\u017ebu a udr\u017een\u00ed motoru v perfektn\u00edm stavu.<\/p>\n<p>Objem: 500ml.<\/p>\n<p><strong>Doporu\u010den\u00fd postup:<\/strong><\/p>\n<ul>\n<li>P\u0159ed pou\u017eit\u00edm p\u0159\u00edpravek prot\u0159epejte.<\/li>\n<li>Aplikujte \u010disti\u010d na such\u00fd a studen\u00fd motor (ujist\u011bte se, \u017ee je motor vypnut\u00fd a chladn\u00fd).<\/li>\n<li>Nechte p\u0159\u00edpravek p\u016fsobit 3-5 minut, aby pronikl do ne\u010distot a mastnoty.<\/li>\n<li>Pokud je to nutn\u00e9, pou\u017eijte kart\u00e1\u010d k mechanick\u00e9mu o\u010di\u0161t\u011bn\u00ed t\u011b\u017ece zne\u010di\u0161t\u011bn\u00fdch m\u00edst.<\/li>\n<li>Opl\u00e1chn\u011bte motor proudem vody nebo ot\u0159ete vlhk\u00fdm hadrem.<\/li>\n<li>Nechte motor zcela vyschnout p\u0159ed jeho op\u011btovn\u00fdm spu\u0161t\u011bn\u00edm.<\/li>\n<li>Vyhn\u011bte se elektrick\u00fdm komponent\u016fm a kabel\u00e1\u017ei b\u011bhem aplikace p\u0159\u00edpravku.<\/li>\n<\/ul>\n<p>&nbsp;<\/p>\n","protected":false},"excerpt":{"rendered":"<p>CLEANFOX je vysoce \u00fa\u010dinn\u00fd \u010disti\u010d ur\u010den\u00fd k odstra\u0148ov\u00e1n\u00ed siln\u00e9ho zne\u010di\u0161t\u011bn\u00ed z automobilov\u00fdch motor\u016f a dal\u0161\u00edch strojn\u00edch sou\u010d\u00e1st\u00ed. Snadno odstra\u0148uje olej, mastnotu, bl\u00e1to a dal\u0161\u00ed usazeniny, \u010d\u00edm\u017e zaji\u0161\u0165uje nejen \u010dist\u00fd vzhled motoru, ale tak\u00e9 lep\u0161\u00ed funkci a del\u0161\u00ed \u017eivotnost mechanick\u00fdch \u010d\u00e1st\u00ed. P\u0159\u00edpravek je ide\u00e1ln\u00ed pro pravidelnou \u00fadr\u017ebu a udr\u017een\u00ed motoru v perfektn\u00edm stavu. Objem: 500ml. Doporu\u010den\u00fd [&hellip;]<\/p>\n","protected":false},"featured_media":5077,"comment_status":"open","ping_status":"closed","template":"","meta":[],"product_brand":[],"product_cat":[1329],"product_tag":[1406,1405,1407],"class_list":{"0":"post-5072","1":"product","2":"type-product","3":"status-publish","4":"has-post-thumbnail","6":"product_cat-autokosmetika","7":"product_tag-auto-motor","8":"product_tag-cistic-motoru","9":"product_tag-odmasteni-motoru","11":"first","12":"instock","13":"sale","14":"taxable","15":"shipping-taxable","16":"purchasable","17":"product-type-simple"},"jetpack_sharing_enabled":true,"_links":{"self":[{"href":"https:\/\/etev7e.pef.czu.cz\/zs2223\/wp-json\/wp\/v2\/product\/5072","targetHints":{"allow":["GET"]}}],"collection":[{"href":"https:\/\/etev7e.pef.czu.cz\/zs2223\/wp-json\/wp\/v2\/product"}],"about":[{"href":"https:\/\/etev7e.pef.czu.cz\/zs2223\/wp-json\/wp\/v2\/types\/product"}],"replies":[{"embeddable":true,"href":"https:\/\/etev7e.pef.czu.cz\/zs2223\/wp-json\/wp\/v2\/comments?post=5072"}],"wp:featuredmedia":[{"embeddable":true,"href":"https:\/\/etev7e.pef.czu.cz\/zs2223\/wp-json\/wp\/v2\/media\/5077"}],"wp:attachment":[{"href":"https:\/\/etev7e.pef.czu.cz\/zs2223\/wp-json\/wp\/v2\/media?parent=5072"}],"wp:term":[{"taxonomy":"product_brand","embeddable":true,"href":"https:\/\/etev7e.pef.czu.cz\/zs2223\/wp-json\/wp\/v2\/product_brand?post=5072"},{"taxonomy":"product_cat","embeddable":true,"href":"https:\/\/etev7e.pef.czu.cz\/zs2223\/wp-json\/wp\/v2\/product_cat?post=5072"},{"taxonomy":"product_tag","embeddable":true,"href":"https:\/\/etev7e.pef.czu.cz\/zs2223\/wp-json\/wp\/v2\/product_tag?post=5072"}],"curies":[{"name":"wp","href":"https:\/\/api.w.org\/{rel}","templated":true}]}}