{"id":5100,"date":"2024-11-04T20:10:59","date_gmt":"2024-11-04T19:10:59","guid":{"rendered":"https:\/\/etev7e.pef.czu.cz\/zs2223\/?post_type=product&#038;p=5100"},"modified":"2024-11-04T20:10:59","modified_gmt":"2024-11-04T19:10:59","slug":"nescafe-dolce-gusto-lungo-kavove-kapsle-30-ks","status":"publish","type":"product","link":"https:\/\/etev7e.pef.czu.cz\/zs2223\/produkt\/nescafe-dolce-gusto-lungo-kavove-kapsle-30-ks\/","title":{"rendered":"NESCAF\u00c9 Dolce Gusto\u00ae Lungo k\u00e1vov\u00e9 kapsle 30 ks"},"content":{"rendered":"<p>Pra\u017een\u00e1 k\u00e1va\u00a0s kulatou chut\u00ed a barvou \u010dern\u00e9ho ryb\u00edzu. Delik\u00e1tn\u00ed t\u011blo a\u00a0jemnou hedv\u00e1bnou p\u011bnu. D\u00edky vylep\u0161en\u00e9 technologii kapsle je p\u011bna\u00a0je\u0161t\u011b hust\u0161\u00ed a bohat\u0161\u00ed. Jedn\u00e1 se o jedine\u010dnou sm\u011bs prvot\u0159\u00eddn\u00edch st\u0159edn\u011b tmav\u011b pra\u017een\u00fdch jihoamerick\u00fdch a v\u00fdchodoafrick\u00fdch zrn. Intenzita 6\/10, doporu\u010den\u00e9 d\u00e1vkov\u00e1n\u00ed: 120 ml<\/p>\n<p><b>Hmotnost\/rozm\u011bry:\u00a0<\/b>30 ks<\/p>\n<p><b>Komplementy\u00a0<\/b>kapslov\u00fd k\u00e1vovar, cukr, z\u00e1sobn\u00edk na kapsle<\/p>\n<p><b>Substituty\u00a0<\/b>NESCAF\u00c9\u00ae Dolce Gusto\u00ae Espresso &#8211; k\u00e1vov\u00e9 kapsle &#8211; 16 ks, NESCAF\u00c9 DOLCE GUSTO ESPRESSO INTENSO DECAFEINATO K\u00c1VOV\u00c9 KAPSLE 16ks<b><\/b><\/p>\n<p><b>Varianty:\u00a0<\/b>16 ks, 48 ks, 96 ks<\/p>\n<p><b>Typ k\u00e1vovaru:\u00a0<\/b>Nescaf\u00e9 Dolce Gusto\u00ae<\/p>\n","protected":false},"excerpt":{"rendered":"<p>Pra\u017een\u00e1 k\u00e1va s kulatou chut\u00ed a barvou \u010dern\u00e9ho ryb\u00edzu. Delik\u00e1tn\u00ed t\u011blo a jemnou hedv\u00e1bnou p\u011bnu.\u00a0 Intenzita 6\/10, doporu\u010den\u00e9 d\u00e1vkov\u00e1n\u00ed: 120 ml<\/p>\n","protected":false},"featured_media":5101,"comment_status":"open","ping_status":"closed","template":"","meta":[],"product_brand":[],"product_cat":[1414],"product_tag":[1416,1418,1417],"class_list":{"0":"post-5100","1":"product","2":"type-product","3":"status-publish","4":"has-post-thumbnail","6":"product_cat-kavove-kapsle","7":"product_tag-kavove-kapsle","8":"product_tag-lungo","9":"product_tag-nescafe","11":"first","12":"instock","13":"sale","14":"taxable","15":"shipping-taxable","16":"purchasable","17":"product-type-simple"},"jetpack_sharing_enabled":true,"_links":{"self":[{"href":"https:\/\/etev7e.pef.czu.cz\/zs2223\/wp-json\/wp\/v2\/product\/5100","targetHints":{"allow":["GET"]}}],"collection":[{"href":"https:\/\/etev7e.pef.czu.cz\/zs2223\/wp-json\/wp\/v2\/product"}],"about":[{"href":"https:\/\/etev7e.pef.czu.cz\/zs2223\/wp-json\/wp\/v2\/types\/product"}],"replies":[{"embeddable":true,"href":"https:\/\/etev7e.pef.czu.cz\/zs2223\/wp-json\/wp\/v2\/comments?post=5100"}],"wp:featuredmedia":[{"embeddable":true,"href":"https:\/\/etev7e.pef.czu.cz\/zs2223\/wp-json\/wp\/v2\/media\/5101"}],"wp:attachment":[{"href":"https:\/\/etev7e.pef.czu.cz\/zs2223\/wp-json\/wp\/v2\/media?parent=5100"}],"wp:term":[{"taxonomy":"product_brand","embeddable":true,"href":"https:\/\/etev7e.pef.czu.cz\/zs2223\/wp-json\/wp\/v2\/product_brand?post=5100"},{"taxonomy":"product_cat","embeddable":true,"href":"https:\/\/etev7e.pef.czu.cz\/zs2223\/wp-json\/wp\/v2\/product_cat?post=5100"},{"taxonomy":"product_tag","embeddable":true,"href":"https:\/\/etev7e.pef.czu.cz\/zs2223\/wp-json\/wp\/v2\/product_tag?post=5100"}],"curies":[{"name":"wp","href":"https:\/\/api.w.org\/{rel}","templated":true}]}}