{"id":5155,"date":"2024-11-05T13:28:26","date_gmt":"2024-11-05T12:28:26","guid":{"rendered":"https:\/\/etev7e.pef.czu.cz\/zs2223\/?post_type=product&#038;p=5155"},"modified":"2024-11-05T13:28:26","modified_gmt":"2024-11-05T12:28:26","slug":"celovka","status":"publish","type":"product","link":"https:\/\/etev7e.pef.czu.cz\/zs2223\/produkt\/celovka\/","title":{"rendered":"\u010celovka"},"content":{"rendered":"<p>Multifunk\u010dn\u00ed a pohodln\u00e1 \u010delovka ONNIGHT 100 se velmi snadno pou\u017e\u00edv\u00e1. \u010celovka na baterky ur\u010den\u00e1 na treking po m\u00e9n\u011b \u010dlenit\u00fdch cest\u00e1ch nebo p\u0159ekon\u00e1v\u00e1n\u00ed p\u0159ek\u00e1\u017eek p\u0159i bivakov\u00e1n\u00ed. M\u011bkk\u00e9 pouzdro ji chr\u00e1n\u00ed p\u0159ed n\u00e1razy a vodou.<\/p>\n","protected":false},"excerpt":{"rendered":"<p>Multifunk\u010dn\u00ed a pohodln\u00e1 \u010delovka ONNIGHT 100 se velmi snadno pou\u017e\u00edv\u00e1. \u010celovka na baterky ur\u010den\u00e1 na treking po m\u00e9n\u011b \u010dlenit\u00fdch cest\u00e1ch nebo p\u0159ekon\u00e1v\u00e1n\u00ed p\u0159ek\u00e1\u017eek p\u0159i bivakov\u00e1n\u00ed. M\u011bkk\u00e9 pouzdro ji chr\u00e1n\u00ed p\u0159ed n\u00e1razy a vodou.<\/p>\n","protected":false},"featured_media":5161,"comment_status":"open","ping_status":"closed","template":"","meta":[],"product_brand":[],"product_cat":[1442],"product_tag":[935,350],"class_list":{"0":"post-5155","1":"product","2":"type-product","3":"status-publish","4":"has-post-thumbnail","6":"product_cat-outdoorove-vybaveni","7":"product_tag-outdoor","8":"product_tag-sport","10":"first","11":"instock","12":"taxable","13":"shipping-taxable","14":"purchasable","15":"product-type-simple"},"jetpack_sharing_enabled":true,"_links":{"self":[{"href":"https:\/\/etev7e.pef.czu.cz\/zs2223\/wp-json\/wp\/v2\/product\/5155","targetHints":{"allow":["GET"]}}],"collection":[{"href":"https:\/\/etev7e.pef.czu.cz\/zs2223\/wp-json\/wp\/v2\/product"}],"about":[{"href":"https:\/\/etev7e.pef.czu.cz\/zs2223\/wp-json\/wp\/v2\/types\/product"}],"replies":[{"embeddable":true,"href":"https:\/\/etev7e.pef.czu.cz\/zs2223\/wp-json\/wp\/v2\/comments?post=5155"}],"wp:featuredmedia":[{"embeddable":true,"href":"https:\/\/etev7e.pef.czu.cz\/zs2223\/wp-json\/wp\/v2\/media\/5161"}],"wp:attachment":[{"href":"https:\/\/etev7e.pef.czu.cz\/zs2223\/wp-json\/wp\/v2\/media?parent=5155"}],"wp:term":[{"taxonomy":"product_brand","embeddable":true,"href":"https:\/\/etev7e.pef.czu.cz\/zs2223\/wp-json\/wp\/v2\/product_brand?post=5155"},{"taxonomy":"product_cat","embeddable":true,"href":"https:\/\/etev7e.pef.czu.cz\/zs2223\/wp-json\/wp\/v2\/product_cat?post=5155"},{"taxonomy":"product_tag","embeddable":true,"href":"https:\/\/etev7e.pef.czu.cz\/zs2223\/wp-json\/wp\/v2\/product_tag?post=5155"}],"curies":[{"name":"wp","href":"https:\/\/api.w.org\/{rel}","templated":true}]}}