{"id":5162,"date":"2024-11-05T13:30:08","date_gmt":"2024-11-05T12:30:08","guid":{"rendered":"https:\/\/etev7e.pef.czu.cz\/zs2223\/?post_type=product&#038;p=5162"},"modified":"2024-11-05T14:22:35","modified_gmt":"2024-11-05T13:22:35","slug":"dolce-gabbana-the-one-for-men","status":"publish","type":"product","link":"https:\/\/etev7e.pef.czu.cz\/zs2223\/produkt\/dolce-gabbana-the-one-for-men\/","title":{"rendered":"Dolce Gabbana &#8211; The One For Men"},"content":{"rendered":"<p>Nezpochybniteln\u00e9 charisma a sofistikovanost. To jsou charakteristiky, kter\u00e9 zt\u011bles\u0148uje a v okam\u017eiku na v\u00e1s p\u0159enese parf\u00e9movan\u00e1 voda Dolce &amp; Gabbana The One for Men. Objevte dal\u0161\u00ed okouzluj\u00edc\u00ed v\u016fni linie The One, kter\u00e1 v\u00e1m i v\u0161em okolo v\u00e1s, dop\u0159eje je\u0161t\u011b hlub\u0161\u00ed smyslov\u00fd z\u00e1\u017eitek, ne\u017e kdy d\u0159\u00edv.<\/p>\n<p>hlava: bazalka, koriandr, grep<\/p>\n<p>srdce: kardamom, z\u00e1zvor, pomeran\u010dov\u00fd kv\u011bt<\/p>\n<p>z\u00e1klad: cedr, tab\u00e1k, ambra<\/p>\n<p id=\"yui_3_17_2_1_1730807239764_44\">druh v\u016fn\u011b: orient\u00e1ln\u00ed, ovocn\u00e1, ko\u0159enit\u00e1<\/p>\n","protected":false},"excerpt":{"rendered":"<p>Objevte dal\u0161\u00ed okouzluj\u00edc\u00ed v\u016fni linie The One, kter\u00e1 v\u00e1m i v\u0161em okolo v\u00e1s, dop\u0159eje je\u0161t\u011b hlub\u0161\u00ed smyslov\u00fd z\u00e1\u017eitek, ne\u017e kdy d\u0159\u00edv.<\/p>\n","protected":false},"featured_media":5163,"comment_status":"open","ping_status":"closed","template":"","meta":[],"product_brand":[],"product_cat":[1368],"product_tag":[997,943,1099,330],"class_list":{"0":"post-5162","1":"product","2":"type-product","3":"status-publish","4":"has-post-thumbnail","6":"product_cat-luxusni-parfemy","7":"product_tag-drogerie","8":"product_tag-kosmetika","9":"product_tag-panske-parfemy","10":"product_tag-parfemy","12":"first","13":"instock","14":"sale","15":"taxable","16":"shipping-taxable","17":"purchasable","18":"product-type-simple"},"jetpack_sharing_enabled":true,"_links":{"self":[{"href":"https:\/\/etev7e.pef.czu.cz\/zs2223\/wp-json\/wp\/v2\/product\/5162","targetHints":{"allow":["GET"]}}],"collection":[{"href":"https:\/\/etev7e.pef.czu.cz\/zs2223\/wp-json\/wp\/v2\/product"}],"about":[{"href":"https:\/\/etev7e.pef.czu.cz\/zs2223\/wp-json\/wp\/v2\/types\/product"}],"replies":[{"embeddable":true,"href":"https:\/\/etev7e.pef.czu.cz\/zs2223\/wp-json\/wp\/v2\/comments?post=5162"}],"wp:featuredmedia":[{"embeddable":true,"href":"https:\/\/etev7e.pef.czu.cz\/zs2223\/wp-json\/wp\/v2\/media\/5163"}],"wp:attachment":[{"href":"https:\/\/etev7e.pef.czu.cz\/zs2223\/wp-json\/wp\/v2\/media?parent=5162"}],"wp:term":[{"taxonomy":"product_brand","embeddable":true,"href":"https:\/\/etev7e.pef.czu.cz\/zs2223\/wp-json\/wp\/v2\/product_brand?post=5162"},{"taxonomy":"product_cat","embeddable":true,"href":"https:\/\/etev7e.pef.czu.cz\/zs2223\/wp-json\/wp\/v2\/product_cat?post=5162"},{"taxonomy":"product_tag","embeddable":true,"href":"https:\/\/etev7e.pef.czu.cz\/zs2223\/wp-json\/wp\/v2\/product_tag?post=5162"}],"curies":[{"name":"wp","href":"https:\/\/api.w.org\/{rel}","templated":true}]}}